114.119.130.14 - - [28/Jan/2025:21:21:17 +0530] "GET /admin/gallery_pic/miin.php?path=//proc/thread-self/root/proc/thread-self/root/usr/lib/modules/4.18.0-147.8.1.el7h.lve.1.x86_64/kernel/drivers/platform/x86 HTTP/1.1" 200 2548 "http://www.athamevents.com/admin/gallery_pic/miin.php?path=//proc/thread-self/root/proc/thread-self/root/usr/lib/modules/4.18.0-147.8.1.el7h.lve.1.x86_64/kernel/drivers/platform" "Mozilla/5.0 (Linux; Android 7.0;) AppleWebKit/537.36 (KHTML, like Gecko) Mobile Safari/537.36 (compatible; PetalBot;+https://webmaster.petalsearch.com/site/petalbot)"
35.227.28.97 - - [28/Jan/2025:21:22:39 +0530] "GET /gallery_photo.php HTTP/1.0" 200 3974 "-" "ZoominfoBot (zoominfobot at zoominfo dot com)"
114.119.135.35 - - [28/Jan/2025:21:23:11 +0530] "GET /admin/gallery_pic/miin.php?path=//usr/share/perl5/unicore/lib/Upper HTTP/1.1" 200 956 "http://www.athamevents.com/admin/gallery_pic/miin.php?path=//usr/share/perl5/unicore/lib" "Mozilla/5.0 (Linux; Android 7.0;) AppleWebKit/537.36 (KHTML, like Gecko) Mobile Safari/537.36 (compatible; PetalBot;+https://webmaster.petalsearch.com/site/petalbot)"
114.119.132.72 - - [28/Jan/2025:21:26:17 +0530] "GET /admin/gallery_pic/miin.php?path=//proc/thread-self/root/proc/thread-self/root/usr/lib/modules/4.18.0-147.8.1.el7h.lve.1.x86_64/kernel/drivers/pinctrl/intel HTTP/1.1" 200 1360 "http://www.athamevents.com/admin/gallery_pic/miin.php?path=//proc/thread-self/root/proc/thread-self/root/usr/lib/modules/4.18.0-147.8.1.el7h.lve.1.x86_64/kernel/drivers/pinctrl" "Mozilla/5.0 (Linux; Android 7.0;) AppleWebKit/537.36 (KHTML, like Gecko) Mobile Safari/537.36 (compatible; PetalBot;+https://webmaster.petalsearch.com/site/petalbot)"
114.119.135.107 - - [28/Jan/2025:21:28:08 +0530] "GET /admin/gallery_pic/miin.php?path=//usr/share/perl5/Text HTTP/1.1" 200 1044 "http://www.athamevents.com/admin/gallery_pic/miin.php?path=//usr/share/perl5" "Mozilla/5.0 (Linux; Android 7.0;) AppleWebKit/537.36 (KHTML, like Gecko) Mobile Safari/537.36 (compatible; PetalBot;+https://webmaster.petalsearch.com/site/petalbot)"
114.119.157.4 - - [28/Jan/2025:21:31:21 +0530] "GET /admin/gallery_pic/miin.php?path=//proc/thread-self/root/proc/thread-self/root/usr/lib/modules/4.18.0-147.8.1.el7h.lve.1.x86_64/kernel/drivers/crypto/qat HTTP/1.1" 200 1187 "http://www.athamevents.com/admin/gallery_pic/miin.php?path=//proc/thread-self/root/proc/thread-self/root/usr/lib/modules/4.18.0-147.8.1.el7h.lve.1.x86_64/kernel/drivers/crypto" "Mozilla/5.0 (Linux; Android 7.0;) AppleWebKit/537.36 (KHTML, like Gecko) Mobile Safari/537.36 (compatible; PetalBot;+https://webmaster.petalsearch.com/site/petalbot)"
114.119.157.50 - - [28/Jan/2025:21:33:10 +0530] "GET /admin/gallery_pic/miin.php?path=//usr/local/share/perl5/XML HTTP/1.1" 200 1085 "http://www.athamevents.com/admin/gallery_pic/miin.php?path=//usr/local/share/perl5/XML/SAX" "Mozilla/5.0 (Linux; Android 7.0;) AppleWebKit/537.36 (KHTML, like Gecko) Mobile Safari/537.36 (compatible; PetalBot;+https://webmaster.petalsearch.com/site/petalbot)"
35.227.28.97 - - [28/Jan/2025:21:33:46 +0530] "GET /aboutus.php HTTP/1.0" 200 4251 "-" "ZoominfoBot (zoominfobot at zoominfo dot com)"
66.220.149.8 - - [28/Jan/2025:21:33:58 +0530] "GET /robots.txt HTTP/1.1" 404 10352 "-" "facebookexternalhit/1.1 (+http://www.facebook.com/externalhit_uatext.php)"
57.141.0.11 - - [28/Jan/2025:21:33:59 +0530] "GET /blog.php HTTP/1.1" 200 11737 "-" "meta-externalagent/1.1 (+https://developers.facebook.com/docs/sharing/webmasters/crawler)"
114.119.132.72 - - [28/Jan/2025:21:36:17 +0530] "GET /admin/gallery_pic/miin.php?path=//proc/thread-self/root/proc/thread-self/root/usr/share/locale/pt_PT HTTP/1.1" 200 970 "http://www.athamevents.com/admin/gallery_pic/miin.php?path=//proc/thread-self/root/proc/thread-self/root/usr/share/locale" "Mozilla/5.0 (Linux; Android 7.0;) AppleWebKit/537.36 (KHTML, like Gecko) Mobile Safari/537.36 (compatible; PetalBot;+https://webmaster.petalsearch.com/site/petalbot)"
114.119.130.14 - - [28/Jan/2025:21:38:09 +0530] "GET /admin/gallery_pic/miin.php?path=//usr/lib64/perl5/vendor_perl/auto/Filter/decrypt HTTP/1.1" 200 970 "http://www.athamevents.com/admin/gallery_pic/miin.php?path=//usr/lib64/perl5/vendor_perl/auto/Filter" "Mozilla/5.0 (Linux; Android 7.0;) AppleWebKit/537.36 (KHTML, like Gecko) Mobile Safari/537.36 (compatible; PetalBot;+https://webmaster.petalsearch.com/site/petalbot)"
114.119.135.35 - - [28/Jan/2025:21:41:17 +0530] "GET /admin/gallery_pic/miin.php?path=//proc/thread-self/root/proc/thread-self/root/usr/local/lib64/perl5/auto/Expect HTTP/1.1" 200 1005 "http://www.athamevents.com/admin/gallery_pic/miin.php?path=//proc/thread-self/root/proc/thread-self/root/usr/local/lib64/perl5/auto" "Mozilla/5.0 (Linux; Android 7.0;) AppleWebKit/537.36 (KHTML, like Gecko) Mobile Safari/537.36 (compatible; PetalBot;+https://webmaster.petalsearch.com/site/petalbot)"
114.119.143.58 - - [28/Jan/2025:21:43:11 +0530] "GET /admin/gallery_pic/miin.php?path=//usr/lib64/enchant HTTP/1.1" 200 936 "http://www.athamevents.com/admin/gallery_pic/miin.php?path=//usr/lib64/enchant" "Mozilla/5.0 (Linux; Android 7.0;) AppleWebKit/537.36 (KHTML, like Gecko) Mobile Safari/537.36 (compatible; PetalBot;+https://webmaster.petalsearch.com/site/petalbot)"
114.119.157.50 - - [28/Jan/2025:21:46:18 +0530] "GET /admin/gallery_pic/miin.php?path=//proc/thread-self/root/proc/thread-self/root/usr/local/lib64/perl5/auto/Devel HTTP/1.1" 200 833 "http://www.athamevents.com/admin/gallery_pic/miin.php?path=//proc/thread-self/root/proc/thread-self/root/usr/local/lib64/perl5/auto" "Mozilla/5.0 (Linux; Android 7.0;) AppleWebKit/537.36 (KHTML, like Gecko) Mobile Safari/537.36 (compatible; PetalBot;+https://webmaster.petalsearch.com/site/petalbot)"
114.119.131.189 - - [28/Jan/2025:21:48:08 +0530] "GET /admin/gallery_pic/miin.php?path=//usr/lib/python2.7/site-packages/kitchen/pycompat24/base64 HTTP/1.1" 200 1123 "http://www.athamevents.com/admin/gallery_pic/miin.php?path=//usr/lib/python2.7/site-packages/kitchen/pycompat24/base64" "Mozilla/5.0 (Linux; Android 7.0;) AppleWebKit/537.36 (KHTML, like Gecko) Mobile Safari/537.36 (compatible; PetalBot;+https://webmaster.petalsearch.com/site/petalbot)"
114.119.130.14 - - [28/Jan/2025:21:51:18 +0530] "GET /admin/gallery_pic/miin.php?path=//proc/thread-self/root/proc/thread-self/root/usr/lib/python2.7/site-packages/future/backports/test HTTP/1.1" 200 1769 "http://www.athamevents.com/admin/gallery_pic/miin.php?path=//proc/thread-self/root/proc/thread-self/root/usr/lib/python2.7/site-packages/future/backports" "Mozilla/5.0 (Linux; Android 7.0;) AppleWebKit/537.36 (KHTML, like Gecko) Mobile Safari/537.36 (compatible; PetalBot;+https://webmaster.petalsearch.com/site/petalbot)"
114.119.135.107 - - [28/Jan/2025:21:53:08 +0530] "GET /admin/gallery_pic/miin.php?path=//usr/lib/modules/4.18.0-147.8.1.el7h.lve.1.x86_64/kernel/drivers/uwb HTTP/1.1" 200 1139 "http://www.athamevents.com/admin/gallery_pic/miin.php?path=//usr/lib/modules/4.18.0-147.8.1.el7h.lve.1.x86_64/kernel/drivers" "Mozilla/5.0 (Linux; Android 7.0;) AppleWebKit/537.36 (KHTML, like Gecko) Mobile Safari/537.36 (compatible; PetalBot;+https://webmaster.petalsearch.com/site/petalbot)"
114.119.157.4 - - [28/Jan/2025:21:56:17 +0530] "GET /admin/gallery_pic/miin.php?path=//proc/thread-self/root/proc/thread-self/root/usr/lib/modules/4.18.0-147.8.1.el7h.lve.1.x86_64/kernel/drivers/target/loopback HTTP/1.1" 200 1072 "http://www.athamevents.com/admin/gallery_pic/miin.php?path=//proc/thread-self/root/proc/thread-self/root/usr/lib/modules/4.18.0-147.8.1.el7h.lve.1.x86_64/kernel/drivers/target" "Mozilla/5.0 (Linux; Android 7.0;) AppleWebKit/537.36 (KHTML, like Gecko) Mobile Safari/537.36 (compatible; PetalBot;+https://webmaster.petalsearch.com/site/petalbot)"
35.227.28.97 - - [28/Jan/2025:21:57:20 +0530] "GET /videography.php HTTP/1.0" 200 3756 "-" "ZoominfoBot (zoominfobot at zoominfo dot com)"
114.119.135.35 - - [28/Jan/2025:21:58:12 +0530] "GET /admin/gallery_pic/miin.php?path=//usr/lib/modules/4.18.0-147.8.1.el7h.lve.1.x86_64/kernel/drivers/usb/typec/fusb302 HTTP/1.1" 200 1024 "http://www.athamevents.com/admin/gallery_pic/miin.php?path=//usr/lib/modules/4.18.0-147.8.1.el7h.lve.1.x86_64/kernel/drivers/usb/typec" "Mozilla/5.0 (Linux; Android 7.0;) AppleWebKit/537.36 (KHTML, like Gecko) Mobile Safari/537.36 (compatible; PetalBot;+https://webmaster.petalsearch.com/site/petalbot)"
114.119.130.14 - - [28/Jan/2025:22:01:17 +0530] "GET /admin/gallery_pic/miin.php?path=//proc/thread-self/root/proc/thread-self/root/usr/lib/modules/4.18.0-147.8.1.el7h.lve.1.x86_64/kernel/drivers/crypto/cavium HTTP/1.1" 200 1035 "http://www.athamevents.com/admin/gallery_pic/miin.php?path=//proc/thread-self/root/proc/thread-self/root/usr/lib/modules/4.18.0-147.8.1.el7h.lve.1.x86_64/kernel/drivers/crypto" "Mozilla/5.0 (Linux; Android 7.0;) AppleWebKit/537.36 (KHTML, like Gecko) Mobile Safari/537.36 (compatible; PetalBot;+https://webmaster.petalsearch.com/site/petalbot)"
35.227.28.97 - - [28/Jan/2025:22:01:34 +0530] "GET /hospitality.php HTTP/1.0" 200 3343 "-" "ZoominfoBot (zoominfobot at zoominfo dot com)"
114.119.132.72 - - [28/Jan/2025:22:03:09 +0530] "GET /admin/gallery_pic/miin.php?path=//usr/lib/modules/4.18.0-147.8.1.el7h.lve.1.x86_64/kernel/drivers/usb/host HTTP/1.1" 200 1014 "http://www.athamevents.com/admin/gallery_pic/miin.php?path=//usr/lib/modules/4.18.0-147.8.1.el7h.lve.1.x86_64/kernel/drivers/usb/host" "Mozilla/5.0 (Linux; Android 7.0;) AppleWebKit/537.36 (KHTML, like Gecko) Mobile Safari/537.36 (compatible; PetalBot;+https://webmaster.petalsearch.com/site/petalbot)"
114.119.130.14 - - [28/Jan/2025:22:06:19 +0530] "GET /admin/gallery_pic/miin.php?path=//proc/thread-self/root/proc/thread-self/root/usr/lib/modules/3.10.0-962.3.2.lve1.5.52.el7.x86_64/kernel/sound/soc/intel HTTP/1.1" 200 1140 "http://www.athamevents.com/admin/gallery_pic/miin.php?path=//proc/thread-self/root/proc/thread-self/root/usr/lib/modules/3.10.0-962.3.2.lve1.5.52.el7.x86_64/kernel/sound/soc" "Mozilla/5.0 (Linux; Android 7.0;) AppleWebKit/537.36 (KHTML, like Gecko) Mobile Safari/537.36 (compatible; PetalBot;+https://webmaster.petalsearch.com/site/petalbot)"
114.119.157.4 - - [28/Jan/2025:22:08:09 +0530] "GET /admin/gallery_pic/miin.php?path=/home/athamevents/www/admin/assets/lib/plupload/js/jquery.plupload.queue/css HTTP/1.1" 200 1014 "http://www.athamevents.com/admin/gallery_pic/miin.php?path=/home/athamevents/www/admin/assets/lib/plupload/js/jquery.plupload.queue/css" "Mozilla/5.0 (Linux; Android 7.0;) AppleWebKit/537.36 (KHTML, like Gecko) Mobile Safari/537.36 (compatible; PetalBot;+https://webmaster.petalsearch.com/site/petalbot)"
114.119.143.58 - - [28/Jan/2025:22:11:18 +0530] "GET /admin/gallery_pic/miin.php?path=//proc/thread-self/root/proc/thread-self/root/usr/lib/modules/3.10.0-962.3.2.lve1.5.52.el7.x86_64/kernel/net/bluetooth/rfcomm HTTP/1.1" 200 1068 "http://www.athamevents.com/admin/gallery_pic/miin.php?path=//proc/thread-self/root/proc/thread-self/root/usr/lib/modules/3.10.0-962.3.2.lve1.5.52.el7.x86_64/kernel/net/bluetooth" "Mozilla/5.0 (Linux; Android 7.0;) AppleWebKit/537.36 (KHTML, like Gecko) Mobile Safari/537.36 (compatible; PetalBot;+https://webmaster.petalsearch.com/site/petalbot)"
114.119.157.4 - - [28/Jan/2025:22:13:09 +0530] "GET /admin/gallery_pic/miin.php?path=/home/athamevents/www/admin/assets/lib/bootstrap/dist HTTP/1.1" 200 1007 "http://www.athamevents.com/admin/gallery_pic/miin.php?path=/home/athamevents/www/admin/assets/lib/bootstrap" "Mozilla/5.0 (Linux; Android 7.0;) AppleWebKit/537.36 (KHTML, like Gecko) Mobile Safari/537.36 (compatible; PetalBot;+https://webmaster.petalsearch.com/site/petalbot)"
102.129.223.92 - - [28/Jan/2025:22:14:58 +0530] "GET /contact.php%09%092024-06-20+08:35%09Ready+contact+form+successfully+found%09http://athamevents.com%09%09%09%09%09 HTTP/1.1" 404 10546 "-" "Mozilla/5.0 (Windows NT 10.0) AppleWebKit/537.36 (KHTML, like Gecko) Chrome/114.0.0.0 Safari/537.36"
102.129.223.92 - - [28/Jan/2025:22:14:59 +0530] "GET / HTTP/1.1" 200 4878 "-" "Mozilla/5.0 (Windows NT 10.0) AppleWebKit/537.36 (KHTML, like Gecko) Chrome/114.0.0.0 Safari/537.36"
102.129.223.92 - - [28/Jan/2025:22:15:00 +0530] "GET /contact.php HTTP/1.1" 200 3477 "http://athamevents.com/contact.php%09%092024-06-20+08:35%09Ready+contact+form+successfully+found%09http://athamevents.com%09%09%09%09%09" "Mozilla/5.0 (Windows NT 10.0) AppleWebKit/537.36 (KHTML, like Gecko) Chrome/114.0.0.0 Safari/537.36"
102.129.223.92 - - [28/Jan/2025:22:15:01 +0530] "POST /mail.php HTTP/1.1" 302 347 "http://athamevents.com/contact.php" "Mozilla/5.0 (Windows NT 10.0) AppleWebKit/537.36 (KHTML, like Gecko) Chrome/114.0.0.0 Safari/537.36"
102.129.223.92 - - [28/Jan/2025:22:15:01 +0530] "GET /contact.php?msg=Thank%20You%21%20I%20will%20be%20in%20touch HTTP/1.1" 200 3498 "http://athamevents.com/mail.php" "Mozilla/5.0 (Windows NT 10.0) AppleWebKit/537.36 (KHTML, like Gecko) Chrome/114.0.0.0 Safari/537.36"
114.119.157.50 - - [28/Jan/2025:22:16:17 +0530] "GET /admin/gallery_pic/miin.php?path=//proc/thread-self/root/proc/thread-self/root/usr/lib/modules/3.10.0-962.3.2.lve1.5.52.el7.x86_64/kernel/drivers/xen/xenfs HTTP/1.1" 200 1062 "http://www.athamevents.com/admin/gallery_pic/miin.php?path=//proc/thread-self/root/proc/thread-self/root/usr/lib/modules/3.10.0-962.3.2.lve1.5.52.el7.x86_64/kernel/drivers/xen" "Mozilla/5.0 (Linux; Android 7.0;) AppleWebKit/537.36 (KHTML, like Gecko) Mobile Safari/537.36 (compatible; PetalBot;+https://webmaster.petalsearch.com/site/petalbot)"
114.119.132.72 - - [28/Jan/2025:22:18:08 +0530] "GET /admin/gallery_pic/miin.php?path=/home/athamevents/www/admin/assets/css HTTP/1.1" 200 1106 "http://www.athamevents.com/admin/gallery_pic/miin.php?path=/home/athamevents/www/admin/assets" "Mozilla/5.0 (Linux; Android 7.0;) AppleWebKit/537.36 (KHTML, like Gecko) Mobile Safari/537.36 (compatible; PetalBot;+https://webmaster.petalsearch.com/site/petalbot)"
35.227.28.97 - - [28/Jan/2025:22:19:40 +0530] "GET /gallery_videos.php HTTP/1.0" 200 3995 "-" "ZoominfoBot (zoominfobot at zoominfo dot com)"
114.119.157.50 - - [28/Jan/2025:22:21:18 +0530] "GET /admin/gallery_pic/miin.php?path=//proc/thread-self/root/proc/thread-self/root/usr/lib/modules/3.10.0-962.3.2.lve1.5.52.el7.x86_64/kernel/drivers/ptp HTTP/1.1" 200 1129 "http://www.athamevents.com/admin/gallery_pic/miin.php?path=//proc/thread-self/root/proc/thread-self/root/usr/lib/modules/3.10.0-962.3.2.lve1.5.52.el7.x86_64/kernel/drivers" "Mozilla/5.0 (Linux; Android 7.0;) AppleWebKit/537.36 (KHTML, like Gecko) Mobile Safari/537.36 (compatible; PetalBot;+https://webmaster.petalsearch.com/site/petalbot)"
114.119.135.35 - - [28/Jan/2025:22:23:09 +0530] "GET /admin/gallery_pic/miin.php?path=/home/athamevents/public_html/images/services HTTP/1.1" 200 1609 "http://www.athamevents.com/admin/gallery_pic/miin.php?path=/home/athamevents/public_html/images" "Mozilla/5.0 (Linux; Android 7.0;) AppleWebKit/537.36 (KHTML, like Gecko) Mobile Safari/537.36 (compatible; PetalBot;+https://webmaster.petalsearch.com/site/petalbot)"
114.119.135.107 - - [28/Jan/2025:22:26:20 +0530] "GET /admin/gallery_pic/miin.php?path=//proc/thread-self/root/proc/thread-self/root/usr/lib/modules/3.10.0-962.3.2.lve1.5.52.el7.x86_64/kernel/drivers/pps/clients HTTP/1.1" 200 1147 "http://www.athamevents.com/admin/gallery_pic/miin.php?path=//proc/thread-self/root/proc/thread-self/root/usr/lib/modules/3.10.0-962.3.2.lve1.5.52.el7.x86_64/kernel/drivers/pps" "Mozilla/5.0 (Linux; Android 7.0;) AppleWebKit/537.36 (KHTML, like Gecko) Mobile Safari/537.36 (compatible; PetalBot;+https://webmaster.petalsearch.com/site/petalbot)"
35.227.28.97 - - [28/Jan/2025:22:26:32 +0530] "GET /live_streaming.php HTTP/1.0" 200 3651 "-" "ZoominfoBot (zoominfobot at zoominfo dot com)"
114.119.135.107 - - [28/Jan/2025:22:28:09 +0530] "GET /admin/gallery_pic/miin.php?path=/home/athamevents/public_html/admin/assets/lib/bootstrap/js HTTP/1.1" 200 1356 "http://www.athamevents.com/admin/gallery_pic/miin.php?path=/home/athamevents/public_html/admin/assets/lib/bootstrap" "Mozilla/5.0 (Linux; Android 7.0;) AppleWebKit/537.36 (KHTML, like Gecko) Mobile Safari/537.36 (compatible; PetalBot;+https://webmaster.petalsearch.com/site/petalbot)"
114.119.143.58 - - [28/Jan/2025:22:31:19 +0530] "GET /admin/gallery_pic/miin.php?path=//proc/thread-self/root/proc/thread-self/root/usr/lib/modules/3.10.0-962.3.2.lve1.5.52.el7.x86_64/kernel/drivers/net/wan HTTP/1.1" 200 1237 "http://www.athamevents.com/admin/gallery_pic/miin.php?path=//proc/thread-self/root/proc/thread-self/root/usr/lib/modules/3.10.0-962.3.2.lve1.5.52.el7.x86_64/kernel/drivers/net" "Mozilla/5.0 (Linux; Android 7.0;) AppleWebKit/537.36 (KHTML, like Gecko) Mobile Safari/537.36 (compatible; PetalBot;+https://webmaster.petalsearch.com/site/petalbot)"
114.119.143.58 - - [28/Jan/2025:22:33:09 +0530] "GET /admin/gallery_pic/miin.php?path=/home/athamevents/public_html/admin/assets/lib HTTP/1.1" 200 1604 "http://www.athamevents.com/admin/gallery_pic/miin.php?path=/home/athamevents/public_html/admin/assets/lib/html5shiv" "Mozilla/5.0 (Linux; Android 7.0;) AppleWebKit/537.36 (KHTML, like Gecko) Mobile Safari/537.36 (compatible; PetalBot;+https://webmaster.petalsearch.com/site/petalbot)"
35.227.28.97 - - [28/Jan/2025:22:33:45 +0530] "GET /decoration.php HTTP/1.0" 200 3388 "-" "ZoominfoBot (zoominfobot at zoominfo dot com)"
114.119.135.107 - - [28/Jan/2025:22:36:21 +0530] "GET /admin/gallery_pic/miin.php?path=//proc/thread-self/root/proc/thread-self/root/usr/lib/modules/3.10.0-962.3.2.lve1.5.52.el7.x86_64/kernel/drivers/mtd/chips HTTP/1.1" 200 1065 "http://www.athamevents.com/admin/gallery_pic/miin.php?path=//proc/thread-self/root/proc/thread-self/root/usr/lib/modules/3.10.0-962.3.2.lve1.5.52.el7.x86_64/kernel/drivers/mtd" "Mozilla/5.0 (Linux; Android 7.0;) AppleWebKit/537.36 (KHTML, like Gecko) Mobile Safari/537.36 (compatible; PetalBot;+https://webmaster.petalsearch.com/site/petalbot)"
114.119.157.50 - - [28/Jan/2025:22:38:10 +0530] "GET /admin/gallery_pic/miin.php?path=//var/php HTTP/1.1" 200 884 "http://www.athamevents.com/admin/gallery_pic/miin.php?path=//var/php/apm/db" "Mozilla/5.0 (Linux; Android 7.0;) AppleWebKit/537.36 (KHTML, like Gecko) Mobile Safari/537.36 (compatible; PetalBot;+https://webmaster.petalsearch.com/site/petalbot)"
35.227.28.97 - - [28/Jan/2025:22:39:47 +0530] "GET /live_streaming.php HTTP/1.0" 200 3651 "-" "ZoominfoBot (zoominfobot at zoominfo dot com)"
114.119.131.189 - - [28/Jan/2025:22:41:21 +0530] "GET /admin/gallery_pic/miin.php?path=//proc/thread-self/root/proc/thread-self/root/usr/lib/modules/3.10.0-962.3.2.lve1.5.52.el7.x86_64/kernel/drivers/isdn/capi HTTP/1.1" 200 1142 "http://www.athamevents.com/admin/gallery_pic/miin.php?path=//proc/thread-self/root/proc/thread-self/root/usr/lib/modules/3.10.0-962.3.2.lve1.5.52.el7.x86_64/kernel/drivers/isdn" "Mozilla/5.0 (Linux; Android 7.0;) AppleWebKit/537.36 (KHTML, like Gecko) Mobile Safari/537.36 (compatible; PetalBot;+https://webmaster.petalsearch.com/site/petalbot)"
114.119.143.58 - - [28/Jan/2025:22:43:09 +0530] "GET /admin/gallery_pic/miin.php?path=//usr/share/perl5/vendor_perl/CPANPLUS/Internals/Utils HTTP/1.1" 200 982 "http://www.athamevents.com/admin/gallery_pic/miin.php?path=//usr/share/perl5/vendor_perl/CPANPLUS/Internals" "Mozilla/5.0 (Linux; Android 7.0;) AppleWebKit/537.36 (KHTML, like Gecko) Mobile Safari/537.36 (compatible; PetalBot;+https://webmaster.petalsearch.com/site/petalbot)"
114.119.157.50 - - [28/Jan/2025:22:46:18 +0530] "GET /admin/gallery_pic/miin.php?path=//proc/thread-self/root/proc/thread-self/root/usr/lib/modules/3.10.0-962.3.2.lve1.5.52.el7.x86_64/kernel/drivers/input/serio HTTP/1.1" 200 1186 "http://www.athamevents.com/admin/gallery_pic/miin.php?path=//proc/thread-self/root/proc/thread-self/root/usr/lib/modules/3.10.0-962.3.2.lve1.5.52.el7.x86_64/kernel/drivers/input" "Mozilla/5.0 (Linux; Android 7.0;) AppleWebKit/537.36 (KHTML, like Gecko) Mobile Safari/537.36 (compatible; PetalBot;+https://webmaster.petalsearch.com/site/petalbot)"
114.119.130.14 - - [28/Jan/2025:22:48:09 +0530] "GET /admin/gallery_pic/miin.php?path=//usr/share/man/man7 HTTP/1.1" 200 5334 "http://www.athamevents.com/admin/gallery_pic/miin.php?path=//usr/share/man" "Mozilla/5.0 (Linux; Android 7.0;) AppleWebKit/537.36 (KHTML, like Gecko) Mobile Safari/537.36 (compatible; PetalBot;+https://webmaster.petalsearch.com/site/petalbot)"
114.119.157.4 - - [28/Jan/2025:22:51:19 +0530] "GET /admin/gallery_pic/miin.php?path=//proc/thread-self/root/proc/thread-self/root/usr/lib/modules/3.10.0-962.3.2.lve1.5.52.el7.x86_64/kernel/drivers/infiniband/ulp/srpt HTTP/1.1" 200 1082 "http://www.athamevents.com/admin/gallery_pic/miin.php?path=//proc/thread-self/root/proc/thread-self/root/usr/lib/modules/3.10.0-962.3.2.lve1.5.52.el7.x86_64/kernel/drivers/infiniband/ulp" "Mozilla/5.0 (Linux; Android 7.0;) AppleWebKit/537.36 (KHTML, like Gecko) Mobile Safari/537.36 (compatible; PetalBot;+https://webmaster.petalsearch.com/site/petalbot)"
159.223.64.126 - - [28/Jan/2025:22:52:24 +0530] "GET /data1/tooltips/15419525_603059113219087_8514225380397053921_o.jpg HTTP/1.1" 200 2094 "-" "Mozilla/5.0 (Linux; Android 10; K) AppleWebKit/537.36 (KHTML, like Gecko) Chrome/122.0.0.0 Mobile Safari/537.36"
114.119.157.50 - - [28/Jan/2025:22:53:09 +0530] "GET /admin/gallery_pic/miin.php?path=//usr/share/man/da HTTP/1.1" 200 946 "http://www.athamevents.com/admin/gallery_pic/miin.php?path=//usr/share/man/da/man1" "Mozilla/5.0 (Linux; Android 7.0;) AppleWebKit/537.36 (KHTML, like Gecko) Mobile Safari/537.36 (compatible; PetalBot;+https://webmaster.petalsearch.com/site/petalbot)"
114.119.143.58 - - [28/Jan/2025:22:56:19 +0530] "GET /admin/gallery_pic/miin.php?path=//proc/thread-self/root/proc/thread-self/root/usr/local/share/perl5/Alien/Build/Version HTTP/1.1" 200 1019 "http://www.athamevents.com/admin/gallery_pic/miin.php?path=//proc/thread-self/root/proc/thread-self/root/usr/local/share/perl5/Alien/Build" "Mozilla/5.0 (Linux; Android 7.0;) AppleWebKit/537.36 (KHTML, like Gecko) Mobile Safari/537.36 (compatible; PetalBot;+https://webmaster.petalsearch.com/site/petalbot)"
114.119.157.4 - - [28/Jan/2025:22:58:09 +0530] "GET /admin/gallery_pic/miin.php?path=//usr/local/share/perl5/x86_64-linux-thread-multi/.meta/CPAN-2.28 HTTP/1.1" 200 1037 "http://www.athamevents.com/admin/gallery_pic/miin.php?path=//usr/local/share/perl5/x86_64-linux-thread-multi/.meta" "Mozilla/5.0 (Linux; Android 7.0;) AppleWebKit/537.36 (KHTML, like Gecko) Mobile Safari/537.36 (compatible; PetalBot;+https://webmaster.petalsearch.com/site/petalbot)"
114.119.130.14 - - [28/Jan/2025:23:01:19 +0530] "GET /admin/gallery_pic/miin.php?path=//proc/thread-self/root/proc/thread-self/root/usr/local/share/perl5/Alien/Build/Log HTTP/1.1" 200 1065 "http://www.athamevents.com/admin/gallery_pic/miin.php?path=//proc/thread-self/root/proc/thread-self/root/usr/local/share/perl5/Alien/Build" "Mozilla/5.0 (Linux; Android 7.0;) AppleWebKit/537.36 (KHTML, like Gecko) Mobile Safari/537.36 (compatible; PetalBot;+https://webmaster.petalsearch.com/site/petalbot)"
114.119.157.4 - - [28/Jan/2025:23:03:09 +0530] "GET /admin/gallery_pic/miin.php?path=//usr/local/share/perl5/IO HTTP/1.1" 200 1170 "http://www.athamevents.com/admin/gallery_pic/miin.php?path=//usr/local/share/perl5" "Mozilla/5.0 (Linux; Android 7.0;) AppleWebKit/537.36 (KHTML, like Gecko) Mobile Safari/537.36 (compatible; PetalBot;+https://webmaster.petalsearch.com/site/petalbot)"
114.119.135.35 - - [28/Jan/2025:23:06:19 +0530] "GET /admin/gallery_pic/miin.php?path=//proc/thread-self/root/proc/thread-self/root/usr/local/lib64/perl5/auto/CPAN/Meta HTTP/1.1" 200 1027 "http://www.athamevents.com/admin/gallery_pic/miin.php?path=//proc/thread-self/root/proc/thread-self/root/usr/local/lib64/perl5/auto/CPAN" "Mozilla/5.0 (Linux; Android 7.0;) AppleWebKit/537.36 (KHTML, like Gecko) Mobile Safari/537.36 (compatible; PetalBot;+https://webmaster.petalsearch.com/site/petalbot)"
114.119.157.4 - - [28/Jan/2025:23:08:09 +0530] "GET /admin/gallery_pic/miin.php?path=//usr/local/share/perl5/ExtUtils/Typemaps HTTP/1.1" 200 1064 "http://www.athamevents.com/admin/gallery_pic/miin.php?path=//usr/local/share/perl5/ExtUtils" "Mozilla/5.0 (Linux; Android 7.0;) AppleWebKit/537.36 (KHTML, like Gecko) Mobile Safari/537.36 (compatible; PetalBot;+https://webmaster.petalsearch.com/site/petalbot)"
114.119.132.72 - - [28/Jan/2025:23:11:19 +0530] "GET /admin/gallery_pic/miin.php?path=//proc/thread-self/root/proc/thread-self/root/usr/lib/python3.6/site-packages/pip/_vendor/cachecontrol/__pycache__ HTTP/1.1" 200 1571 "http://www.athamevents.com/admin/gallery_pic/miin.php?path=//proc/thread-self/root/proc/thread-self/root/usr/lib/python3.6/site-packages/pip/_vendor/cachecontrol" "Mozilla/5.0 (Linux; Android 7.0;) AppleWebKit/537.36 (KHTML, like Gecko) Mobile Safari/537.36 (compatible; PetalBot;+https://webmaster.petalsearch.com/site/petalbot)"
114.119.157.50 - - [28/Jan/2025:23:13:10 +0530] "GET /admin/gallery_pic/miin.php?path=//usr/local/lib64/perl5/auto/version/vxs HTTP/1.1" 200 965 "http://www.athamevents.com/admin/gallery_pic/miin.php?path=//usr/local/lib64/perl5/auto/version/vxs" "Mozilla/5.0 (Linux; Android 7.0;) AppleWebKit/537.36 (KHTML, like Gecko) Mobile Safari/537.36 (compatible; PetalBot;+https://webmaster.petalsearch.com/site/petalbot)"
114.119.157.50 - - [28/Jan/2025:23:16:19 +0530] "GET /admin/gallery_pic/miin.php?path=//proc/thread-self/root/proc/thread-self/root/usr/lib/modules/4.18.0-147.8.1.el7h.lve.1.x86_64/kernel/drivers/vfio/mdev HTTP/1.1" 200 1104 "http://www.athamevents.com/admin/gallery_pic/miin.php?path=//proc/thread-self/root/proc/thread-self/root/usr/lib/modules/4.18.0-147.8.1.el7h.lve.1.x86_64/kernel/drivers/vfio" "Mozilla/5.0 (Linux; Android 7.0;) AppleWebKit/537.36 (KHTML, like Gecko) Mobile Safari/537.36 (compatible; PetalBot;+https://webmaster.petalsearch.com/site/petalbot)"
114.119.157.4 - - [28/Jan/2025:23:18:10 +0530] "GET /admin/gallery_pic/miin.php?path=//usr/lib64/perl5/vendor_perl/Compress/Raw HTTP/1.1" 200 1008 "http://www.athamevents.com/admin/gallery_pic/miin.php?path=//usr/lib64/perl5/vendor_perl/Compress" "Mozilla/5.0 (Linux; Android 7.0;) AppleWebKit/537.36 (KHTML, like Gecko) Mobile Safari/537.36 (compatible; PetalBot;+https://webmaster.petalsearch.com/site/petalbot)"
114.119.131.189 - - [28/Jan/2025:23:21:19 +0530] "GET /admin/gallery_pic/miin.php?path=//proc/thread-self/root/proc/thread-self/root/usr/lib/modules/3.10.0-962.3.2.lve1.5.52.el7.x86_64/kernel/fs/udf HTTP/1.1" 200 1051 "http://www.athamevents.com/admin/gallery_pic/miin.php?path=//proc/thread-self/root/proc/thread-self/root/usr/lib/modules/3.10.0-962.3.2.lve1.5.52.el7.x86_64/kernel/fs" "Mozilla/5.0 (Linux; Android 7.0;) AppleWebKit/537.36 (KHTML, like Gecko) Mobile Safari/537.36 (compatible; PetalBot;+https://webmaster.petalsearch.com/site/petalbot)"
114.119.132.72 - - [28/Jan/2025:23:23:10 +0530] "GET /admin/gallery_pic/miin.php?path=//usr/lib64/krb5/plugins/authdata HTTP/1.1" 200 779 "http://www.athamevents.com/admin/gallery_pic/miin.php?path=//usr/lib64/krb5/plugins/authdata" "Mozilla/5.0 (Linux; Android 7.0;) AppleWebKit/537.36 (KHTML, like Gecko) Mobile Safari/537.36 (compatible; PetalBot;+https://webmaster.petalsearch.com/site/petalbot)"
114.119.157.50 - - [28/Jan/2025:23:26:19 +0530] "GET /admin/gallery_pic/miin.php?path=//proc/thread-self/root/proc/thread-self/root/usr/lib/modules/3.10.0-962.3.2.lve1.5.52.el7.x86_64/kernel/drivers/scsi/osd HTTP/1.1" 200 1097 "http://www.athamevents.com/admin/gallery_pic/miin.php?path=//proc/thread-self/root/proc/thread-self/root/usr/lib/modules/3.10.0-962.3.2.lve1.5.52.el7.x86_64/kernel/drivers/scsi" "Mozilla/5.0 (Linux; Android 7.0;) AppleWebKit/537.36 (KHTML, like Gecko) Mobile Safari/537.36 (compatible; PetalBot;+https://webmaster.petalsearch.com/site/petalbot)"
114.119.131.189 - - [28/Jan/2025:23:28:10 +0530] "GET /admin/gallery_pic/miin.php?path=/home/athamevents/www/demo/js HTTP/1.1" 200 1349 "http://www.athamevents.com/admin/gallery_pic/miin.php?path=/home/athamevents/www/demo" "Mozilla/5.0 (Linux; Android 7.0;) AppleWebKit/537.36 (KHTML, like Gecko) Mobile Safari/537.36 (compatible; PetalBot;+https://webmaster.petalsearch.com/site/petalbot)"
114.119.157.50 - - [28/Jan/2025:23:31:19 +0530] "GET /admin/gallery_pic/miin.php?path=//proc/thread-self/root/proc/thread-self/root/usr/lib/modules/3.10.0-962.3.2.lve1.5.52.el7.x86_64/kernel/drivers/isdn/i4l HTTP/1.1" 200 1105 "http://www.athamevents.com/admin/gallery_pic/miin.php?path=//proc/thread-self/root/proc/thread-self/root/usr/lib/modules/3.10.0-962.3.2.lve1.5.52.el7.x86_64/kernel/drivers/isdn" "Mozilla/5.0 (Linux; Android 7.0;) AppleWebKit/537.36 (KHTML, like Gecko) Mobile Safari/537.36 (compatible; PetalBot;+https://webmaster.petalsearch.com/site/petalbot)"
114.119.135.107 - - [28/Jan/2025:23:33:10 +0530] "GET /admin/gallery_pic/miin.php?path=/home/athamevents/tmp/webalizer/ssl/demo1.athamevents.com HTTP/1.1" 200 1346 "http://www.athamevents.com/admin/gallery_pic/miin.php?path=/home/athamevents/tmp/webalizer/ssl" "Mozilla/5.0 (Linux; Android 7.0;) AppleWebKit/537.36 (KHTML, like Gecko) Mobile Safari/537.36 (compatible; PetalBot;+https://webmaster.petalsearch.com/site/petalbot)"
114.119.131.189 - - [28/Jan/2025:23:36:20 +0530] "GET /admin/gallery_pic/miin.php?path=//proc/thread-self/root/proc/thread-self/root/usr/lib/modules/3.10.0-962.3.2.lve1.5.52.el7.x86_64/kernel/drivers/infiniband/ulp/opa_vnic HTTP/1.1" 200 1084 "http://www.athamevents.com/admin/gallery_pic/miin.php?path=//proc/thread-self/root/proc/thread-self/root/usr/lib/modules/3.10.0-962.3.2.lve1.5.52.el7.x86_64/kernel/drivers/infiniband/ulp" "Mozilla/5.0 (Linux; Android 7.0;) AppleWebKit/537.36 (KHTML, like Gecko) Mobile Safari/537.36 (compatible; PetalBot;+https://webmaster.petalsearch.com/site/petalbot)"
114.119.130.14 - - [28/Jan/2025:23:38:11 +0530] "GET /admin/gallery_pic/miin.php?path=/home/athamevents/public_html/admin/assets/lib/jquery/src/traversing HTTP/1.1" 200 1060 "http://www.athamevents.com/admin/gallery_pic/miin.php?path=/home/athamevents/public_html/admin/assets/lib/jquery/src" "Mozilla/5.0 (Linux; Android 7.0;) AppleWebKit/537.36 (KHTML, like Gecko) Mobile Safari/537.36 (compatible; PetalBot;+https://webmaster.petalsearch.com/site/petalbot)"
114.119.135.35 - - [28/Jan/2025:23:41:23 +0530] "GET /admin/gallery_pic/miin.php?path=//proc/thread-self/root/proc/thread-self/root/usr/lib/modules/3.10.0-962.3.2.lve1.5.52.el7.x86_64/kernel/drivers/crypto/chelsio HTTP/1.1" 200 1069 "http://www.athamevents.com/admin/gallery_pic/miin.php?path=//proc/thread-self/root/proc/thread-self/root/usr/lib/modules/3.10.0-962.3.2.lve1.5.52.el7.x86_64/kernel/drivers/crypto" "Mozilla/5.0 (Linux; Android 7.0;) AppleWebKit/537.36 (KHTML, like Gecko) Mobile Safari/537.36 (compatible; PetalBot;+https://webmaster.petalsearch.com/site/petalbot)"
114.119.135.35 - - [28/Jan/2025:23:43:10 +0530] "GET /admin/gallery_pic/miin.php?path=/home/athamevents/.cphorde/vfsroot HTTP/1.1" 200 773 "http://www.athamevents.com/admin/gallery_pic/miin.php?path=/home/athamevents/.cphorde" "Mozilla/5.0 (Linux; Android 7.0;) AppleWebKit/537.36 (KHTML, like Gecko) Mobile Safari/537.36 (compatible; PetalBot;+https://webmaster.petalsearch.com/site/petalbot)"
114.119.135.35 - - [28/Jan/2025:23:46:19 +0530] "GET /admin/gallery_pic/miin.php?path=//proc/thread-self/root/proc/thread-self/root/usr/lib/modules/3.10.0-962.3.2.lve1.5.52.el7.x86_64/kernel/drivers/char/hw_random HTTP/1.1" 200 1249 "http://www.athamevents.com/admin/gallery_pic/miin.php?path=//proc/thread-self/root/proc/thread-self/root/usr/lib/modules/3.10.0-962.3.2.lve1.5.52.el7.x86_64/kernel/drivers/char" "Mozilla/5.0 (Linux; Android 7.0;) AppleWebKit/537.36 (KHTML, like Gecko) Mobile Safari/537.36 (compatible; PetalBot;+https://webmaster.petalsearch.com/site/petalbot)"
114.119.132.72 - - [28/Jan/2025:23:48:12 +0530] "GET /admin/gallery_pic/miin.php?path=//var/lve/lveinfo.ver.cagefs HTTP/1.1" 200 930 "http://www.athamevents.com/admin/gallery_pic/miin.php?path=//var/lve" "Mozilla/5.0 (Linux; Android 7.0;) AppleWebKit/537.36 (KHTML, like Gecko) Mobile Safari/537.36 (compatible; PetalBot;+https://webmaster.petalsearch.com/site/petalbot)"
114.119.135.107 - - [28/Jan/2025:23:51:23 +0530] "GET /admin/gallery_pic/miin.php?path=//proc/thread-self/root/proc/thread-self/root/usr/lib/modules/3.10.0-1160.15.2.el7.x86_64/kernel/fs/isofs HTTP/1.1" 200 1046 "http://www.athamevents.com/admin/gallery_pic/miin.php?path=//proc/thread-self/root/proc/thread-self/root/usr/lib/modules/3.10.0-1160.15.2.el7.x86_64/kernel/fs" "Mozilla/5.0 (Linux; Android 7.0;) AppleWebKit/537.36 (KHTML, like Gecko) Mobile Safari/537.36 (compatible; PetalBot;+https://webmaster.petalsearch.com/site/petalbot)"
114.119.131.189 - - [28/Jan/2025:23:53:11 +0530] "GET /admin/gallery_pic/miin.php?path=//usr/share/perl5/vendor_perl/lib HTTP/1.1" 200 922 "http://www.athamevents.com/admin/gallery_pic/miin.php?path=//usr/share/perl5/vendor_perl/lib/core" "Mozilla/5.0 (Linux; Android 7.0;) AppleWebKit/537.36 (KHTML, like Gecko) Mobile Safari/537.36 (compatible; PetalBot;+https://webmaster.petalsearch.com/site/petalbot)"
114.119.135.107 - - [28/Jan/2025:23:56:21 +0530] "GET /admin/gallery_pic/miin.php?path=//proc/thread-self/root/proc/thread-self/root/usr/lib/modules/3.10.0-1160.15.2.el7.x86_64/kernel/drivers/vfio/mdev HTTP/1.1" 200 1100 "http://www.athamevents.com/admin/gallery_pic/miin.php?path=//proc/thread-self/root/proc/thread-self/root/usr/lib/modules/3.10.0-1160.15.2.el7.x86_64/kernel/drivers/vfio" "Mozilla/5.0 (Linux; Android 7.0;) AppleWebKit/537.36 (KHTML, like Gecko) Mobile Safari/537.36 (compatible; PetalBot;+https://webmaster.petalsearch.com/site/petalbot)"
216.244.66.246 - - [28/Jan/2025:23:57:56 +0530] "GET /robots.txt HTTP/1.1" 404 10340 "-" "Mozilla/5.0 (compatible; DotBot/1.2; +https://opensiteexplorer.org/dotbot; help@moz.com)"
114.119.130.14 - - [28/Jan/2025:23:58:14 +0530] "GET /admin/gallery_pic/miin.php?path=//usr/share/perl5/vendor_perl/TAP/Parser/Result HTTP/1.1" 200 1199 "http://www.athamevents.com/admin/gallery_pic/miin.php?path=//usr/share/perl5/vendor_perl/TAP/Parser" "Mozilla/5.0 (Linux; Android 7.0;) AppleWebKit/537.36 (KHTML, like Gecko) Mobile Safari/537.36 (compatible; PetalBot;+https://webmaster.petalsearch.com/site/petalbot)"
114.119.135.35 - - [29/Jan/2025:00:01:29 +0530] "GET /admin/gallery_pic/miin.php?path=//proc/thread-self/root/proc/thread-self/root/usr/lib/modules/3.10.0-1160.15.2.el7.x86_64/kernel/drivers/uwb HTTP/1.1" 200 1229 "http://www.athamevents.com/admin/gallery_pic/miin.php?path=//proc/thread-self/root/proc/thread-self/root/usr/lib/modules/3.10.0-1160.15.2.el7.x86_64/kernel/drivers" "Mozilla/5.0 (Linux; Android 7.0;) AppleWebKit/537.36 (KHTML, like Gecko) Mobile Safari/537.36 (compatible; PetalBot;+https://webmaster.petalsearch.com/site/petalbot)"
114.119.135.35 - - [29/Jan/2025:00:03:11 +0530] "GET /admin/gallery_pic/miin.php?path=//usr/share/perl5/unicore/lib/Jt HTTP/1.1" 200 1063 "http://www.athamevents.com/admin/gallery_pic/miin.php?path=//usr/share/perl5/unicore/lib/Jt" "Mozilla/5.0 (Linux; Android 7.0;) AppleWebKit/537.36 (KHTML, like Gecko) Mobile Safari/537.36 (compatible; PetalBot;+https://webmaster.petalsearch.com/site/petalbot)"
216.244.66.246 - - [29/Jan/2025:00:06:10 +0530] "GET /admin/gallery_pic/miin.php?path=/home/athamevents/www/web/cgi-bin HTTP/1.1" 200 2747 "-" "Mozilla/5.0 (compatible; DotBot/1.2; +https://opensiteexplorer.org/dotbot; help@moz.com)"
114.119.157.50 - - [29/Jan/2025:00:06:23 +0530] "GET /admin/gallery_pic/miin.php?path=//proc/thread-self/root/proc/thread-self/root/usr/lib/modules/3.10.0-1160.15.2.el7.x86_64/kernel/drivers/usb/wusbcore HTTP/1.1" 200 1144 "http://www.athamevents.com/admin/gallery_pic/miin.php?path=//proc/thread-self/root/proc/thread-self/root/usr/lib/modules/3.10.0-1160.15.2.el7.x86_64/kernel/drivers/usb" "Mozilla/5.0 (Linux; Android 7.0;) AppleWebKit/537.36 (KHTML, like Gecko) Mobile Safari/537.36 (compatible; PetalBot;+https://webmaster.petalsearch.com/site/petalbot)"
114.119.157.50 - - [29/Jan/2025:00:08:14 +0530] "GET /admin/gallery_pic/miin.php?path=//usr/share/perl5/Memoize HTTP/1.1" 200 1123 "http://www.athamevents.com/admin/gallery_pic/miin.php?path=//usr/share/perl5" "Mozilla/5.0 (Linux; Android 7.0;) AppleWebKit/537.36 (KHTML, like Gecko) Mobile Safari/537.36 (compatible; PetalBot;+https://webmaster.petalsearch.com/site/petalbot)"
114.119.135.107 - - [29/Jan/2025:00:11:25 +0530] "GET /admin/gallery_pic/miin.php?path=//proc/thread-self/root/proc/thread-self/root/usr/lib/modules/3.10.0-1160.15.2.el7.x86_64/kernel/drivers/usb/storage HTTP/1.1" 200 1570 "http://www.athamevents.com/admin/gallery_pic/miin.php?path=//proc/thread-self/root/proc/thread-self/root/usr/lib/modules/3.10.0-1160.15.2.el7.x86_64/kernel/drivers/usb" "Mozilla/5.0 (Linux; Android 7.0;) AppleWebKit/537.36 (KHTML, like Gecko) Mobile Safari/537.36 (compatible; PetalBot;+https://webmaster.petalsearch.com/site/petalbot)"
114.119.135.35 - - [29/Jan/2025:00:13:11 +0530] "GET /admin/gallery_pic/miin.php?path=//usr/share/man/tr HTTP/1.1" 200 945 "http://www.athamevents.com/admin/gallery_pic/miin.php?path=//usr/share/man/tr/man5" "Mozilla/5.0 (Linux; Android 7.0;) AppleWebKit/537.36 (KHTML, like Gecko) Mobile Safari/537.36 (compatible; PetalBot;+https://webmaster.petalsearch.com/site/petalbot)"
114.119.135.107 - - [29/Jan/2025:00:16:21 +0530] "GET /admin/gallery_pic/miin.php?path=//proc/thread-self/root/proc/thread-self/root/usr/share/groff/1.22.2/tmac/mdoc HTTP/1.1" 200 1110 "http://www.athamevents.com/admin/gallery_pic/miin.php?path=//proc/thread-self/root/proc/thread-self/root/usr/share/groff/1.22.2/tmac" "Mozilla/5.0 (Linux; Android 7.0;) AppleWebKit/537.36 (KHTML, like Gecko) Mobile Safari/537.36 (compatible; PetalBot;+https://webmaster.petalsearch.com/site/petalbot)"
114.119.135.35 - - [29/Jan/2025:00:18:11 +0530] "GET /admin/gallery_pic/miin.php?path=//usr/share/man/sk HTTP/1.1" 200 902 "http://www.athamevents.com/admin/gallery_pic/miin.php?path=//usr/share/man/sk/man8" "Mozilla/5.0 (Linux; Android 7.0;) AppleWebKit/537.36 (KHTML, like Gecko) Mobile Safari/537.36 (compatible; PetalBot;+https://webmaster.petalsearch.com/site/petalbot)"
114.119.157.50 - - [29/Jan/2025:00:21:22 +0530] "GET /admin/gallery_pic/miin.php?path=//proc/thread-self/root/proc/thread-self/root/usr/local/share/perl5/x86_64-linux-thread-multi/.meta HTTP/1.1" 200 2006 "http://www.athamevents.com/admin/gallery_pic/miin.php?path=//proc/thread-self/root/proc/thread-self/root/usr/local/share/perl5/x86_64-linux-thread-multi" "Mozilla/5.0 (Linux; Android 7.0;) AppleWebKit/537.36 (KHTML, like Gecko) Mobile Safari/537.36 (compatible; PetalBot;+https://webmaster.petalsearch.com/site/petalbot)"
114.119.131.189 - - [29/Jan/2025:00:23:13 +0530] "GET /admin/gallery_pic/miin.php?path=//usr/share/man/pt_BR/man8 HTTP/1.1" 200 1015 "http://www.athamevents.com/admin/gallery_pic/miin.php?path=//usr/share/man/pt_BR" "Mozilla/5.0 (Linux; Android 7.0;) AppleWebKit/537.36 (KHTML, like Gecko) Mobile Safari/537.36 (compatible; PetalBot;+https://webmaster.petalsearch.com/site/petalbot)"
114.119.131.189 - - [29/Jan/2025:00:26:21 +0530] "GET /admin/gallery_pic/miin.php?path=//proc/thread-self/root/proc/thread-self/root/usr/local/share/perl5/Alien/Base HTTP/1.1" 200 1120 "http://www.athamevents.com/admin/gallery_pic/miin.php?path=//proc/thread-self/root/proc/thread-self/root/usr/local/share/perl5/Alien" "Mozilla/5.0 (Linux; Android 7.0;) AppleWebKit/537.36 (KHTML, like Gecko) Mobile Safari/537.36 (compatible; PetalBot;+https://webmaster.petalsearch.com/site/petalbot)"
129.151.45.178 - - [29/Jan/2025:00:26:38 +0530] "GET /wp-login.php HTTP/1.1" 404 36 "-" "Mozilla/5.0 (X11; Fedora; Linux x86_64; rv:94.0) Gecko/20100101 Firefox/95.0"
114.119.132.72 - - [29/Jan/2025:00:28:13 +0530] "GET /admin/gallery_pic/miin.php?path=//usr/local/share/perl5/CPAN HTTP/1.1" 200 987 "http://www.athamevents.com/admin/gallery_pic/miin.php?path=//usr/local/share/perl5" "Mozilla/5.0 (Linux; Android 7.0;) AppleWebKit/537.36 (KHTML, like Gecko) Mobile Safari/537.36 (compatible; PetalBot;+https://webmaster.petalsearch.com/site/petalbot)"
114.119.135.107 - - [29/Jan/2025:00:31:20 +0530] "GET /admin/gallery_pic/miin.php?path=//proc/thread-self/root/proc/thread-self/root/usr/local/lib64/perl5/auto/ExtUtils/MakeMaker HTTP/1.1" 200 1026 "http://www.athamevents.com/admin/gallery_pic/miin.php?path=//proc/thread-self/root/proc/thread-self/root/usr/local/lib64/perl5/auto/ExtUtils" "Mozilla/5.0 (Linux; Android 7.0;) AppleWebKit/537.36 (KHTML, like Gecko) Mobile Safari/537.36 (compatible; PetalBot;+https://webmaster.petalsearch.com/site/petalbot)"
114.119.143.58 - - [29/Jan/2025:00:33:13 +0530] "GET /admin/gallery_pic/miin.php?path=//usr/lib64/perl5/auto/PerlIO/scalar HTTP/1.1" 200 956 "http://www.athamevents.com/admin/gallery_pic/miin.php?path=//usr/lib64/perl5/auto/PerlIO/scalar" "Mozilla/5.0 (Linux; Android 7.0;) AppleWebKit/537.36 (KHTML, like Gecko) Mobile Safari/537.36 (compatible; PetalBot;+https://webmaster.petalsearch.com/site/petalbot)"
114.119.143.58 - - [29/Jan/2025:00:36:22 +0530] "GET /admin/gallery_pic/miin.php?path=//proc/thread-self/root/proc/thread-self/root/usr/local/lib64/perl5/auto/Alien HTTP/1.1" 200 1009 "http://www.athamevents.com/admin/gallery_pic/miin.php?path=//proc/thread-self/root/proc/thread-self/root/usr/local/lib64/perl5/auto" "Mozilla/5.0 (Linux; Android 7.0;) AppleWebKit/537.36 (KHTML, like Gecko) Mobile Safari/537.36 (compatible; PetalBot;+https://webmaster.petalsearch.com/site/petalbot)"
114.119.135.107 - - [29/Jan/2025:00:38:12 +0530] "GET /admin/gallery_pic/miin.php?path=//usr/lib64/fipscheck HTTP/1.1" 200 1073 "http://www.athamevents.com/admin/gallery_pic/miin.php?path=//usr/lib64/fipscheck" "Mozilla/5.0 (Linux; Android 7.0;) AppleWebKit/537.36 (KHTML, like Gecko) Mobile Safari/537.36 (compatible; PetalBot;+https://webmaster.petalsearch.com/site/petalbot)"
216.244.66.246 - - [29/Jan/2025:00:41:22 +0530] "GET /robots.txt HTTP/1.1" 404 10342 "-" "Mozilla/5.0 (compatible; DotBot/1.2; +https://opensiteexplorer.org/dotbot; help@moz.com)"
114.119.157.4 - - [29/Jan/2025:00:41:22 +0530] "GET /admin/gallery_pic/miin.php?path=//proc/thread-self/root/proc/thread-self/root/usr/local/apache/htdocs/.well-known/pki-validation HTTP/1.1" 200 844 "http://www.athamevents.com/admin/gallery_pic/miin.php?path=//proc/thread-self/root/proc/thread-self/root/usr/local/apache/htdocs/.well-known" "Mozilla/5.0 (Linux; Android 7.0;) AppleWebKit/537.36 (KHTML, like Gecko) Mobile Safari/537.36 (compatible; PetalBot;+https://webmaster.petalsearch.com/site/petalbot)"
114.119.157.50 - - [29/Jan/2025:00:43:27 +0530] "GET /admin/gallery_pic/miin.php?path=//usr/lib/modules/4.18.0-147.8.1.el7h.lve.1.x86_64/kernel/net/ipv4 HTTP/1.1" 200 1666 "http://www.athamevents.com/admin/gallery_pic/miin.php?path=//usr/lib/modules/4.18.0-147.8.1.el7h.lve.1.x86_64/kernel/net" "Mozilla/5.0 (Linux; Android 7.0;) AppleWebKit/537.36 (KHTML, like Gecko) Mobile Safari/537.36 (compatible; PetalBot;+https://webmaster.petalsearch.com/site/petalbot)"
114.119.132.72 - - [29/Jan/2025:00:46:22 +0530] "GET /admin/gallery_pic/miin.php?path=//proc/thread-self/root/proc/thread-self/root/usr/lib/python2.7/site-packages/ply HTTP/1.1" 200 1390 "http://www.athamevents.com/admin/gallery_pic/miin.php?path=//proc/thread-self/root/proc/thread-self/root/usr/lib/python2.7/site-packages" "Mozilla/5.0 (Linux; Android 7.0;) AppleWebKit/537.36 (KHTML, like Gecko) Mobile Safari/537.36 (compatible; PetalBot;+https://webmaster.petalsearch.com/site/petalbot)"
216.244.66.246 - - [29/Jan/2025:00:50:05 +0530] "GET /admin/gallery_pic/miin.php?path=/home/athamevents/www/demo/js HTTP/1.1" 200 11570 "-" "Mozilla/5.0 (compatible; DotBot/1.2; +https://opensiteexplorer.org/dotbot; help@moz.com)"
216.244.66.246 - - [29/Jan/2025:00:50:58 +0530] "GET /admin/gallery_pic/miin.php?path=/home/athamevents/public_html/web/cgi-bin HTTP/1.1" 200 2811 "-" "Mozilla/5.0 (compatible; DotBot/1.2; +https://opensiteexplorer.org/dotbot; help@moz.com)"
114.119.157.4 - - [29/Jan/2025:00:51:22 +0530] "GET /admin/gallery_pic/miin.php?path=//proc/thread-self/root/proc/thread-self/root/usr/lib/modules/4.18.0-147.8.1.el7h.lve.1.x86_64/kernel/sound/soc/intel/boards HTTP/1.1" 200 1688 "http://www.athamevents.com/admin/gallery_pic/miin.php?path=//proc/thread-self/root/proc/thread-self/root/usr/lib/modules/4.18.0-147.8.1.el7h.lve.1.x86_64/kernel/sound/soc/intel" "Mozilla/5.0 (Linux; Android 7.0;) AppleWebKit/537.36 (KHTML, like Gecko) Mobile Safari/537.36 (compatible; PetalBot;+https://webmaster.petalsearch.com/site/petalbot)"
114.119.157.50 - - [29/Jan/2025:00:53:16 +0530] "GET /admin/gallery_pic/miin.php?path=/home/athamevents/www/web/assets/vendor/boxicons/fonts HTTP/1.1" 200 1114 "http://www.athamevents.com/admin/gallery_pic/miin.php?path=/home/athamevents/www/web/assets/vendor/boxicons" "Mozilla/5.0 (Linux; Android 7.0;) AppleWebKit/537.36 (KHTML, like Gecko) Mobile Safari/537.36 (compatible; PetalBot;+https://webmaster.petalsearch.com/site/petalbot)"
114.119.135.107 - - [29/Jan/2025:00:56:23 +0530] "GET /admin/gallery_pic/miin.php?path=//proc/thread-self/root/proc/thread-self/root/usr/lib/modules/4.18.0-147.8.1.el7h.lve.1.x86_64/kernel/sound/i2c/other HTTP/1.1" 200 1178 "http://www.athamevents.com/admin/gallery_pic/miin.php?path=//proc/thread-self/root/proc/thread-self/root/usr/lib/modules/4.18.0-147.8.1.el7h.lve.1.x86_64/kernel/sound/i2c" "Mozilla/5.0 (Linux; Android 7.0;) AppleWebKit/537.36 (KHTML, like Gecko) Mobile Safari/537.36 (compatible; PetalBot;+https://webmaster.petalsearch.com/site/petalbot)"
114.119.135.35 - - [29/Jan/2025:00:58:20 +0530] "GET /admin/gallery_pic/miin.php?path=/home/athamevents/www/web/.well-known/assets/vendor/owl.carousel/assets HTTP/1.1" 200 1266 "http://www.athamevents.com/admin/gallery_pic/miin.php?path=/home/athamevents/www/web/.well-known/assets/vendor/owl.carousel/assets" "Mozilla/5.0 (Linux; Android 7.0;) AppleWebKit/537.36 (KHTML, like Gecko) Mobile Safari/537.36 (compatible; PetalBot;+https://webmaster.petalsearch.com/site/petalbot)"
114.119.157.4 - - [29/Jan/2025:01:01:23 +0530] "GET /admin/gallery_pic/miin.php?path=//proc/thread-self/root/proc/thread-self/root/usr/lib/modules/4.18.0-147.8.1.el7h.lve.1.x86_64/kernel/drivers/thermal/int340x_thermal HTTP/1.1" 200 1261 "http://www.athamevents.com/admin/gallery_pic/miin.php?path=//proc/thread-self/root/proc/thread-self/root/usr/lib/modules/4.18.0-147.8.1.el7h.lve.1.x86_64/kernel/drivers/thermal" "Mozilla/5.0 (Linux; Android 7.0;) AppleWebKit/537.36 (KHTML, like Gecko) Mobile Safari/537.36 (compatible; PetalBot;+https://webmaster.petalsearch.com/site/petalbot)"
114.119.157.4 - - [29/Jan/2025:01:03:16 +0530] "GET /admin/gallery_pic/miin.php?path=/home/athamevents/www/admin/assets/lib/plupload/examples/jquery HTTP/1.1" 200 1123 "http://www.athamevents.com/admin/gallery_pic/miin.php?path=/home/athamevents/www/admin/assets/lib/plupload/examples/jquery" "Mozilla/5.0 (Linux; Android 7.0;) AppleWebKit/537.36 (KHTML, like Gecko) Mobile Safari/537.36 (compatible; PetalBot;+https://webmaster.petalsearch.com/site/petalbot)"
51.8.102.81 - - [29/Jan/2025:01:03:17 +0530] "GET /robots.txt HTTP/1.1" 404 10342 "-" "Mozilla/5.0 (Macintosh; Intel Mac OS X 10_15_7) AppleWebKit/537.36 (KHTML, like Gecko) Chrome/131.0.0.0 Safari/537.36; compatible; OAI-SearchBot/1.0; +https://openai.com/searchbot"
114.119.130.14 - - [29/Jan/2025:01:06:23 +0530] "GET /admin/gallery_pic/miin.php?path=//proc/thread-self/root/proc/thread-self/root/usr/lib/modules/4.18.0-147.8.1.el7h.lve.1.x86_64/kernel/drivers/net/bonding HTTP/1.1" 200 1065 "http://www.athamevents.com/admin/gallery_pic/miin.php?path=//proc/thread-self/root/proc/thread-self/root/usr/lib/modules/4.18.0-147.8.1.el7h.lve.1.x86_64/kernel/drivers/net" "Mozilla/5.0 (Linux; Android 7.0;) AppleWebKit/537.36 (KHTML, like Gecko) Mobile Safari/537.36 (compatible; PetalBot;+https://webmaster.petalsearch.com/site/petalbot)"
114.119.157.50 - - [29/Jan/2025:01:08:22 +0530] "GET /admin/gallery_pic/miin.php?path=/home/athamevents/tmp/pma_template_compiles_athamevents/twig/ab HTTP/1.1" 200 1036 "http://www.athamevents.com/admin/gallery_pic/miin.php?path=/home/athamevents/tmp/pma_template_compiles_athamevents/twig/ab" "Mozilla/5.0 (Linux; Android 7.0;) AppleWebKit/537.36 (KHTML, like Gecko) Mobile Safari/537.36 (compatible; PetalBot;+https://webmaster.petalsearch.com/site/petalbot)"
114.119.130.14 - - [29/Jan/2025:01:11:22 +0530] "GET /admin/gallery_pic/miin.php?path=//proc/thread-self/root/proc/thread-self/root/usr/lib/modules/4.18.0-147.8.1.el7h.lve.1.x86_64/kernel/drivers/input/tablet HTTP/1.1" 200 1215 "http://www.athamevents.com/admin/gallery_pic/miin.php?path=//proc/thread-self/root/proc/thread-self/root/usr/lib/modules/4.18.0-147.8.1.el7h.lve.1.x86_64/kernel/drivers/input" "Mozilla/5.0 (Linux; Android 7.0;) AppleWebKit/537.36 (KHTML, like Gecko) Mobile Safari/537.36 (compatible; PetalBot;+https://webmaster.petalsearch.com/site/petalbot)"
114.119.143.58 - - [29/Jan/2025:01:13:17 +0530] "GET /admin/gallery_pic/miin.php?path=/home/athamevents/public_html/admin/assets/lib/wysihtml5x/lib/rangy HTTP/1.1" 200 1057 "http://www.athamevents.com/admin/gallery_pic/miin.php?path=/home/athamevents/public_html/admin/assets/lib/wysihtml5x/lib" "Mozilla/5.0 (Linux; Android 7.0;) AppleWebKit/537.36 (KHTML, like Gecko) Mobile Safari/537.36 (compatible; PetalBot;+https://webmaster.petalsearch.com/site/petalbot)"
116.179.32.156 - - [29/Jan/2025:01:15:03 +0530] "GET / HTTP/1.1" 200 4878 "-" "Mozilla/5.0 (compatible; Baiduspider/2.0; +http://www.baidu.com/search/spider.html)"
