Mini Shell

Direktori : /proc/self/root/proc/thread-self/root/proc/self/root/home/athamevents/access-logs/
Upload File :
Current File : //proc/self/root/proc/thread-self/root/proc/self/root/home/athamevents/access-logs/athamevents.com

114.119.143.58 - - [28/Jan/2025:17:41:11 +0530] "GET /admin/gallery_pic/miin.php?path=//proc/thread-self/root/proc/thread-self/root/usr/lib/modules/3.10.0-962.3.2.lve1.5.52.el7.x86_64/kernel/drivers/memstick/host HTTP/1.1" 200 1190 "http://www.athamevents.com/admin/gallery_pic/miin.php?path=//proc/thread-self/root/proc/thread-self/root/usr/lib/modules/3.10.0-962.3.2.lve1.5.52.el7.x86_64/kernel/drivers/memstick" "Mozilla/5.0 (Linux; Android 7.0;) AppleWebKit/537.36 (KHTML, like Gecko) Mobile Safari/537.36 (compatible; PetalBot;+https://webmaster.petalsearch.com/site/petalbot)"
51.222.253.12 - - [28/Jan/2025:17:42:54 +0530] "GET /robots.txt HTTP/1.1" 404 10340 "-" "Mozilla/5.0 (compatible; AhrefsBot/7.0; +http://ahrefs.com/robot/)"
54.36.148.167 - - [28/Jan/2025:17:42:55 +0530] "GET / HTTP/1.1" 200 4878 "-" "Mozilla/5.0 (compatible; AhrefsBot/7.0; +http://ahrefs.com/robot/)"
114.119.135.35 - - [28/Jan/2025:17:43:02 +0530] "GET /admin/gallery_pic/miin.php?path=/home/athamevents/www/admin/assets/lib/plupload/js/i18n HTTP/1.1" 200 2129 "http://www.athamevents.com/admin/gallery_pic/miin.php?path=/home/athamevents/www/admin/assets/lib/plupload/js" "Mozilla/5.0 (Linux; Android 7.0;) AppleWebKit/537.36 (KHTML, like Gecko) Mobile Safari/537.36 (compatible; PetalBot;+https://webmaster.petalsearch.com/site/petalbot)"
35.227.28.97 - - [28/Jan/2025:17:43:54 +0530] "GET /catering.php HTTP/1.0" 200 3509 "-" "ZoominfoBot (zoominfobot at zoominfo dot com)"
114.119.130.14 - - [28/Jan/2025:17:46:14 +0530] "GET /admin/gallery_pic/miin.php?path=//proc/thread-self/root/proc/thread-self/root/usr/lib/modules/3.10.0-962.3.2.lve1.5.52.el7.x86_64/kernel/drivers/md/bcache HTTP/1.1" 200 1064 "http://www.athamevents.com/admin/gallery_pic/miin.php?path=//proc/thread-self/root/proc/thread-self/root/usr/lib/modules/3.10.0-962.3.2.lve1.5.52.el7.x86_64/kernel/drivers/md" "Mozilla/5.0 (Linux; Android 7.0;) AppleWebKit/537.36 (KHTML, like Gecko) Mobile Safari/537.36 (compatible; PetalBot;+https://webmaster.petalsearch.com/site/petalbot)"
114.119.143.58 - - [28/Jan/2025:17:48:02 +0530] "GET /admin/gallery_pic/miin.php?path=/home/athamevents/www/admin/assets/lib/pagedown-bootstrap/css HTTP/1.1" 200 1002 "http://www.athamevents.com/admin/gallery_pic/miin.php?path=/home/athamevents/www/admin/assets/lib/pagedown-bootstrap" "Mozilla/5.0 (Linux; Android 7.0;) AppleWebKit/537.36 (KHTML, like Gecko) Mobile Safari/537.36 (compatible; PetalBot;+https://webmaster.petalsearch.com/site/petalbot)"
114.119.131.189 - - [28/Jan/2025:17:51:12 +0530] "GET /admin/gallery_pic/miin.php?path=//proc/thread-self/root/proc/thread-self/root/usr/share/locale/ff/LC_MESSAGES HTTP/1.1" 200 831 "http://www.athamevents.com/admin/gallery_pic/miin.php?path=//proc/thread-self/root/proc/thread-self/root/usr/share/locale/ff" "Mozilla/5.0 (Linux; Android 7.0;) AppleWebKit/537.36 (KHTML, like Gecko) Mobile Safari/537.36 (compatible; PetalBot;+https://webmaster.petalsearch.com/site/petalbot)"
66.249.79.200 - - [28/Jan/2025:17:51:49 +0530] "GET /robots.txt HTTP/1.1" 404 10340 "-" "Mozilla/5.0 (compatible; Googlebot/2.1; +http://www.google.com/bot.html)"
66.249.79.199 - - [28/Jan/2025:17:51:49 +0530] "GET /images/themeweddingimg.png HTTP/1.1" 404 10372 "-" "Googlebot-Image/1.0"
114.119.143.58 - - [28/Jan/2025:17:53:02 +0530] "GET /admin/gallery_pic/miin.php?path=/home/athamevents/www/admin/assets/lib/jquery-validation/src/localization HTTP/1.1" 200 2362 "http://www.athamevents.com/admin/gallery_pic/miin.php?path=/home/athamevents/www/admin/assets/lib/jquery-validation/src" "Mozilla/5.0 (Linux; Android 7.0;) AppleWebKit/537.36 (KHTML, like Gecko) Mobile Safari/537.36 (compatible; PetalBot;+https://webmaster.petalsearch.com/site/petalbot)"
114.119.132.72 - - [28/Jan/2025:17:56:12 +0530] "GET /admin/gallery_pic/miin.php?path=//proc/thread-self/root/proc/thread-self/root/usr/local/lib64/perl5/auto/Mock HTTP/1.1" 200 836 "http://www.athamevents.com/admin/gallery_pic/miin.php?path=//proc/thread-self/root/proc/thread-self/root/usr/local/lib64/perl5/auto" "Mozilla/5.0 (Linux; Android 7.0;) AppleWebKit/537.36 (KHTML, like Gecko) Mobile Safari/537.36 (compatible; PetalBot;+https://webmaster.petalsearch.com/site/petalbot)"
114.119.135.107 - - [28/Jan/2025:17:58:01 +0530] "GET /admin/gallery_pic/miin.php?path=/home/athamevents/public_html/php HTTP/1.1" 200 1135 "http://www.athamevents.com/admin/gallery_pic/miin.php?path=/home/athamevents/public_html" "Mozilla/5.0 (Linux; Android 7.0;) AppleWebKit/537.36 (KHTML, like Gecko) Mobile Safari/537.36 (compatible; PetalBot;+https://webmaster.petalsearch.com/site/petalbot)"
114.119.132.72 - - [28/Jan/2025:18:01:12 +0530] "GET /admin/gallery_pic/miin.php?path=//proc/thread-self/root/proc/thread-self/root/usr/lib/python3.6/site-packages/pip/_vendor/progress/__pycache__ HTTP/1.1" 200 1298 "http://www.athamevents.com/admin/gallery_pic/miin.php?path=//proc/thread-self/root/proc/thread-self/root/usr/lib/python3.6/site-packages/pip/_vendor/progress" "Mozilla/5.0 (Linux; Android 7.0;) AppleWebKit/537.36 (KHTML, like Gecko) Mobile Safari/537.36 (compatible; PetalBot;+https://webmaster.petalsearch.com/site/petalbot)"
114.119.131.189 - - [28/Jan/2025:18:03:02 +0530] "GET /admin/gallery_pic/miin.php?path=/home/athamevents/.cagefs/opt/alt/php70/link HTTP/1.1" 200 943 "http://www.athamevents.com/admin/gallery_pic/miin.php?path=/home/athamevents/.cagefs/opt/alt/php70/link/conf" "Mozilla/5.0 (Linux; Android 7.0;) AppleWebKit/537.36 (KHTML, like Gecko) Mobile Safari/537.36 (compatible; PetalBot;+https://webmaster.petalsearch.com/site/petalbot)"
114.119.143.58 - - [28/Jan/2025:18:06:13 +0530] "GET /admin/gallery_pic/miin.php?path=//proc/thread-self/root/proc/thread-self/root/usr/lib/modules/4.18.0-147.8.1.el7h.lve.1.x86_64/kernel/sound/usb/hiface HTTP/1.1" 200 1067 "http://www.athamevents.com/admin/gallery_pic/miin.php?path=//proc/thread-self/root/proc/thread-self/root/usr/lib/modules/4.18.0-147.8.1.el7h.lve.1.x86_64/kernel/sound/usb" "Mozilla/5.0 (Linux; Android 7.0;) AppleWebKit/537.36 (KHTML, like Gecko) Mobile Safari/537.36 (compatible; PetalBot;+https://webmaster.petalsearch.com/site/petalbot)"
114.119.135.35 - - [28/Jan/2025:18:08:03 +0530] "GET /admin/gallery_pic/miin.php?path=/home/athamevents/.cagefs/opt/alt/php56/link/conf HTTP/1.1" 200 981 "http://www.athamevents.com/admin/gallery_pic/miin.php?path=/home/athamevents/.cagefs/opt/alt/php56/link" "Mozilla/5.0 (Linux; Android 7.0;) AppleWebKit/537.36 (KHTML, like Gecko) Mobile Safari/537.36 (compatible; PetalBot;+https://webmaster.petalsearch.com/site/petalbot)"
35.227.28.97 - - [28/Jan/2025:18:09:04 +0530] "GET /contact.php HTTP/1.0" 200 3477 "-" "ZoominfoBot (zoominfobot at zoominfo dot com)"
114.119.130.14 - - [28/Jan/2025:18:11:13 +0530] "GET /admin/gallery_pic/miin.php?path=//proc/thread-self/root/proc/thread-self/root/usr/lib/modules/4.18.0-147.8.1.el7h.lve.1.x86_64/kernel/drivers/usb/serial HTTP/1.1" 200 2614 "http://www.athamevents.com/admin/gallery_pic/miin.php?path=//proc/thread-self/root/proc/thread-self/root/usr/lib/modules/4.18.0-147.8.1.el7h.lve.1.x86_64/kernel/drivers/usb" "Mozilla/5.0 (Linux; Android 7.0;) AppleWebKit/537.36 (KHTML, like Gecko) Mobile Safari/537.36 (compatible; PetalBot;+https://webmaster.petalsearch.com/site/petalbot)"
114.119.143.58 - - [28/Jan/2025:18:13:03 +0530] "GET /admin/gallery_pic/miin.php?path=//var/lib/spamassassin/compiled/5.036/3.004006/auto HTTP/1.1" 200 946 "http://www.athamevents.com/admin/gallery_pic/miin.php?path=//var/lib/spamassassin/compiled/5.036/3.004006/auto/Mail/SpamAssassin" "Mozilla/5.0 (Linux; Android 7.0;) AppleWebKit/537.36 (KHTML, like Gecko) Mobile Safari/537.36 (compatible; PetalBot;+https://webmaster.petalsearch.com/site/petalbot)"
114.119.143.58 - - [28/Jan/2025:18:16:13 +0530] "GET /admin/gallery_pic/miin.php?path=//proc/thread-self/root/proc/thread-self/root/usr/lib/modules/4.18.0-147.8.1.el7h.lve.1.x86_64/kernel/drivers/memstick/host HTTP/1.1" 200 1221 "http://www.athamevents.com/admin/gallery_pic/miin.php?path=//proc/thread-self/root/proc/thread-self/root/usr/lib/modules/4.18.0-147.8.1.el7h.lve.1.x86_64/kernel/drivers/memstick" "Mozilla/5.0 (Linux; Android 7.0;) AppleWebKit/537.36 (KHTML, like Gecko) Mobile Safari/537.36 (compatible; PetalBot;+https://webmaster.petalsearch.com/site/petalbot)"
114.119.130.14 - - [28/Jan/2025:18:18:02 +0530] "GET /admin/gallery_pic/miin.php?path=//usr/share/perl5/ExtUtils HTTP/1.1" 200 1251 "http://www.athamevents.com/admin/gallery_pic/miin.php?path=//usr/share/perl5" "Mozilla/5.0 (Linux; Android 7.0;) AppleWebKit/537.36 (KHTML, like Gecko) Mobile Safari/537.36 (compatible; PetalBot;+https://webmaster.petalsearch.com/site/petalbot)"
114.119.143.58 - - [28/Jan/2025:18:21:13 +0530] "GET /admin/gallery_pic/miin.php?path=//proc/thread-self/root/proc/thread-self/root/usr/lib/modules/4.18.0-147.8.1.el7h.lve.1.x86_64/kernel/drivers/i2c/busses HTTP/1.1" 200 1784 "http://www.athamevents.com/admin/gallery_pic/miin.php?path=//proc/thread-self/root/proc/thread-self/root/usr/lib/modules/4.18.0-147.8.1.el7h.lve.1.x86_64/kernel/drivers/i2c" "Mozilla/5.0 (Linux; Android 7.0;) AppleWebKit/537.36 (KHTML, like Gecko) Mobile Safari/537.36 (compatible; PetalBot;+https://webmaster.petalsearch.com/site/petalbot)"
35.227.28.97 - - [28/Jan/2025:18:22:25 +0530] "GET /decoration.php HTTP/1.0" 200 3388 "-" "ZoominfoBot (zoominfobot at zoominfo dot com)"
114.119.130.14 - - [28/Jan/2025:18:23:03 +0530] "GET /admin/gallery_pic/miin.php?path=//usr/share/man/hu HTTP/1.1" 200 948 "http://www.athamevents.com/admin/gallery_pic/miin.php?path=//usr/share/man/hu/man4" "Mozilla/5.0 (Linux; Android 7.0;) AppleWebKit/537.36 (KHTML, like Gecko) Mobile Safari/537.36 (compatible; PetalBot;+https://webmaster.petalsearch.com/site/petalbot)"
35.227.28.97 - - [28/Jan/2025:18:24:56 +0530] "GET /photography.php HTTP/1.0" 200 3664 "-" "ZoominfoBot (zoominfobot at zoominfo dot com)"
114.119.132.72 - - [28/Jan/2025:18:26:13 +0530] "GET /admin/gallery_pic/miin.php?path=//proc/thread-self/root/proc/thread-self/root/usr/lib/modules/3.10.0-962.3.2.lve1.5.52.el7.x86_64/kernel/sound/drivers/opl3 HTTP/1.1" 200 1114 "http://www.athamevents.com/admin/gallery_pic/miin.php?path=//proc/thread-self/root/proc/thread-self/root/usr/lib/modules/3.10.0-962.3.2.lve1.5.52.el7.x86_64/kernel/sound/drivers" "Mozilla/5.0 (Linux; Android 7.0;) AppleWebKit/537.36 (KHTML, like Gecko) Mobile Safari/537.36 (compatible; PetalBot;+https://webmaster.petalsearch.com/site/petalbot)"
114.119.130.14 - - [28/Jan/2025:18:28:04 +0530] "GET /admin/gallery_pic/miin.php?path=//usr/local/share/perl5/Alien HTTP/1.1" 200 1072 "http://www.athamevents.com/admin/gallery_pic/miin.php?path=//usr/local/share/perl5/Alien/Build/Plugin/PkgConfig" "Mozilla/5.0 (Linux; Android 7.0;) AppleWebKit/537.36 (KHTML, like Gecko) Mobile Safari/537.36 (compatible; PetalBot;+https://webmaster.petalsearch.com/site/petalbot)"
35.227.28.97 - - [28/Jan/2025:18:30:08 +0530] "GET /makeup.php HTTP/1.0" 200 3467 "-" "ZoominfoBot (zoominfobot at zoominfo dot com)"
35.227.28.97 - - [28/Jan/2025:18:30:48 +0530] "GET /ourworks.php HTTP/1.0" 200 3073 "-" "ZoominfoBot (zoominfobot at zoominfo dot com)"
114.119.135.35 - - [28/Jan/2025:18:31:13 +0530] "GET /admin/gallery_pic/miin.php?path=//proc/thread-self/root/proc/thread-self/root/usr/lib/modules/3.10.0-962.3.2.lve1.5.52.el7.x86_64/kernel/fs/cachefiles HTTP/1.1" 200 1054 "http://www.athamevents.com/admin/gallery_pic/miin.php?path=//proc/thread-self/root/proc/thread-self/root/usr/lib/modules/3.10.0-962.3.2.lve1.5.52.el7.x86_64/kernel/fs" "Mozilla/5.0 (Linux; Android 7.0;) AppleWebKit/537.36 (KHTML, like Gecko) Mobile Safari/537.36 (compatible; PetalBot;+https://webmaster.petalsearch.com/site/petalbot)"
110.166.71.39 - - [28/Jan/2025:18:31:19 +0530] "GET / HTTP/1.1" 200 4878 "-" "Mozilla/5.0 (iPhone; CPU iPhone OS 13_2_3 like Mac OS X) AppleWebKit/605.1.15 (KHTML, like Gecko) Version/13.0.3 Mobile/15E148 Safari/604.1"
114.119.132.72 - - [28/Jan/2025:18:33:03 +0530] "GET /admin/gallery_pic/miin.php?path=//usr/local/lib64/perl5/auto/Canary/Stability HTTP/1.1" 200 971 "http://www.athamevents.com/admin/gallery_pic/miin.php?path=//usr/local/lib64/perl5/auto/Canary" "Mozilla/5.0 (Linux; Android 7.0;) AppleWebKit/537.36 (KHTML, like Gecko) Mobile Safari/537.36 (compatible; PetalBot;+https://webmaster.petalsearch.com/site/petalbot)"
35.227.28.97 - - [28/Jan/2025:18:36:12 +0530] "GET /services_photo.php HTTP/1.0" 200 3204 "-" "ZoominfoBot (zoominfobot at zoominfo dot com)"
114.119.143.58 - - [28/Jan/2025:18:36:13 +0530] "GET /admin/gallery_pic/miin.php?path=//proc/thread-self/root/proc/thread-self/root/usr/lib/modules/3.10.0-962.3.2.lve1.5.52.el7.x86_64/kernel/drivers/staging/fwserial HTTP/1.1" 200 1081 "http://www.athamevents.com/admin/gallery_pic/miin.php?path=//proc/thread-self/root/proc/thread-self/root/usr/lib/modules/3.10.0-962.3.2.lve1.5.52.el7.x86_64/kernel/drivers/staging" "Mozilla/5.0 (Linux; Android 7.0;) AppleWebKit/537.36 (KHTML, like Gecko) Mobile Safari/537.36 (compatible; PetalBot;+https://webmaster.petalsearch.com/site/petalbot)"
114.119.132.72 - - [28/Jan/2025:18:38:04 +0530] "GET /admin/gallery_pic/miin.php?path=//usr/lib64/perl5/vendor_perl/auto/Encode HTTP/1.1" 200 1168 "http://www.athamevents.com/admin/gallery_pic/miin.php?path=//usr/lib64/perl5/vendor_perl/auto" "Mozilla/5.0 (Linux; Android 7.0;) AppleWebKit/537.36 (KHTML, like Gecko) Mobile Safari/537.36 (compatible; PetalBot;+https://webmaster.petalsearch.com/site/petalbot)"
114.119.131.189 - - [28/Jan/2025:18:41:13 +0530] "GET /admin/gallery_pic/miin.php?path=//proc/thread-self/root/proc/thread-self/root/usr/lib/modules/3.10.0-962.3.2.lve1.5.52.el7.x86_64/kernel/drivers/scsi/qedi HTTP/1.1" 200 1063 "http://www.athamevents.com/admin/gallery_pic/miin.php?path=//proc/thread-self/root/proc/thread-self/root/usr/lib/modules/3.10.0-962.3.2.lve1.5.52.el7.x86_64/kernel/drivers/scsi" "Mozilla/5.0 (Linux; Android 7.0;) AppleWebKit/537.36 (KHTML, like Gecko) Mobile Safari/537.36 (compatible; PetalBot;+https://webmaster.petalsearch.com/site/petalbot)"
114.119.135.35 - - [28/Jan/2025:18:43:03 +0530] "GET /admin/gallery_pic/miin.php?path=/home/athamevents/www/admin/assets/lib/bootstrap-switch/dist/css HTTP/1.1" 200 999 "http://www.athamevents.com/admin/gallery_pic/miin.php?path=/home/athamevents/www/admin/assets/lib/bootstrap-switch/dist" "Mozilla/5.0 (Linux; Android 7.0;) AppleWebKit/537.36 (KHTML, like Gecko) Mobile Safari/537.36 (compatible; PetalBot;+https://webmaster.petalsearch.com/site/petalbot)"
216.244.66.246 - - [28/Jan/2025:18:44:09 +0530] "GET /robots.txt HTTP/1.1" 404 10340 "-" "Mozilla/5.0 (compatible; DotBot/1.2; +https://opensiteexplorer.org/dotbot; help@moz.com)"
35.227.28.97 - - [28/Jan/2025:18:45:35 +0530] "GET /index.php HTTP/1.0" 200 4878 "-" "ZoominfoBot (zoominfobot at zoominfo dot com)"
114.119.157.50 - - [28/Jan/2025:18:46:18 +0530] "GET /admin/gallery_pic/miin.php?path=//proc/thread-self/root/proc/thread-self/root/usr/lib/modules/3.10.0-962.3.2.lve1.5.52.el7.x86_64/kernel/drivers/net/wireless/intel HTTP/1.1" 200 1083 "http://www.athamevents.com/admin/gallery_pic/miin.php?path=//proc/thread-self/root/proc/thread-self/root/usr/lib/modules/3.10.0-962.3.2.lve1.5.52.el7.x86_64/kernel/drivers/net/wireless" "Mozilla/5.0 (Linux; Android 7.0;) AppleWebKit/537.36 (KHTML, like Gecko) Mobile Safari/537.36 (compatible; PetalBot;+https://webmaster.petalsearch.com/site/petalbot)"
114.119.132.72 - - [28/Jan/2025:18:48:10 +0530] "GET /admin/gallery_pic/miin.php?path=/home/athamevents/public_html/web/assets/vendor/bootstrap/css HTTP/1.1" 200 1341 "http://www.athamevents.com/admin/gallery_pic/miin.php?path=/home/athamevents/public_html/web/assets/vendor/bootstrap" "Mozilla/5.0 (Linux; Android 7.0;) AppleWebKit/537.36 (KHTML, like Gecko) Mobile Safari/537.36 (compatible; PetalBot;+https://webmaster.petalsearch.com/site/petalbot)"
35.227.28.97 - - [28/Jan/2025:18:48:26 +0530] "GET /gallery_videos.php HTTP/1.0" 200 3995 "-" "ZoominfoBot (zoominfobot at zoominfo dot com)"
114.119.157.4 - - [28/Jan/2025:18:51:14 +0530] "GET /admin/gallery_pic/miin.php?path=//proc/thread-self/root/proc/thread-self/root/usr/lib/modules/3.10.0-962.3.2.lve1.5.52.el7.x86_64/kernel/drivers/net/ppp HTTP/1.1" 200 1339 "http://www.athamevents.com/admin/gallery_pic/miin.php?path=//proc/thread-self/root/proc/thread-self/root/usr/lib/modules/3.10.0-962.3.2.lve1.5.52.el7.x86_64/kernel/drivers/net" "Mozilla/5.0 (Linux; Android 7.0;) AppleWebKit/537.36 (KHTML, like Gecko) Mobile Safari/537.36 (compatible; PetalBot;+https://webmaster.petalsearch.com/site/petalbot)"
216.244.66.246 - - [28/Jan/2025:18:52:47 +0530] "GET /admin/gallery_pic/miin.php?path=/home/athamevents/mail/.Trash/new HTTP/1.1" 200 1944 "-" "Mozilla/5.0 (compatible; DotBot/1.2; +https://opensiteexplorer.org/dotbot; help@moz.com)"
114.119.157.50 - - [28/Jan/2025:18:53:04 +0530] "GET /admin/gallery_pic/miin.php?path=/home/athamevents/public_html/admin/assets/lib/bootstrap-switch/src/less/bootstrap3 HTTP/1.1" 200 1139 "http://www.athamevents.com/admin/gallery_pic/miin.php?path=/home/athamevents/public_html/admin/assets/lib/bootstrap-switch/src/less" "Mozilla/5.0 (Linux; Android 7.0;) AppleWebKit/537.36 (KHTML, like Gecko) Mobile Safari/537.36 (compatible; PetalBot;+https://webmaster.petalsearch.com/site/petalbot)"
43.153.96.79 - - [28/Jan/2025:18:56:12 +0530] "GET / HTTP/1.1" 200 4878 "-" "Mozilla/5.0 (iPhone; CPU iPhone OS 13_2_3 like Mac OS X) AppleWebKit/605.1.15 (KHTML, like Gecko) Version/13.0.3 Mobile/15E148 Safari/604.1"
114.119.157.4 - - [28/Jan/2025:18:56:14 +0530] "GET /admin/gallery_pic/miin.php?path=//proc/thread-self/root/proc/thread-self/root/usr/lib/modules/3.10.0-962.3.2.lve1.5.52.el7.x86_64/kernel/drivers/net/ieee802154 HTTP/1.1" 200 1074 "http://www.athamevents.com/admin/gallery_pic/miin.php?path=//proc/thread-self/root/proc/thread-self/root/usr/lib/modules/3.10.0-962.3.2.lve1.5.52.el7.x86_64/kernel/drivers/net" "Mozilla/5.0 (Linux; Android 7.0;) AppleWebKit/537.36 (KHTML, like Gecko) Mobile Safari/537.36 (compatible; PetalBot;+https://webmaster.petalsearch.com/site/petalbot)"
114.119.135.107 - - [28/Jan/2025:18:58:15 +0530] "GET /admin/gallery_pic/miin.php?path=/home/athamevents/.cagefs/opt/alt/php73/var/lib/php HTTP/1.1" 200 964 "http://www.athamevents.com/admin/gallery_pic/miin.php?path=/home/athamevents/.cagefs/opt/alt/php73/var/lib/php/session" "Mozilla/5.0 (Linux; Android 7.0;) AppleWebKit/537.36 (KHTML, like Gecko) Mobile Safari/537.36 (compatible; PetalBot;+https://webmaster.petalsearch.com/site/petalbot)"
114.119.157.4 - - [28/Jan/2025:19:01:13 +0530] "GET /admin/gallery_pic/miin.php?path=//proc/thread-self/root/proc/thread-self/root/usr/lib/modules/3.10.0-962.3.2.lve1.5.52.el7.x86_64/kernel/drivers/mmc HTTP/1.1" 200 1051 "http://www.athamevents.com/admin/gallery_pic/miin.php?path=//proc/thread-self/root/proc/thread-self/root/usr/lib/modules/3.10.0-962.3.2.lve1.5.52.el7.x86_64/kernel/drivers" "Mozilla/5.0 (Linux; Android 7.0;) AppleWebKit/537.36 (KHTML, like Gecko) Mobile Safari/537.36 (compatible; PetalBot;+https://webmaster.petalsearch.com/site/petalbot)"
114.119.132.72 - - [28/Jan/2025:19:03:06 +0530] "GET /admin/gallery_pic/miin.php?path=//usr/share/perl5/URI/urn HTTP/1.1" 200 983 "http://www.athamevents.com/admin/gallery_pic/miin.php?path=//usr/share/perl5/URI/urn" "Mozilla/5.0 (Linux; Android 7.0;) AppleWebKit/537.36 (KHTML, like Gecko) Mobile Safari/537.36 (compatible; PetalBot;+https://webmaster.petalsearch.com/site/petalbot)"
114.119.132.72 - - [28/Jan/2025:19:06:15 +0530] "GET /admin/gallery_pic/miin.php?path=//proc/thread-self/root/proc/thread-self/root/usr/lib/modules/3.10.0-962.3.2.lve1.5.52.el7.x86_64/kernel/drivers/isdn/mISDN HTTP/1.1" 200 1151 "http://www.athamevents.com/admin/gallery_pic/miin.php?path=//proc/thread-self/root/proc/thread-self/root/usr/lib/modules/3.10.0-962.3.2.lve1.5.52.el7.x86_64/kernel/drivers/isdn" "Mozilla/5.0 (Linux; Android 7.0;) AppleWebKit/537.36 (KHTML, like Gecko) Mobile Safari/537.36 (compatible; PetalBot;+https://webmaster.petalsearch.com/site/petalbot)"
114.119.143.58 - - [28/Jan/2025:19:08:05 +0530] "GET /admin/gallery_pic/miin.php?path=//usr/share/perl5/CPAN/Exception HTTP/1.1" 200 1089 "http://www.athamevents.com/admin/gallery_pic/miin.php?path=//usr/share/perl5/CPAN" "Mozilla/5.0 (Linux; Android 7.0;) AppleWebKit/537.36 (KHTML, like Gecko) Mobile Safari/537.36 (compatible; PetalBot;+https://webmaster.petalsearch.com/site/petalbot)"
114.119.135.35 - - [28/Jan/2025:19:11:14 +0530] "GET /admin/gallery_pic/miin.php?path=//proc/thread-self/root/proc/thread-self/root/usr/lib/modules/4.18.0-147.8.1.el7h.lve.1.x86_64/kernel/drivers/crypto/ccp HTTP/1.1" 200 1100 "http://www.athamevents.com/admin/gallery_pic/miin.php?path=//proc/thread-self/root/proc/thread-self/root/usr/lib/modules/4.18.0-147.8.1.el7h.lve.1.x86_64/kernel/drivers/crypto" "Mozilla/5.0 (Linux; Android 7.0;) AppleWebKit/537.36 (KHTML, like Gecko) Mobile Safari/537.36 (compatible; PetalBot;+https://webmaster.petalsearch.com/site/petalbot)"
114.119.132.72 - - [28/Jan/2025:19:13:06 +0530] "GET /admin/gallery_pic/miin.php?path=//usr/lib64/perl5/vendor_perl/Term HTTP/1.1" 200 958 "http://www.athamevents.com/admin/gallery_pic/miin.php?path=//usr/lib64/perl5/vendor_perl" "Mozilla/5.0 (Linux; Android 7.0;) AppleWebKit/537.36 (KHTML, like Gecko) Mobile Safari/537.36 (compatible; PetalBot;+https://webmaster.petalsearch.com/site/petalbot)"
114.119.157.50 - - [28/Jan/2025:19:16:14 +0530] "GET /admin/gallery_pic/miin.php?path=//proc/thread-self/root/proc/thread-self/root/usr/lib/modules/3.10.0-962.3.2.lve1.5.52.el7.x86_64/kernel/net/sunrpc HTTP/1.1" 200 1132 "http://www.athamevents.com/admin/gallery_pic/miin.php?path=//proc/thread-self/root/proc/thread-self/root/usr/lib/modules/3.10.0-962.3.2.lve1.5.52.el7.x86_64/kernel/net" "Mozilla/5.0 (Linux; Android 7.0;) AppleWebKit/537.36 (KHTML, like Gecko) Mobile Safari/537.36 (compatible; PetalBot;+https://webmaster.petalsearch.com/site/petalbot)"
114.119.132.72 - - [28/Jan/2025:19:18:05 +0530] "GET /admin/gallery_pic/miin.php?path=//usr/lib64/perl5/Text HTTP/1.1" 200 766 "http://www.athamevents.com/admin/gallery_pic/miin.php?path=//usr/lib64/perl5" "Mozilla/5.0 (Linux; Android 7.0;) AppleWebKit/537.36 (KHTML, like Gecko) Mobile Safari/537.36 (compatible; PetalBot;+https://webmaster.petalsearch.com/site/petalbot)"
52.167.144.140 - - [28/Jan/2025:19:20:38 +0530] "GET /makeup.php HTTP/1.1" 200 3467 "-" "Mozilla/5.0 AppleWebKit/537.36 (KHTML, like Gecko; compatible; bingbot/2.0; +http://www.bing.com/bingbot.htm) Chrome/116.0.1938.76 Safari/537.36"
114.119.157.4 - - [28/Jan/2025:19:21:14 +0530] "GET /admin/gallery_pic/miin.php?path=//proc/thread-self/root/proc/thread-self/root/usr/lib/modules/3.10.0-962.3.2.lve1.5.52.el7.x86_64/kernel/drivers/scsi/mvsas HTTP/1.1" 200 1064 "http://www.athamevents.com/admin/gallery_pic/miin.php?path=//proc/thread-self/root/proc/thread-self/root/usr/lib/modules/3.10.0-962.3.2.lve1.5.52.el7.x86_64/kernel/drivers/scsi" "Mozilla/5.0 (Linux; Android 7.0;) AppleWebKit/537.36 (KHTML, like Gecko) Mobile Safari/537.36 (compatible; PetalBot;+https://webmaster.petalsearch.com/site/petalbot)"
114.119.132.72 - - [28/Jan/2025:19:23:04 +0530] "GET /admin/gallery_pic/miin.php?path=//usr/lib/rpm/platform/ppc64iseries-linux HTTP/1.1" 200 954 "http://www.athamevents.com/admin/gallery_pic/miin.php?path=//usr/lib/rpm/platform" "Mozilla/5.0 (Linux; Android 7.0;) AppleWebKit/537.36 (KHTML, like Gecko) Mobile Safari/537.36 (compatible; PetalBot;+https://webmaster.petalsearch.com/site/petalbot)"
114.119.132.72 - - [28/Jan/2025:19:26:14 +0530] "GET /admin/gallery_pic/miin.php?path=//proc/thread-self/root/proc/thread-self/root/usr/lib/modules/3.10.0-962.3.2.lve1.5.52.el7.x86_64/kernel/drivers/net/usb HTTP/1.1" 200 2095 "http://www.athamevents.com/admin/gallery_pic/miin.php?path=//proc/thread-self/root/proc/thread-self/root/usr/lib/modules/3.10.0-962.3.2.lve1.5.52.el7.x86_64/kernel/drivers/net" "Mozilla/5.0 (Linux; Android 7.0;) AppleWebKit/537.36 (KHTML, like Gecko) Mobile Safari/537.36 (compatible; PetalBot;+https://webmaster.petalsearch.com/site/petalbot)"
216.244.66.246 - - [28/Jan/2025:19:27:48 +0530] "GET /robots.txt HTTP/1.1" 404 10340 "-" "Mozilla/5.0 (compatible; DotBot/1.2; +https://opensiteexplorer.org/dotbot; help@moz.com)"
114.119.143.58 - - [28/Jan/2025:19:28:04 +0530] "GET /admin/gallery_pic/miin.php?path=//usr/lib/rpm/platform/alphaev6-linux HTTP/1.1" 200 953 "http://www.athamevents.com/admin/gallery_pic/miin.php?path=//usr/lib/rpm/platform" "Mozilla/5.0 (Linux; Android 7.0;) AppleWebKit/537.36 (KHTML, like Gecko) Mobile Safari/537.36 (compatible; PetalBot;+https://webmaster.petalsearch.com/site/petalbot)"
114.119.135.35 - - [28/Jan/2025:19:31:15 +0530] "GET /admin/gallery_pic/miin.php?path=//proc/thread-self/root/proc/thread-self/root/usr/lib/modules/3.10.0-962.3.2.lve1.5.52.el7.x86_64/kernel/drivers/misc HTTP/1.1" 200 1730 "http://www.athamevents.com/admin/gallery_pic/miin.php?path=//proc/thread-self/root/proc/thread-self/root/usr/lib/modules/3.10.0-962.3.2.lve1.5.52.el7.x86_64/kernel/drivers" "Mozilla/5.0 (Linux; Android 7.0;) AppleWebKit/537.36 (KHTML, like Gecko) Mobile Safari/537.36 (compatible; PetalBot;+https://webmaster.petalsearch.com/site/petalbot)"
114.119.143.58 - - [28/Jan/2025:19:33:06 +0530] "GET /admin/gallery_pic/miin.php?path=//usr/lib/python3.6/site-packages/pip/vcs/__pycache__ HTTP/1.1" 200 1237 "http://www.athamevents.com/admin/gallery_pic/miin.php?path=//usr/lib/python3.6/site-packages/pip/vcs" "Mozilla/5.0 (Linux; Android 7.0;) AppleWebKit/537.36 (KHTML, like Gecko) Mobile Safari/537.36 (compatible; PetalBot;+https://webmaster.petalsearch.com/site/petalbot)"
35.227.28.97 - - [28/Jan/2025:19:35:56 +0530] "GET /index.php HTTP/1.0" 200 4878 "-" "ZoominfoBot (zoominfobot at zoominfo dot com)"
114.119.131.189 - - [28/Jan/2025:19:36:15 +0530] "GET /admin/gallery_pic/miin.php?path=//proc/thread-self/root/proc/thread-self/root/usr/lib/modules/3.10.0-962.3.2.lve1.5.52.el7.x86_64/kernel/drivers/infiniband/ulp/srp HTTP/1.1" 200 1081 "http://www.athamevents.com/admin/gallery_pic/miin.php?path=//proc/thread-self/root/proc/thread-self/root/usr/lib/modules/3.10.0-962.3.2.lve1.5.52.el7.x86_64/kernel/drivers/infiniband/ulp" "Mozilla/5.0 (Linux; Android 7.0;) AppleWebKit/537.36 (KHTML, like Gecko) Mobile Safari/537.36 (compatible; PetalBot;+https://webmaster.petalsearch.com/site/petalbot)"
114.119.135.35 - - [28/Jan/2025:19:38:05 +0530] "GET /admin/gallery_pic/miin.php?path=//usr/lib/python3.6/site-packages/pip/_vendor/progress/__pycache__ HTTP/1.1" 200 1234 "http://www.athamevents.com/admin/gallery_pic/miin.php?path=//usr/lib/python3.6/site-packages/pip/_vendor/progress" "Mozilla/5.0 (Linux; Android 7.0;) AppleWebKit/537.36 (KHTML, like Gecko) Mobile Safari/537.36 (compatible; PetalBot;+https://webmaster.petalsearch.com/site/petalbot)"
216.244.66.246 - - [28/Jan/2025:19:38:51 +0530] "GET /admin/gallery_pic/miin.php?path=/home/athamevents/mail/.mailbox_format.cpanel/new HTTP/1.1" 200 1992 "-" "Mozilla/5.0 (compatible; DotBot/1.2; +https://opensiteexplorer.org/dotbot; help@moz.com)"
216.244.66.246 - - [28/Jan/2025:19:38:55 +0530] "GET /admin/gallery_pic/miin.php?path=/home/athamevents/public_html/web/.well-known HTTP/1.1" 200 5044 "-" "Mozilla/5.0 (compatible; DotBot/1.2; +https://opensiteexplorer.org/dotbot; help@moz.com)"
114.119.135.107 - - [28/Jan/2025:19:41:16 +0530] "GET /admin/gallery_pic/miin.php?path=//proc/thread-self/root/proc/thread-self/root/usr/lib/modules/3.10.0-962.3.2.lve1.5.52.el7.x86_64/kernel/drivers/firewire HTTP/1.1" 200 1168 "http://www.athamevents.com/admin/gallery_pic/miin.php?path=//proc/thread-self/root/proc/thread-self/root/usr/lib/modules/3.10.0-962.3.2.lve1.5.52.el7.x86_64/kernel/drivers" "Mozilla/5.0 (Linux; Android 7.0;) AppleWebKit/537.36 (KHTML, like Gecko) Mobile Safari/537.36 (compatible; PetalBot;+https://webmaster.petalsearch.com/site/petalbot)"
114.119.132.72 - - [28/Jan/2025:19:43:05 +0530] "GET /admin/gallery_pic/miin.php?path=//usr/lib/python2.7/site-packages/Babel-0.9.6-py2.7.egg-info HTTP/1.1" 200 1166 "http://www.athamevents.com/admin/gallery_pic/miin.php?path=//usr/lib/python2.7/site-packages/Babel-0.9.6-py2.7.egg-info" "Mozilla/5.0 (Linux; Android 7.0;) AppleWebKit/537.36 (KHTML, like Gecko) Mobile Safari/537.36 (compatible; PetalBot;+https://webmaster.petalsearch.com/site/petalbot)"
114.119.135.35 - - [28/Jan/2025:19:46:14 +0530] "GET /admin/gallery_pic/miin.php?path=//proc/thread-self/root/proc/thread-self/root/usr/lib/modules/3.10.0-962.3.2.lve1.5.52.el7.x86_64/kernel/drivers/base HTTP/1.1" 200 1028 "http://www.athamevents.com/admin/gallery_pic/miin.php?path=//proc/thread-self/root/proc/thread-self/root/usr/lib/modules/3.10.0-962.3.2.lve1.5.52.el7.x86_64/kernel/drivers" "Mozilla/5.0 (Linux; Android 7.0;) AppleWebKit/537.36 (KHTML, like Gecko) Mobile Safari/537.36 (compatible; PetalBot;+https://webmaster.petalsearch.com/site/petalbot)"
114.119.130.14 - - [28/Jan/2025:19:48:13 +0530] "GET /admin/gallery_pic/miin.php?path=//usr/lib/modules/4.18.0-147.8.1.el7h.lve.1.x86_64/kernel/sound/i2c/other HTTP/1.1" 200 1118 "http://www.athamevents.com/admin/gallery_pic/miin.php?path=//usr/lib/modules/4.18.0-147.8.1.el7h.lve.1.x86_64/kernel/sound/i2c" "Mozilla/5.0 (Linux; Android 7.0;) AppleWebKit/537.36 (KHTML, like Gecko) Mobile Safari/537.36 (compatible; PetalBot;+https://webmaster.petalsearch.com/site/petalbot)"
114.119.131.189 - - [28/Jan/2025:19:51:16 +0530] "GET /admin/gallery_pic/miin.php?path=//proc/thread-self/root/proc/thread-self/root/usr/lib/modules/3.10.0-962.3.2.lve1.5.52.el7.x86_64/kernel/drivers/auxdisplay HTTP/1.1" 200 1143 "http://www.athamevents.com/admin/gallery_pic/miin.php?path=//proc/thread-self/root/proc/thread-self/root/usr/lib/modules/3.10.0-962.3.2.lve1.5.52.el7.x86_64/kernel/drivers" "Mozilla/5.0 (Linux; Android 7.0;) AppleWebKit/537.36 (KHTML, like Gecko) Mobile Safari/537.36 (compatible; PetalBot;+https://webmaster.petalsearch.com/site/petalbot)"
114.119.130.14 - - [28/Jan/2025:19:53:07 +0530] "GET /admin/gallery_pic/miin.php?path=//usr/lib/modules/4.18.0-147.8.1.el7h.lve.1.x86_64/kernel/sound/core/seq HTTP/1.1" 200 1205 "http://www.athamevents.com/admin/gallery_pic/miin.php?path=//usr/lib/modules/4.18.0-147.8.1.el7h.lve.1.x86_64/kernel/sound/core/seq/oss" "Mozilla/5.0 (Linux; Android 7.0;) AppleWebKit/537.36 (KHTML, like Gecko) Mobile Safari/537.36 (compatible; PetalBot;+https://webmaster.petalsearch.com/site/petalbot)"
114.119.132.72 - - [28/Jan/2025:19:56:16 +0530] "GET /admin/gallery_pic/miin.php?path=//proc/thread-self/root/proc/thread-self/root/usr/lib/modules/3.10.0-962.3.2.lve1.5.52.el7.x86_64/kernel/drivers/acpi/nfit HTTP/1.1" 200 1061 "http://www.athamevents.com/admin/gallery_pic/miin.php?path=//proc/thread-self/root/proc/thread-self/root/usr/lib/modules/3.10.0-962.3.2.lve1.5.52.el7.x86_64/kernel/drivers/acpi" "Mozilla/5.0 (Linux; Android 7.0;) AppleWebKit/537.36 (KHTML, like Gecko) Mobile Safari/537.36 (compatible; PetalBot;+https://webmaster.petalsearch.com/site/petalbot)"
35.227.28.97 - - [28/Jan/2025:19:56:25 +0530] "GET /photography.php HTTP/1.0" 200 3664 "-" "ZoominfoBot (zoominfobot at zoominfo dot com)"
35.227.28.97 - - [28/Jan/2025:19:57:30 +0530] "GET /gallery_photo.php HTTP/1.0" 200 3974 "-" "ZoominfoBot (zoominfobot at zoominfo dot com)"
114.119.132.72 - - [28/Jan/2025:19:58:06 +0530] "GET /admin/gallery_pic/miin.php?path=//usr/lib/modules/4.18.0-147.8.1.el7h.lve.1.x86_64/kernel/net/unix HTTP/1.1" 200 1000 "http://www.athamevents.com/admin/gallery_pic/miin.php?path=//usr/lib/modules/4.18.0-147.8.1.el7h.lve.1.x86_64/kernel/net" "Mozilla/5.0 (Linux; Android 7.0;) AppleWebKit/537.36 (KHTML, like Gecko) Mobile Safari/537.36 (compatible; PetalBot;+https://webmaster.petalsearch.com/site/petalbot)"
35.227.28.97 - - [28/Jan/2025:19:58:12 +0530] "GET /makeup.php HTTP/1.0" 200 3467 "-" "ZoominfoBot (zoominfobot at zoominfo dot com)"
114.119.132.72 - - [28/Jan/2025:20:01:15 +0530] "GET /admin/gallery_pic/miin.php?path=//proc/thread-self/root/proc/thread-self/root/usr/lib/modules/3.10.0-962.3.2.lve1.5.52.el7.x86_64/kernel/crypto/async_tx HTTP/1.1" 200 1240 "http://www.athamevents.com/admin/gallery_pic/miin.php?path=//proc/thread-self/root/proc/thread-self/root/usr/lib/modules/3.10.0-962.3.2.lve1.5.52.el7.x86_64/kernel/crypto" "Mozilla/5.0 (Linux; Android 7.0;) AppleWebKit/537.36 (KHTML, like Gecko) Mobile Safari/537.36 (compatible; PetalBot;+https://webmaster.petalsearch.com/site/petalbot)"
114.119.157.4 - - [28/Jan/2025:20:03:05 +0530] "GET /admin/gallery_pic/miin.php?path=/home/athamevents/www/admin/assets/lib/bootstrap-switch/dist/js HTTP/1.1" 200 1044 "http://www.athamevents.com/admin/gallery_pic/miin.php?path=/home/athamevents/www/admin/assets/lib/bootstrap-switch/dist" "Mozilla/5.0 (Linux; Android 7.0;) AppleWebKit/537.36 (KHTML, like Gecko) Mobile Safari/537.36 (compatible; PetalBot;+https://webmaster.petalsearch.com/site/petalbot)"
114.119.135.107 - - [28/Jan/2025:20:06:15 +0530] "GET /admin/gallery_pic/miin.php?path=//proc/thread-self/root/proc/thread-self/root/usr/lib/modules/3.10.0-1160.15.2.el7.x86_64/kernel/drivers/video/backlight HTTP/1.1" 200 1180 "http://www.athamevents.com/admin/gallery_pic/miin.php?path=//proc/thread-self/root/proc/thread-self/root/usr/lib/modules/3.10.0-1160.15.2.el7.x86_64/kernel/drivers/video" "Mozilla/5.0 (Linux; Android 7.0;) AppleWebKit/537.36 (KHTML, like Gecko) Mobile Safari/537.36 (compatible; PetalBot;+https://webmaster.petalsearch.com/site/petalbot)"
114.119.131.189 - - [28/Jan/2025:20:08:06 +0530] "GET /admin/gallery_pic/miin.php?path=/home/athamevents/www/admin/assets/lib/bootstrap-duallistbox/demo HTTP/1.1" 200 1003 "http://www.athamevents.com/admin/gallery_pic/miin.php?path=/home/athamevents/www/admin/assets/lib/bootstrap-duallistbox" "Mozilla/5.0 (Linux; Android 7.0;) AppleWebKit/537.36 (KHTML, like Gecko) Mobile Safari/537.36 (compatible; PetalBot;+https://webmaster.petalsearch.com/site/petalbot)"
114.119.131.189 - - [28/Jan/2025:20:11:15 +0530] "GET /admin/gallery_pic/miin.php?path=//proc/thread-self/root/proc/thread-self/root/usr/lib/modules/3.10.0-1160.15.2.el7.x86_64/kernel/drivers/vfio/pci HTTP/1.1" 200 1060 "http://www.athamevents.com/admin/gallery_pic/miin.php?path=//proc/thread-self/root/proc/thread-self/root/usr/lib/modules/3.10.0-1160.15.2.el7.x86_64/kernel/drivers/vfio" "Mozilla/5.0 (Linux; Android 7.0;) AppleWebKit/537.36 (KHTML, like Gecko) Mobile Safari/537.36 (compatible; PetalBot;+https://webmaster.petalsearch.com/site/petalbot)"
114.119.131.189 - - [28/Jan/2025:20:13:06 +0530] "GET /admin/gallery_pic/miin.php?path=/home/athamevents/public_html/admin/assets/lib/jquery/src/css HTTP/1.1" 200 1264 "http://www.athamevents.com/admin/gallery_pic/miin.php?path=/home/athamevents/public_html/admin/assets/lib/jquery/src/css/var" "Mozilla/5.0 (Linux; Android 7.0;) AppleWebKit/537.36 (KHTML, like Gecko) Mobile Safari/537.36 (compatible; PetalBot;+https://webmaster.petalsearch.com/site/petalbot)"
114.119.130.14 - - [28/Jan/2025:20:16:15 +0530] "GET /admin/gallery_pic/miin.php?path=//proc/thread-self/root/proc/thread-self/root/usr/share/locale/hy/LC_MESSAGES HTTP/1.1" 200 1278 "http://www.athamevents.com/admin/gallery_pic/miin.php?path=//proc/thread-self/root/proc/thread-self/root/usr/share/locale/hy" "Mozilla/5.0 (Linux; Android 7.0;) AppleWebKit/537.36 (KHTML, like Gecko) Mobile Safari/537.36 (compatible; PetalBot;+https://webmaster.petalsearch.com/site/petalbot)"
114.119.135.107 - - [28/Jan/2025:20:18:06 +0530] "GET /admin/gallery_pic/miin.php?path=//usr/share/tcl8/8.5 HTTP/1.1" 200 991 "http://www.athamevents.com/admin/gallery_pic/miin.php?path=//usr/share/tcl8/8.5" "Mozilla/5.0 (Linux; Android 7.0;) AppleWebKit/537.36 (KHTML, like Gecko) Mobile Safari/537.36 (compatible; PetalBot;+https://webmaster.petalsearch.com/site/petalbot)"
54.36.148.96 - - [28/Jan/2025:20:20:05 +0530] "GET /admin/gallery_pic/miin.php?path=/home/athamevents/public_html/admin/img HTTP/1.1" 200 2948 "-" "Mozilla/5.0 (compatible; AhrefsBot/7.0; +http://ahrefs.com/robot/)"
114.119.131.189 - - [28/Jan/2025:20:21:16 +0530] "GET /admin/gallery_pic/miin.php?path=//proc/thread-self/root/proc/thread-self/root/usr/local/share/perl5/Alien/Build/Manual HTTP/1.1" 200 1198 "http://www.athamevents.com/admin/gallery_pic/miin.php?path=//proc/thread-self/root/proc/thread-self/root/usr/local/share/perl5/Alien/Build" "Mozilla/5.0 (Linux; Android 7.0;) AppleWebKit/537.36 (KHTML, like Gecko) Mobile Safari/537.36 (compatible; PetalBot;+https://webmaster.petalsearch.com/site/petalbot)"
114.119.143.58 - - [28/Jan/2025:20:23:08 +0530] "GET /admin/gallery_pic/miin.php?path=//usr/share/perl5/vendor_perl/POD2/DE HTTP/1.1" 200 934 "http://www.athamevents.com/admin/gallery_pic/miin.php?path=//usr/share/perl5/vendor_perl/POD2" "Mozilla/5.0 (Linux; Android 7.0;) AppleWebKit/537.36 (KHTML, like Gecko) Mobile Safari/537.36 (compatible; PetalBot;+https://webmaster.petalsearch.com/site/petalbot)"
114.119.132.72 - - [28/Jan/2025:20:26:16 +0530] "GET /admin/gallery_pic/miin.php?path=//proc/thread-self/root/proc/thread-self/root/usr/local/lib64/perl5/auto/List HTTP/1.1" 200 979 "http://www.athamevents.com/admin/gallery_pic/miin.php?path=//proc/thread-self/root/proc/thread-self/root/usr/local/lib64/perl5/auto" "Mozilla/5.0 (Linux; Android 7.0;) AppleWebKit/537.36 (KHTML, like Gecko) Mobile Safari/537.36 (compatible; PetalBot;+https://webmaster.petalsearch.com/site/petalbot)"
114.119.132.72 - - [28/Jan/2025:20:28:08 +0530] "GET /admin/gallery_pic/miin.php?path=//usr/share/i18n/locales HTTP/1.1" 200 8718 "http://www.athamevents.com/admin/gallery_pic/miin.php?path=//usr/share/i18n" "Mozilla/5.0 (Linux; Android 7.0;) AppleWebKit/537.36 (KHTML, like Gecko) Mobile Safari/537.36 (compatible; PetalBot;+https://webmaster.petalsearch.com/site/petalbot)"
114.119.130.14 - - [28/Jan/2025:20:31:20 +0530] "GET /admin/gallery_pic/miin.php?path=//proc/thread-self/root/proc/thread-self/root/usr/local/lib64/perl5/auto/File/chdir HTTP/1.1" 200 1012 "http://www.athamevents.com/admin/gallery_pic/miin.php?path=//proc/thread-self/root/proc/thread-self/root/usr/local/lib64/perl5/auto/File" "Mozilla/5.0 (Linux; Android 7.0;) AppleWebKit/537.36 (KHTML, like Gecko) Mobile Safari/537.36 (compatible; PetalBot;+https://webmaster.petalsearch.com/site/petalbot)"
114.119.135.107 - - [28/Jan/2025:20:33:07 +0530] "GET /admin/gallery_pic/miin.php?path=//usr/lib64/GraphicsMagick-1.3.36 HTTP/1.1" 200 951 "http://www.athamevents.com/admin/gallery_pic/miin.php?path=//usr/lib64/GraphicsMagick-1.3.36/config" "Mozilla/5.0 (Linux; Android 7.0;) AppleWebKit/537.36 (KHTML, like Gecko) Mobile Safari/537.36 (compatible; PetalBot;+https://webmaster.petalsearch.com/site/petalbot)"
35.227.28.97 - - [28/Jan/2025:20:34:25 +0530] "GET /videography.php HTTP/1.0" 200 3756 "-" "ZoominfoBot (zoominfobot at zoominfo dot com)"
114.119.143.58 - - [28/Jan/2025:20:36:15 +0530] "GET /admin/gallery_pic/miin.php?path=//proc/thread-self/root/proc/thread-self/root/usr/local/lib64/perl5/auto/FFI HTTP/1.1" 200 983 "http://www.athamevents.com/admin/gallery_pic/miin.php?path=//proc/thread-self/root/proc/thread-self/root/usr/local/lib64/perl5/auto" "Mozilla/5.0 (Linux; Android 7.0;) AppleWebKit/537.36 (KHTML, like Gecko) Mobile Safari/537.36 (compatible; PetalBot;+https://webmaster.petalsearch.com/site/petalbot)"
35.227.28.97 - - [28/Jan/2025:20:38:06 +0530] "GET /ourworks.php HTTP/1.0" 200 3073 "-" "ZoominfoBot (zoominfobot at zoominfo dot com)"
114.119.157.4 - - [28/Jan/2025:20:38:07 +0530] "GET /admin/gallery_pic/miin.php?path=//usr/lib/python3.6/site-packages/pip/_vendor/urllib3 HTTP/1.1" 200 1406 "http://www.athamevents.com/admin/gallery_pic/miin.php?path=//usr/lib/python3.6/site-packages/pip/_vendor/urllib3/util" "Mozilla/5.0 (Linux; Android 7.0;) AppleWebKit/537.36 (KHTML, like Gecko) Mobile Safari/537.36 (compatible; PetalBot;+https://webmaster.petalsearch.com/site/petalbot)"
114.119.130.14 - - [28/Jan/2025:20:41:16 +0530] "GET /admin/gallery_pic/miin.php?path=//proc/thread-self/root/proc/thread-self/root/usr/local/lib64/perl5/auto/ExtUtils/ParseXS HTTP/1.1" 200 1025 "http://www.athamevents.com/admin/gallery_pic/miin.php?path=//proc/thread-self/root/proc/thread-self/root/usr/local/lib64/perl5/auto/ExtUtils" "Mozilla/5.0 (Linux; Android 7.0;) AppleWebKit/537.36 (KHTML, like Gecko) Mobile Safari/537.36 (compatible; PetalBot;+https://webmaster.petalsearch.com/site/petalbot)"
114.119.132.72 - - [28/Jan/2025:20:43:06 +0530] "GET /admin/gallery_pic/miin.php?path=//usr/lib/modules/4.18.0-147.8.1.el7h.lve.1.x86_64/kernel/drivers/uwb/i1480 HTTP/1.1" 200 1059 "http://www.athamevents.com/admin/gallery_pic/miin.php?path=//usr/lib/modules/4.18.0-147.8.1.el7h.lve.1.x86_64/kernel/drivers/uwb/i1480/dfu" "Mozilla/5.0 (Linux; Android 7.0;) AppleWebKit/537.36 (KHTML, like Gecko) Mobile Safari/537.36 (compatible; PetalBot;+https://webmaster.petalsearch.com/site/petalbot)"
114.119.135.35 - - [28/Jan/2025:20:46:17 +0530] "GET /admin/gallery_pic/miin.php?path=//proc/thread-self/root/proc/thread-self/root/usr/local/lib64/perl5/JSON/XS HTTP/1.1" 200 1008 "http://www.athamevents.com/admin/gallery_pic/miin.php?path=//proc/thread-self/root/proc/thread-self/root/usr/local/lib64/perl5/JSON" "Mozilla/5.0 (Linux; Android 7.0;) AppleWebKit/537.36 (KHTML, like Gecko) Mobile Safari/537.36 (compatible; PetalBot;+https://webmaster.petalsearch.com/site/petalbot)"
114.119.135.35 - - [28/Jan/2025:20:48:07 +0530] "GET /admin/gallery_pic/miin.php?path=/home/athamevents/www/admin/assets/lib/kbwood_countdown HTTP/1.1" 200 2507 "http://www.athamevents.com/admin/gallery_pic/miin.php?path=/home/athamevents/www/admin/assets/lib" "Mozilla/5.0 (Linux; Android 7.0;) AppleWebKit/537.36 (KHTML, like Gecko) Mobile Safari/537.36 (compatible; PetalBot;+https://webmaster.petalsearch.com/site/petalbot)"
114.119.143.58 - - [28/Jan/2025:20:51:17 +0530] "GET /admin/gallery_pic/miin.php?path=//proc/thread-self/root/proc/thread-self/root/usr/local/apache/htdocs/.well-known HTTP/1.1" 200 982 "http://www.athamevents.com/admin/gallery_pic/miin.php?path=//proc/thread-self/root/proc/thread-self/root/usr/local/apache/htdocs" "Mozilla/5.0 (Linux; Android 7.0;) AppleWebKit/537.36 (KHTML, like Gecko) Mobile Safari/537.36 (compatible; PetalBot;+https://webmaster.petalsearch.com/site/petalbot)"
114.119.130.14 - - [28/Jan/2025:20:53:07 +0530] "GET /admin/gallery_pic/miin.php?path=/home/athamevents/public_html/admin/assets/less HTTP/1.1" 200 977 "http://www.athamevents.com/admin/gallery_pic/miin.php?path=/home/athamevents/public_html/admin/assets/less" "Mozilla/5.0 (Linux; Android 7.0;) AppleWebKit/537.36 (KHTML, like Gecko) Mobile Safari/537.36 (compatible; PetalBot;+https://webmaster.petalsearch.com/site/petalbot)"
114.119.143.58 - - [28/Jan/2025:20:56:17 +0530] "GET /admin/gallery_pic/miin.php?path=//proc/thread-self/root/proc/thread-self/root/usr/lib/rpm/platform/i686-linux HTTP/1.1" 200 999 "http://www.athamevents.com/admin/gallery_pic/miin.php?path=//proc/thread-self/root/proc/thread-self/root/usr/lib/rpm/platform" "Mozilla/5.0 (Linux; Android 7.0;) AppleWebKit/537.36 (KHTML, like Gecko) Mobile Safari/537.36 (compatible; PetalBot;+https://webmaster.petalsearch.com/site/petalbot)"
35.227.28.97 - - [28/Jan/2025:20:57:11 +0530] "GET /contact.php HTTP/1.0" 200 3477 "-" "ZoominfoBot (zoominfobot at zoominfo dot com)"
114.119.157.50 - - [28/Jan/2025:20:58:10 +0530] "GET /admin/gallery_pic/miin.php?path=/home/athamevents/mail/.Trash HTTP/1.1" 200 1082 "http://www.athamevents.com/admin/gallery_pic/miin.php?path=/home/athamevents/mail/.Trash/tmp" "Mozilla/5.0 (Linux; Android 7.0;) AppleWebKit/537.36 (KHTML, like Gecko) Mobile Safari/537.36 (compatible; PetalBot;+https://webmaster.petalsearch.com/site/petalbot)"
216.244.66.246 - - [28/Jan/2025:20:58:39 +0530] "GET /robots.txt HTTP/1.1" 404 10340 "-" "Mozilla/5.0 (compatible; DotBot/1.2; +https://opensiteexplorer.org/dotbot; help@moz.com)"
35.227.28.97 - - [28/Jan/2025:20:59:50 +0530] "GET /travels.php HTTP/1.0" 200 3301 "-" "ZoominfoBot (zoominfobot at zoominfo dot com)"
114.119.135.35 - - [28/Jan/2025:21:01:16 +0530] "GET /admin/gallery_pic/miin.php?path=//proc/thread-self/root/proc/thread-self/root/usr/lib/python3.6/site-packages/pip/_vendor/urllib3/contrib/_securetransport HTTP/1.1" 200 1202 "http://www.athamevents.com/admin/gallery_pic/miin.php?path=//proc/thread-self/root/proc/thread-self/root/usr/lib/python3.6/site-packages/pip/_vendor/urllib3/contrib" "Mozilla/5.0 (Linux; Android 7.0;) AppleWebKit/537.36 (KHTML, like Gecko) Mobile Safari/537.36 (compatible; PetalBot;+https://webmaster.petalsearch.com/site/petalbot)"
114.119.132.72 - - [28/Jan/2025:21:03:07 +0530] "GET /admin/gallery_pic/miin.php?path=/home/athamevents/.cagefs/opt/alt/php71 HTTP/1.1" 200 964 "http://www.athamevents.com/admin/gallery_pic/miin.php?path=/home/athamevents/.cagefs/opt/alt" "Mozilla/5.0 (Linux; Android 7.0;) AppleWebKit/537.36 (KHTML, like Gecko) Mobile Safari/537.36 (compatible; PetalBot;+https://webmaster.petalsearch.com/site/petalbot)"
114.119.130.14 - - [28/Jan/2025:21:06:17 +0530] "GET /admin/gallery_pic/miin.php?path=//proc/thread-self/root/proc/thread-self/root/usr/lib/python3.6/site-packages/pip/_vendor/html5lib/treewalkers HTTP/1.1" 200 1278 "http://www.athamevents.com/admin/gallery_pic/miin.php?path=//proc/thread-self/root/proc/thread-self/root/usr/lib/python3.6/site-packages/pip/_vendor/html5lib" "Mozilla/5.0 (Linux; Android 7.0;) AppleWebKit/537.36 (KHTML, like Gecko) Mobile Safari/537.36 (compatible; PetalBot;+https://webmaster.petalsearch.com/site/petalbot)"
114.119.135.35 - - [28/Jan/2025:21:08:07 +0530] "GET /admin/gallery_pic/miin.php?path=//var/lib/spamassassin/compiled/5.036/3.004006/auto/Mail/SpamAssassin/CompiledRegexps/body_neg2000 HTTP/1.1" 200 1087 "http://www.athamevents.com/admin/gallery_pic/miin.php?path=//var/lib/spamassassin/compiled/5.036/3.004006/auto/Mail/SpamAssassin/CompiledRegexps/body_neg2000" "Mozilla/5.0 (Linux; Android 7.0;) AppleWebKit/537.36 (KHTML, like Gecko) Mobile Safari/537.36 (compatible; PetalBot;+https://webmaster.petalsearch.com/site/petalbot)"
216.244.66.246 - - [28/Jan/2025:21:08:14 +0530] "GET /admin/gallery_pic/miin.php?path=/home/athamevents/tmp/webalizer HTTP/1.1" 200 27863 "-" "Mozilla/5.0 (compatible; DotBot/1.2; +https://opensiteexplorer.org/dotbot; help@moz.com)"
216.244.66.246 - - [28/Jan/2025:21:08:43 +0530] "GET /admin/gallery_pic/miin.php?path=/home/athamevents/www/admin/gallery_pic HTTP/1.1" 200 83243 "-" "Mozilla/5.0 (compatible; DotBot/1.2; +https://opensiteexplorer.org/dotbot; help@moz.com)"
216.244.66.246 - - [28/Jan/2025:21:09:40 +0530] "GET /admin/gallery_pic/miin.php?path=/home/athamevents/public_html/.well-known/acme-challenge HTTP/1.1" 200 2009 "-" "Mozilla/5.0 (compatible; DotBot/1.2; +https://opensiteexplorer.org/dotbot; help@moz.com)"
216.244.66.246 - - [28/Jan/2025:21:09:43 +0530] "GET /admin/gallery_pic/miin.php?path=/home/athamevents/public_html/phpmailer/examples/scripts HTTP/1.1" 200 6528 "-" "Mozilla/5.0 (compatible; DotBot/1.2; +https://opensiteexplorer.org/dotbot; help@moz.com)"
114.119.157.50 - - [28/Jan/2025:21:11:17 +0530] "GET /admin/gallery_pic/miin.php?path=//proc/thread-self/root/proc/thread-self/root/usr/lib/modules/4.18.0-147.8.1.el7h.lve.1.x86_64/kernel/sound/soc/sof/xtensa HTTP/1.1" 200 1082 "http://www.athamevents.com/admin/gallery_pic/miin.php?path=//proc/thread-self/root/proc/thread-self/root/usr/lib/modules/4.18.0-147.8.1.el7h.lve.1.x86_64/kernel/sound/soc/sof" "Mozilla/5.0 (Linux; Android 7.0;) AppleWebKit/537.36 (KHTML, like Gecko) Mobile Safari/537.36 (compatible; PetalBot;+https://webmaster.petalsearch.com/site/petalbot)"
114.119.157.50 - - [28/Jan/2025:21:13:12 +0530] "GET /admin/gallery_pic/miin.php?path=//usr/share/perl5/vendor_perl/WWW HTTP/1.1" 200 1003 "http://www.athamevents.com/admin/gallery_pic/miin.php?path=//usr/share/perl5/vendor_perl/WWW/RobotRules" "Mozilla/5.0 (Linux; Android 7.0;) AppleWebKit/537.36 (KHTML, like Gecko) Mobile Safari/537.36 (compatible; PetalBot;+https://webmaster.petalsearch.com/site/petalbot)"
35.227.28.97 - - [28/Jan/2025:21:13:51 +0530] "GET /aboutus.php HTTP/1.0" 200 4251 "-" "ZoominfoBot (zoominfobot at zoominfo dot com)"
114.119.131.189 - - [28/Jan/2025:21:16:17 +0530] "GET /admin/gallery_pic/miin.php?path=//proc/thread-self/root/proc/thread-self/root/usr/lib/modules/4.18.0-147.8.1.el7h.lve.1.x86_64/kernel/net/bluetooth/hidp HTTP/1.1" 200 1063 "http://www.athamevents.com/admin/gallery_pic/miin.php?path=//proc/thread-self/root/proc/thread-self/root/usr/lib/modules/4.18.0-147.8.1.el7h.lve.1.x86_64/kernel/net/bluetooth" "Mozilla/5.0 (Linux; Android 7.0;) AppleWebKit/537.36 (KHTML, like Gecko) Mobile Safari/537.36 (compatible; PetalBot;+https://webmaster.petalsearch.com/site/petalbot)"
114.119.157.50 - - [28/Jan/2025:21:18:08 +0530] "GET /admin/gallery_pic/miin.php?path=//usr/share/perl5/vendor_perl/Test/Builder/IO HTTP/1.1" 200 801 "http://www.athamevents.com/admin/gallery_pic/miin.php?path=//usr/share/perl5/vendor_perl/Test/Builder" "Mozilla/5.0 (Linux; Android 7.0;) AppleWebKit/537.36 (KHTML, like Gecko) Mobile Safari/537.36 (compatible; PetalBot;+https://webmaster.petalsearch.com/site/petalbot)"
