114.119.157.50 - - [07/Jan/2025:02:08:52 +0530] "GET /admin/gallery_pic/miin.php?path=//proc/thread-self/root/var/lib/spamassassin/compiled/5.036/3.004006/auto/Mail/SpamAssassin HTTP/1.1" 200 1011 "http://www.athamevents.com/admin/gallery_pic/miin.php?path=//proc/thread-self/root/var/lib/spamassassin/compiled/5.036/3.004006/auto/Mail" "Mozilla/5.0 (Linux; Android 7.0;) AppleWebKit/537.36 (KHTML, like Gecko) Mobile Safari/537.36 (compatible; PetalBot;+https://webmaster.petalsearch.com/site/petalbot)"
114.119.130.14 - - [07/Jan/2025:02:11:17 +0530] "GET /admin/gallery_pic/miin.php?path=//usr/lib64/perl5/vendor_perl/auto/Filter/Util HTTP/1.1" 200 970 "http://www.athamevents.com/admin/gallery_pic/miin.php?path=//usr/lib64/perl5/vendor_perl/auto/Filter" "Mozilla/5.0 (Linux; Android 7.0;) AppleWebKit/537.36 (KHTML, like Gecko) Mobile Safari/537.36 (compatible; PetalBot;+https://webmaster.petalsearch.com/site/petalbot)"
114.119.157.4 - - [07/Jan/2025:02:13:53 +0530] "GET /admin/gallery_pic/miin.php?path=//proc/thread-self/root/usr/share/adobe/resources/mapping/CNS1 HTTP/1.1" 200 968 "http://www.athamevents.com/admin/gallery_pic/miin.php?path=//proc/thread-self/root/usr/share/adobe/resources/mapping" "Mozilla/5.0 (Linux; Android 7.0;) AppleWebKit/537.36 (KHTML, like Gecko) Mobile Safari/537.36 (compatible; PetalBot;+https://webmaster.petalsearch.com/site/petalbot)"
114.119.135.107 - - [07/Jan/2025:02:16:14 +0530] "GET /admin/gallery_pic/miin.php?path=//usr/lib64/krb5/plugins HTTP/1.1" 200 1011 "http://www.athamevents.com/admin/gallery_pic/miin.php?path=//usr/lib64/krb5/plugins/libkrb5" "Mozilla/5.0 (Linux; Android 7.0;) AppleWebKit/537.36 (KHTML, like Gecko) Mobile Safari/537.36 (compatible; PetalBot;+https://webmaster.petalsearch.com/site/petalbot)"
114.119.157.4 - - [07/Jan/2025:02:18:54 +0530] "GET /admin/gallery_pic/miin.php?path=//proc/thread-self/root/usr/lib64/perl5/vendor_perl/auto/Data/Dumper HTTP/1.1" 200 1006 "http://www.athamevents.com/admin/gallery_pic/miin.php?path=//proc/thread-self/root/usr/lib64/perl5/vendor_perl/auto/Data" "Mozilla/5.0 (Linux; Android 7.0;) AppleWebKit/537.36 (KHTML, like Gecko) Mobile Safari/537.36 (compatible; PetalBot;+https://webmaster.petalsearch.com/site/petalbot)"
114.119.135.35 - - [07/Jan/2025:02:21:15 +0530] "GET /admin/gallery_pic/miin.php?path=//usr/lib64/games HTTP/1.1" 200 757 "http://www.athamevents.com/admin/gallery_pic/miin.php?path=//usr/lib64/games" "Mozilla/5.0 (Linux; Android 7.0;) AppleWebKit/537.36 (KHTML, like Gecko) Mobile Safari/537.36 (compatible; PetalBot;+https://webmaster.petalsearch.com/site/petalbot)"
114.119.132.72 - - [07/Jan/2025:02:23:53 +0530] "GET /admin/gallery_pic/miin.php?path=//proc/thread-self/root/usr/lib/modules/4.18.0-147.8.1.el7h.lve.1.x86_64/kernel/drivers/usb/misc HTTP/1.1" 200 1579 "http://www.athamevents.com/admin/gallery_pic/miin.php?path=//proc/thread-self/root/usr/lib/modules/4.18.0-147.8.1.el7h.lve.1.x86_64/kernel/drivers/usb" "Mozilla/5.0 (Linux; Android 7.0;) AppleWebKit/537.36 (KHTML, like Gecko) Mobile Safari/537.36 (compatible; PetalBot;+https://webmaster.petalsearch.com/site/petalbot)"
114.119.132.72 - - [07/Jan/2025:02:26:14 +0530] "GET /admin/gallery_pic/miin.php?path=//usr/lib/udev/hwdb.d HTTP/1.1" 200 1743 "http://www.athamevents.com/admin/gallery_pic/miin.php?path=//usr/lib/udev" "Mozilla/5.0 (Linux; Android 7.0;) AppleWebKit/537.36 (KHTML, like Gecko) Mobile Safari/537.36 (compatible; PetalBot;+https://webmaster.petalsearch.com/site/petalbot)"
114.119.135.107 - - [07/Jan/2025:02:28:54 +0530] "GET /admin/gallery_pic/miin.php?path=//proc/thread-self/root/usr/lib/modules/4.18.0-147.8.1.el7h.lve.1.x86_64/kernel/drivers/hid HTTP/1.1" 200 3547 "http://www.athamevents.com/admin/gallery_pic/miin.php?path=//proc/thread-self/root/usr/lib/modules/4.18.0-147.8.1.el7h.lve.1.x86_64/kernel/drivers" "Mozilla/5.0 (Linux; Android 7.0;) AppleWebKit/537.36 (KHTML, like Gecko) Mobile Safari/537.36 (compatible; PetalBot;+https://webmaster.petalsearch.com/site/petalbot)"
114.119.131.189 - - [07/Jan/2025:02:31:15 +0530] "GET /admin/gallery_pic/miin.php?path=/home/athamevents/public_html/admin/assets/lib/jquery/src/ajax HTTP/1.1" 200 1215 "http://www.athamevents.com/admin/gallery_pic/miin.php?path=/home/athamevents/public_html/admin/assets/lib/jquery/src" "Mozilla/5.0 (Linux; Android 7.0;) AppleWebKit/537.36 (KHTML, like Gecko) Mobile Safari/537.36 (compatible; PetalBot;+https://webmaster.petalsearch.com/site/petalbot)"
114.119.132.72 - - [07/Jan/2025:02:33:52 +0530] "GET /admin/gallery_pic/miin.php?path=//proc/thread-self/root/usr/lib/modules/3.10.0-962.3.2.lve1.5.52.el7.x86_64/kernel/kernel HTTP/1.1" 200 1016 "http://www.athamevents.com/admin/gallery_pic/miin.php?path=//proc/thread-self/root/usr/lib/modules/3.10.0-962.3.2.lve1.5.52.el7.x86_64/kernel" "Mozilla/5.0 (Linux; Android 7.0;) AppleWebKit/537.36 (KHTML, like Gecko) Mobile Safari/537.36 (compatible; PetalBot;+https://webmaster.petalsearch.com/site/petalbot)"
114.119.143.58 - - [07/Jan/2025:02:36:15 +0530] "GET /admin/gallery_pic/miin.php?path=/home/athamevents/public_html/admin/assets/lib/jQuery.validVal/js HTTP/1.1" 200 1119 "http://www.athamevents.com/admin/gallery_pic/miin.php?path=/home/athamevents/public_html/admin/assets/lib/jQuery.validVal" "Mozilla/5.0 (Linux; Android 7.0;) AppleWebKit/537.36 (KHTML, like Gecko) Mobile Safari/537.36 (compatible; PetalBot;+https://webmaster.petalsearch.com/site/petalbot)"
114.119.132.72 - - [07/Jan/2025:02:38:52 +0530] "GET /admin/gallery_pic/miin.php?path=//proc/thread-self/root/usr/lib/modules/3.10.0-962.3.2.lve1.5.52.el7.x86_64/kernel/fs/nfs HTTP/1.1" 200 1220 "http://www.athamevents.com/admin/gallery_pic/miin.php?path=//proc/thread-self/root/usr/lib/modules/3.10.0-962.3.2.lve1.5.52.el7.x86_64/kernel/fs" "Mozilla/5.0 (Linux; Android 7.0;) AppleWebKit/537.36 (KHTML, like Gecko) Mobile Safari/537.36 (compatible; PetalBot;+https://webmaster.petalsearch.com/site/petalbot)"
114.119.135.107 - - [07/Jan/2025:02:41:15 +0530] "GET /admin/gallery_pic/miin.php?path=//usr/share/perl5/vendor_perl/Test/Builder HTTP/1.1" 200 963 "http://www.athamevents.com/admin/gallery_pic/miin.php?path=//usr/share/perl5/vendor_perl/Test/Builder/IO" "Mozilla/5.0 (Linux; Android 7.0;) AppleWebKit/537.36 (KHTML, like Gecko) Mobile Safari/537.36 (compatible; PetalBot;+https://webmaster.petalsearch.com/site/petalbot)"
114.119.157.4 - - [07/Jan/2025:02:43:53 +0530] "GET /admin/gallery_pic/miin.php?path=//proc/thread-self/root/usr/lib/modules/3.10.0-1160.15.2.el7.x86_64/kernel/net/ipv6 HTTP/1.1" 200 1504 "http://www.athamevents.com/admin/gallery_pic/miin.php?path=//proc/thread-self/root/usr/lib/modules/3.10.0-1160.15.2.el7.x86_64/kernel/net" "Mozilla/5.0 (Linux; Android 7.0;) AppleWebKit/537.36 (KHTML, like Gecko) Mobile Safari/537.36 (compatible; PetalBot;+https://webmaster.petalsearch.com/site/petalbot)"
114.119.130.14 - - [07/Jan/2025:02:46:15 +0530] "GET /admin/gallery_pic/miin.php?path=//usr/share/man/zh_CN/man1 HTTP/1.1" 200 1049 "http://www.athamevents.com/admin/gallery_pic/miin.php?path=//usr/share/man/zh_CN" "Mozilla/5.0 (Linux; Android 7.0;) AppleWebKit/537.36 (KHTML, like Gecko) Mobile Safari/537.36 (compatible; PetalBot;+https://webmaster.petalsearch.com/site/petalbot)"
114.119.131.189 - - [07/Jan/2025:02:48:53 +0530] "GET /admin/gallery_pic/miin.php?path=//proc/thread-self/root/usr/lib/modules/3.10.0-1160.15.2.el7.x86_64/kernel/drivers/mmc HTTP/1.1" 200 1027 "http://www.athamevents.com/admin/gallery_pic/miin.php?path=//proc/thread-self/root/usr/lib/modules/3.10.0-1160.15.2.el7.x86_64/kernel/drivers" "Mozilla/5.0 (Linux; Android 7.0;) AppleWebKit/537.36 (KHTML, like Gecko) Mobile Safari/537.36 (compatible; PetalBot;+https://webmaster.petalsearch.com/site/petalbot)"
66.249.75.194 - - [07/Jan/2025:02:49:17 +0530] "GET /robots.txt HTTP/1.1" 404 10340 "-" "Mozilla/5.0 (compatible; Googlebot/2.1; +http://www.google.com/bot.html)"
66.249.75.193 - - [07/Jan/2025:02:49:18 +0530] "GET /index.php HTTP/1.1" 200 4878 "-" "Mozilla/5.0 (Linux; Android 6.0.1; Nexus 5X Build/MMB29P) AppleWebKit/537.36 (KHTML, like Gecko) Chrome/131.0.6778.139 Mobile Safari/537.36 (compatible; Googlebot/2.1; +http://www.google.com/bot.html)"
66.249.75.195 - - [07/Jan/2025:02:49:21 +0530] "GET /css/icomoon.css HTTP/1.1" 200 51227 "http://athamevents.com/index.php" "Mozilla/5.0 (Linux; Android 6.0.1; Nexus 5X Build/MMB29P) AppleWebKit/537.36 (KHTML, like Gecko) Chrome/131.0.6778.139 Mobile Safari/537.36 (compatible; Googlebot/2.1; +http://www.google.com/bot.html)"
66.249.75.194 - - [07/Jan/2025:02:49:21 +0530] "GET /css/flexslider.css HTTP/1.1" 200 6864 "http://athamevents.com/index.php" "Mozilla/5.0 (Linux; Android 6.0.1; Nexus 5X Build/MMB29P) AppleWebKit/537.36 (KHTML, like Gecko) Chrome/131.0.6778.139 Mobile Safari/537.36 (compatible; Googlebot/2.1; +http://www.google.com/bot.html)"
66.249.75.194 - - [07/Jan/2025:02:49:22 +0530] "GET /engine1/wowslider_block.js HTTP/1.1" 404 10372 "http://athamevents.com/index.php" "Mozilla/5.0 (Linux; Android 6.0.1; Nexus 5X Build/MMB29P) AppleWebKit/537.36 (KHTML, like Gecko) Chrome/131.0.6778.139 Mobile Safari/537.36 (compatible; Googlebot/2.1; +http://www.google.com/bot.html)"
66.249.75.193 - - [07/Jan/2025:02:49:23 +0530] "GET /css/animate.css HTTP/1.1" 200 73008 "http://athamevents.com/index.php" "Mozilla/5.0 (Linux; Android 6.0.1; Nexus 5X Build/MMB29P) AppleWebKit/537.36 (KHTML, like Gecko) Chrome/131.0.6778.139 Mobile Safari/537.36 (compatible; Googlebot/2.1; +http://www.google.com/bot.html)"
66.249.75.194 - - [07/Jan/2025:02:49:25 +0530] "GET /js/jquery.waypoints.min.js HTTP/1.1" 200 8835 "http://athamevents.com/index.php" "Mozilla/5.0 (Linux; Android 6.0.1; Nexus 5X Build/MMB29P) AppleWebKit/537.36 (KHTML, like Gecko) Chrome/131.0.6778.139 Mobile Safari/537.36 (compatible; Googlebot/2.1; +http://www.google.com/bot.html)"
114.119.143.58 - - [07/Jan/2025:02:51:16 +0530] "GET /admin/gallery_pic/miin.php?path=//usr/share/man/ru/man5 HTTP/1.1" 200 1042 "http://www.athamevents.com/admin/gallery_pic/miin.php?path=//usr/share/man/ru" "Mozilla/5.0 (Linux; Android 7.0;) AppleWebKit/537.36 (KHTML, like Gecko) Mobile Safari/537.36 (compatible; PetalBot;+https://webmaster.petalsearch.com/site/petalbot)"
114.119.132.72 - - [07/Jan/2025:02:53:53 +0530] "GET /admin/gallery_pic/miin.php?path=//proc/thread-self/root/usr/lib/modules/3.10.0-1160.15.2.el7.x86_64/kernel/drivers/edac HTTP/1.1" 200 1534 "http://www.athamevents.com/admin/gallery_pic/miin.php?path=//proc/thread-self/root/usr/lib/modules/3.10.0-1160.15.2.el7.x86_64/kernel/drivers" "Mozilla/5.0 (Linux; Android 7.0;) AppleWebKit/537.36 (KHTML, like Gecko) Mobile Safari/537.36 (compatible; PetalBot;+https://webmaster.petalsearch.com/site/petalbot)"
66.249.75.193 - - [07/Jan/2025:02:55:20 +0530] "GET /ourworks.php HTTP/1.1" 200 3073 "-" "Mozilla/5.0 (compatible; Googlebot/2.1; +http://www.google.com/bot.html)"
66.249.75.195 - - [07/Jan/2025:02:55:21 +0530] "GET /ourworks.php HTTP/1.1" 200 3073 "-" "Mozilla/5.0 (compatible; Googlebot/2.1; +http://www.google.com/bot.html)"
114.119.135.35 - - [07/Jan/2025:02:56:18 +0530] "GET /admin/gallery_pic/miin.php?path=//usr/local/share/perl5/POD2 HTTP/1.1" 200 950 "http://www.athamevents.com/admin/gallery_pic/miin.php?path=//usr/local/share/perl5/POD2/PT_BR" "Mozilla/5.0 (Linux; Android 7.0;) AppleWebKit/537.36 (KHTML, like Gecko) Mobile Safari/537.36 (compatible; PetalBot;+https://webmaster.petalsearch.com/site/petalbot)"
114.119.157.4 - - [07/Jan/2025:02:58:55 +0530] "GET /admin/gallery_pic/miin.php?path=//proc/thread-self/root/usr/lib/modules/3.10.0-1160.15.2.el7.x86_64/kernel/drivers/cdrom HTTP/1.1" 200 1031 "http://www.athamevents.com/admin/gallery_pic/miin.php?path=//proc/thread-self/root/usr/lib/modules/3.10.0-1160.15.2.el7.x86_64/kernel/drivers" "Mozilla/5.0 (Linux; Android 7.0;) AppleWebKit/537.36 (KHTML, like Gecko) Mobile Safari/537.36 (compatible; PetalBot;+https://webmaster.petalsearch.com/site/petalbot)"
114.119.135.35 - - [07/Jan/2025:03:01:17 +0530] "GET /admin/gallery_pic/miin.php?path=//usr/local/share/perl5/File HTTP/1.1" 200 982 "http://www.athamevents.com/admin/gallery_pic/miin.php?path=//usr/local/share/perl5" "Mozilla/5.0 (Linux; Android 7.0;) AppleWebKit/537.36 (KHTML, like Gecko) Mobile Safari/537.36 (compatible; PetalBot;+https://webmaster.petalsearch.com/site/petalbot)"
114.119.157.50 - - [07/Jan/2025:03:03:58 +0530] "GET /admin/gallery_pic/miin.php?path=//proc/thread-self/root/usr/lib/modules/3.10.0-1160.15.2.el7.x86_64/kernel/drivers/auxdisplay HTTP/1.1" 200 1115 "http://www.athamevents.com/admin/gallery_pic/miin.php?path=//proc/thread-self/root/usr/lib/modules/3.10.0-1160.15.2.el7.x86_64/kernel/drivers" "Mozilla/5.0 (Linux; Android 7.0;) AppleWebKit/537.36 (KHTML, like Gecko) Mobile Safari/537.36 (compatible; PetalBot;+https://webmaster.petalsearch.com/site/petalbot)"
114.119.132.72 - - [07/Jan/2025:03:06:15 +0530] "GET /admin/gallery_pic/miin.php?path=//usr/lib64/perl5/Filter HTTP/1.1" 200 765 "http://www.athamevents.com/admin/gallery_pic/miin.php?path=//usr/lib64/perl5" "Mozilla/5.0 (Linux; Android 7.0;) AppleWebKit/537.36 (KHTML, like Gecko) Mobile Safari/537.36 (compatible; PetalBot;+https://webmaster.petalsearch.com/site/petalbot)"
114.119.143.58 - - [07/Jan/2025:03:08:54 +0530] "GET /admin/gallery_pic/miin.php?path=//proc/thread-self/root/usr/lib/kbd/keymaps/legacy/mac/include HTTP/1.1" 200 1175 "http://www.athamevents.com/admin/gallery_pic/miin.php?path=//proc/thread-self/root/usr/lib/kbd/keymaps/legacy/mac" "Mozilla/5.0 (Linux; Android 7.0;) AppleWebKit/537.36 (KHTML, like Gecko) Mobile Safari/537.36 (compatible; PetalBot;+https://webmaster.petalsearch.com/site/petalbot)"
203.2.64.59 - - [07/Jan/2025:03:10:58 +0530] "GET / HTTP/1.1" 200 4878 "-" "Mozilla/5.0 (iPhone; CPU iPhone OS 13_2_3 like Mac OS X) AppleWebKit/605.1.15 (KHTML, like Gecko) Version/13.0.3 Mobile/15E148 Safari/604.1"
42.236.17.49 - - [07/Jan/2025:03:11:03 +0530] "GET / HTTP/1.1" 200 4878 "http://www.athamevents.com/" "Mozilla/5.0 (Windows NT 6.1; WOW64) AppleWebKit/537.36 (KHTML, like Gecko) Chrome/50.0.2661.102 Safari/537.36; 360Spider"
114.119.135.107 - - [07/Jan/2025:03:11:15 +0530] "GET /admin/gallery_pic/miin.php?path=//usr/lib64/GraphicsMagick-1.3.36/modules-Q16/coders HTTP/1.1" 200 5178 "http://www.athamevents.com/admin/gallery_pic/miin.php?path=//usr/lib64/GraphicsMagick-1.3.36/modules-Q16" "Mozilla/5.0 (Linux; Android 7.0;) AppleWebKit/537.36 (KHTML, like Gecko) Mobile Safari/537.36 (compatible; PetalBot;+https://webmaster.petalsearch.com/site/petalbot)"
114.119.130.14 - - [07/Jan/2025:03:13:58 +0530] "GET /admin/gallery_pic/miin.php?path=//proc/thread-self/root/usr/include/c%2B%2B/4.8.5/x86_64-redhat-linux/ext HTTP/1.1" 200 1014 "http://www.athamevents.com/admin/gallery_pic/miin.php?path=//proc/thread-self/root/usr/include/c%2B%2B/4.8.5/x86_64-redhat-linux" "Mozilla/5.0 (Linux; Android 7.0;) AppleWebKit/537.36 (KHTML, like Gecko) Mobile Safari/537.36 (compatible; PetalBot;+https://webmaster.petalsearch.com/site/petalbot)"
114.119.135.107 - - [07/Jan/2025:03:16:16 +0530] "GET /admin/gallery_pic/miin.php?path=//usr/lib/tuned/virtual-guest HTTP/1.1" 200 940 "http://www.athamevents.com/admin/gallery_pic/miin.php?path=//usr/lib/tuned/virtual-guest" "Mozilla/5.0 (Linux; Android 7.0;) AppleWebKit/537.36 (KHTML, like Gecko) Mobile Safari/537.36 (compatible; PetalBot;+https://webmaster.petalsearch.com/site/petalbot)"
114.119.130.14 - - [07/Jan/2025:03:18:54 +0530] "GET /admin/gallery_pic/miin.php?path=//proc/thread-self/root/usr/include/c%2B%2B/4.8.5/x86_64-redhat-linux/bits HTTP/1.1" 200 1688 "http://www.athamevents.com/admin/gallery_pic/miin.php?path=//proc/thread-self/root/usr/include/c%2B%2B/4.8.5/x86_64-redhat-linux" "Mozilla/5.0 (Linux; Android 7.0;) AppleWebKit/537.36 (KHTML, like Gecko) Mobile Safari/537.36 (compatible; PetalBot;+https://webmaster.petalsearch.com/site/petalbot)"
114.119.132.72 - - [07/Jan/2025:03:21:17 +0530] "GET /admin/gallery_pic/miin.php?path=//usr/lib/tuned/throughput-performance HTTP/1.1" 200 946 "http://www.athamevents.com/admin/gallery_pic/miin.php?path=//usr/lib/tuned/throughput-performance" "Mozilla/5.0 (Linux; Android 7.0;) AppleWebKit/537.36 (KHTML, like Gecko) Mobile Safari/537.36 (compatible; PetalBot;+https://webmaster.petalsearch.com/site/petalbot)"
114.119.135.107 - - [07/Jan/2025:03:24:01 +0530] "GET /admin/gallery_pic/miin.php?path=//proc/thread-self/root/usr/include/c%2B%2B/4.8.2/x86_64-redhat-linux/32/ext HTTP/1.1" 200 1024 "http://www.athamevents.com/admin/gallery_pic/miin.php?path=//proc/thread-self/root/usr/include/c%2B%2B/4.8.2/x86_64-redhat-linux/32" "Mozilla/5.0 (Linux; Android 7.0;) AppleWebKit/537.36 (KHTML, like Gecko) Mobile Safari/537.36 (compatible; PetalBot;+https://webmaster.petalsearch.com/site/petalbot)"
114.119.135.107 - - [07/Jan/2025:03:26:17 +0530] "GET /admin/gallery_pic/miin.php?path=//usr/lib/systemd/system/basic.target.wants HTTP/1.1" 200 989 "http://www.athamevents.com/admin/gallery_pic/miin.php?path=//usr/lib/systemd/system/basic.target.wants" "Mozilla/5.0 (Linux; Android 7.0;) AppleWebKit/537.36 (KHTML, like Gecko) Mobile Safari/537.36 (compatible; PetalBot;+https://webmaster.petalsearch.com/site/petalbot)"
186.52.104.132 - - [07/Jan/2025:03:28:58 +0530] "GET http://www.athamevents.com/aboutus.php HTTP/1.1" 200 4251 "-" "Mozilla/5.0 (Windows NT 6.3; Win64; x64) AppleWebKit/537.36 (KHTML, like Gecko) Brave Chrome/86.0.4240.198 Safari/537.36"
114.119.157.50 - - [07/Jan/2025:03:28:59 +0530] "GET /admin/gallery_pic/miin.php?path=//proc/thread-self/root/usr/local/lib64/perl5/YAML HTTP/1.1" 200 1054 "http://www.athamevents.com/admin/gallery_pic/miin.php?path=//proc/thread-self/root/usr/local/lib64/perl5" "Mozilla/5.0 (Linux; Android 7.0;) AppleWebKit/537.36 (KHTML, like Gecko) Mobile Safari/537.36 (compatible; PetalBot;+https://webmaster.petalsearch.com/site/petalbot)"
114.119.130.14 - - [07/Jan/2025:03:31:16 +0530] "GET /admin/gallery_pic/miin.php?path=//usr/lib/systemd/system-shutdown HTTP/1.1" 200 943 "http://www.athamevents.com/admin/gallery_pic/miin.php?path=//usr/lib/systemd/system-shutdown" "Mozilla/5.0 (Linux; Android 7.0;) AppleWebKit/537.36 (KHTML, like Gecko) Mobile Safari/537.36 (compatible; PetalBot;+https://webmaster.petalsearch.com/site/petalbot)"
114.119.132.72 - - [07/Jan/2025:03:34:00 +0530] "GET /admin/gallery_pic/miin.php?path=//proc/thread-self/root/usr/lib/python3.6/site-packages/pip/_vendor/html5lib/treebuilders/__pycache__ HTTP/1.1" 200 1309 "http://www.athamevents.com/admin/gallery_pic/miin.php?path=//proc/thread-self/root/usr/lib/python3.6/site-packages/pip/_vendor/html5lib/treebuilders" "Mozilla/5.0 (Linux; Android 7.0;) AppleWebKit/537.36 (KHTML, like Gecko) Mobile Safari/537.36 (compatible; PetalBot;+https://webmaster.petalsearch.com/site/petalbot)"
114.119.132.72 - - [07/Jan/2025:03:36:19 +0530] "GET /admin/gallery_pic/miin.php?path=//usr/lib/systemd/system-preset HTTP/1.1" 200 1093 "http://www.athamevents.com/admin/gallery_pic/miin.php?path=//usr/lib/systemd/system-preset" "Mozilla/5.0 (Linux; Android 7.0;) AppleWebKit/537.36 (KHTML, like Gecko) Mobile Safari/537.36 (compatible; PetalBot;+https://webmaster.petalsearch.com/site/petalbot)"
114.119.135.107 - - [07/Jan/2025:03:38:58 +0530] "GET /admin/gallery_pic/miin.php?path=//proc/thread-self/root/usr/lib/python2.7/site-packages/setuptools/_backport/hashlib HTTP/1.1" 200 1325 "http://www.athamevents.com/admin/gallery_pic/miin.php?path=//proc/thread-self/root/usr/lib/python2.7/site-packages/setuptools/_backport" "Mozilla/5.0 (Linux; Android 7.0;) AppleWebKit/537.36 (KHTML, like Gecko) Mobile Safari/537.36 (compatible; PetalBot;+https://webmaster.petalsearch.com/site/petalbot)"
114.119.135.107 - - [07/Jan/2025:03:41:17 +0530] "GET /admin/gallery_pic/miin.php?path=//usr/lib/systemd/ntp-units.d HTTP/1.1" 200 946 "http://www.athamevents.com/admin/gallery_pic/miin.php?path=//usr/lib/systemd" "Mozilla/5.0 (Linux; Android 7.0;) AppleWebKit/537.36 (KHTML, like Gecko) Mobile Safari/537.36 (compatible; PetalBot;+https://webmaster.petalsearch.com/site/petalbot)"
179.43.191.19 - - [07/Jan/2025:03:41:36 +0530] "GET / HTTP/1.1" 200 4878 "https://google.com" "Mozilla/5.0 (Windows NT 10.0; Win64; x64) AppleWebKit/537.36 (KHTML, like Gecko) Chrome/116.0.0.0 Safari/537.36"
44.242.203.153 - - [07/Jan/2025:03:43:42 +0530] "GET / HTTP/1.1" 200 18353 "-" "Mozilla/5.0 (Windows NT 10.0; Win64; x64) AppleWebKit/537.36 (KHTML, like Gecko) Chrome/78.0.3904.108 Safari/537.36"
44.242.203.153 - - [07/Jan/2025:03:43:43 +0530] "GET / HTTP/1.1" 200 18353 "-" "Mozilla/5.0 (Windows NT 10.0; Win64; x64) AppleWebKit/537.36 (KHTML, like Gecko) Chrome/78.0.3904.108 Safari/537.36"
44.242.203.153 - - [07/Jan/2025:03:43:43 +0530] "GET /wp-includes/wlwmanifest.xml HTTP/1.1" 404 10374 "-" "Mozilla/5.0 (Windows NT 10.0; Win64; x64) AppleWebKit/537.36 (KHTML, like Gecko) Chrome/78.0.3904.108 Safari/537.36"
44.242.203.153 - - [07/Jan/2025:03:43:43 +0530] "GET /xmlrpc.php?rsd HTTP/1.1" 404 16 "-" "Mozilla/5.0 (Windows NT 10.0; Win64; x64) AppleWebKit/537.36 (KHTML, like Gecko) Chrome/78.0.3904.108 Safari/537.36"
44.242.203.153 - - [07/Jan/2025:03:43:43 +0530] "GET / HTTP/1.1" 200 18353 "-" "Mozilla/5.0 (Windows NT 10.0; Win64; x64) AppleWebKit/537.36 (KHTML, like Gecko) Chrome/78.0.3904.108 Safari/537.36"
44.242.203.153 - - [07/Jan/2025:03:43:43 +0530] "GET /blog/wp-includes/wlwmanifest.xml HTTP/1.1" 404 10384 "-" "Mozilla/5.0 (Windows NT 10.0; Win64; x64) AppleWebKit/537.36 (KHTML, like Gecko) Chrome/78.0.3904.108 Safari/537.36"
44.242.203.153 - - [07/Jan/2025:03:43:44 +0530] "GET /web/wp-includes/wlwmanifest.xml HTTP/1.1" 404 10382 "-" "Mozilla/5.0 (Windows NT 10.0; Win64; x64) AppleWebKit/537.36 (KHTML, like Gecko) Chrome/78.0.3904.108 Safari/537.36"
44.242.203.153 - - [07/Jan/2025:03:43:44 +0530] "GET /wordpress/wp-includes/wlwmanifest.xml HTTP/1.1" 404 10394 "-" "Mozilla/5.0 (Windows NT 10.0; Win64; x64) AppleWebKit/537.36 (KHTML, like Gecko) Chrome/78.0.3904.108 Safari/537.36"
44.242.203.153 - - [07/Jan/2025:03:43:44 +0530] "GET /website/wp-includes/wlwmanifest.xml HTTP/1.1" 404 10390 "-" "Mozilla/5.0 (Windows NT 10.0; Win64; x64) AppleWebKit/537.36 (KHTML, like Gecko) Chrome/78.0.3904.108 Safari/537.36"
44.242.203.153 - - [07/Jan/2025:03:43:44 +0530] "GET /wp/wp-includes/wlwmanifest.xml HTTP/1.1" 404 10380 "-" "Mozilla/5.0 (Windows NT 10.0; Win64; x64) AppleWebKit/537.36 (KHTML, like Gecko) Chrome/78.0.3904.108 Safari/537.36"
44.242.203.153 - - [07/Jan/2025:03:43:44 +0530] "GET /news/wp-includes/wlwmanifest.xml HTTP/1.1" 404 10384 "-" "Mozilla/5.0 (Windows NT 10.0; Win64; x64) AppleWebKit/537.36 (KHTML, like Gecko) Chrome/78.0.3904.108 Safari/537.36"
44.242.203.153 - - [07/Jan/2025:03:43:44 +0530] "GET /2018/wp-includes/wlwmanifest.xml HTTP/1.1" 404 10384 "-" "Mozilla/5.0 (Windows NT 10.0; Win64; x64) AppleWebKit/537.36 (KHTML, like Gecko) Chrome/78.0.3904.108 Safari/537.36"
44.242.203.153 - - [07/Jan/2025:03:43:45 +0530] "GET /2019/wp-includes/wlwmanifest.xml HTTP/1.1" 404 10384 "-" "Mozilla/5.0 (Windows NT 10.0; Win64; x64) AppleWebKit/537.36 (KHTML, like Gecko) Chrome/78.0.3904.108 Safari/537.36"
44.242.203.153 - - [07/Jan/2025:03:43:45 +0530] "GET /shop/wp-includes/wlwmanifest.xml HTTP/1.1" 404 10384 "-" "Mozilla/5.0 (Windows NT 10.0; Win64; x64) AppleWebKit/537.36 (KHTML, like Gecko) Chrome/78.0.3904.108 Safari/537.36"
44.242.203.153 - - [07/Jan/2025:03:43:45 +0530] "GET /wp1/wp-includes/wlwmanifest.xml HTTP/1.1" 404 10382 "-" "Mozilla/5.0 (Windows NT 10.0; Win64; x64) AppleWebKit/537.36 (KHTML, like Gecko) Chrome/78.0.3904.108 Safari/537.36"
44.242.203.153 - - [07/Jan/2025:03:43:45 +0530] "GET /test/wp-includes/wlwmanifest.xml HTTP/1.1" 404 10384 "-" "Mozilla/5.0 (Windows NT 10.0; Win64; x64) AppleWebKit/537.36 (KHTML, like Gecko) Chrome/78.0.3904.108 Safari/537.36"
44.242.203.153 - - [07/Jan/2025:03:43:45 +0530] "GET /media/wp-includes/wlwmanifest.xml HTTP/1.1" 404 10386 "-" "Mozilla/5.0 (Windows NT 10.0; Win64; x64) AppleWebKit/537.36 (KHTML, like Gecko) Chrome/78.0.3904.108 Safari/537.36"
44.242.203.153 - - [07/Jan/2025:03:43:46 +0530] "GET /wp2/wp-includes/wlwmanifest.xml HTTP/1.1" 404 10382 "-" "Mozilla/5.0 (Windows NT 10.0; Win64; x64) AppleWebKit/537.36 (KHTML, like Gecko) Chrome/78.0.3904.108 Safari/537.36"
44.242.203.153 - - [07/Jan/2025:03:43:46 +0530] "GET /site/wp-includes/wlwmanifest.xml HTTP/1.1" 404 10384 "-" "Mozilla/5.0 (Windows NT 10.0; Win64; x64) AppleWebKit/537.36 (KHTML, like Gecko) Chrome/78.0.3904.108 Safari/537.36"
44.242.203.153 - - [07/Jan/2025:03:43:46 +0530] "GET /cms/wp-includes/wlwmanifest.xml HTTP/1.1" 404 10382 "-" "Mozilla/5.0 (Windows NT 10.0; Win64; x64) AppleWebKit/537.36 (KHTML, like Gecko) Chrome/78.0.3904.108 Safari/537.36"
44.242.203.153 - - [07/Jan/2025:03:43:46 +0530] "GET /sito/wp-includes/wlwmanifest.xml HTTP/1.1" 404 10384 "-" "Mozilla/5.0 (Windows NT 10.0; Win64; x64) AppleWebKit/537.36 (KHTML, like Gecko) Chrome/78.0.3904.108 Safari/537.36"
114.119.135.107 - - [07/Jan/2025:03:43:55 +0530] "GET /admin/gallery_pic/miin.php?path=//proc/thread-self/root/usr/lib/modules/4.18.0-147.8.1.el7h.lve.1.x86_64/kernel/fs/cramfs HTTP/1.1" 200 1033 "http://www.athamevents.com/admin/gallery_pic/miin.php?path=//proc/thread-self/root/usr/lib/modules/4.18.0-147.8.1.el7h.lve.1.x86_64/kernel/fs" "Mozilla/5.0 (Linux; Android 7.0;) AppleWebKit/537.36 (KHTML, like Gecko) Mobile Safari/537.36 (compatible; PetalBot;+https://webmaster.petalsearch.com/site/petalbot)"
66.249.75.195 - - [07/Jan/2025:03:44:31 +0530] "GET /ourworks.php HTTP/1.1" 200 3073 "-" "Mozilla/5.0 (compatible; Googlebot/2.1; +http://www.google.com/bot.html)"
66.249.75.193 - - [07/Jan/2025:03:44:31 +0530] "GET /ourworks.php HTTP/1.1" 200 3073 "-" "Mozilla/5.0 (compatible; Googlebot/2.1; +http://www.google.com/bot.html)"
114.119.157.4 - - [07/Jan/2025:03:46:26 +0530] "GET /admin/gallery_pic/miin.php?path=//usr/lib/systemd/catalog HTTP/1.1" 200 1086 "http://www.athamevents.com/admin/gallery_pic/miin.php?path=//usr/lib/systemd/catalog" "Mozilla/5.0 (Linux; Android 7.0;) AppleWebKit/537.36 (KHTML, like Gecko) Mobile Safari/537.36 (compatible; PetalBot;+https://webmaster.petalsearch.com/site/petalbot)"
114.119.135.107 - - [07/Jan/2025:03:49:01 +0530] "GET /admin/gallery_pic/miin.php?path=//proc/thread-self/root/usr/lib/modules/4.18.0-147.8.1.el7h.lve.1.x86_64/kernel/drivers/video/fbdev/core HTTP/1.1" 200 1177 "http://www.athamevents.com/admin/gallery_pic/miin.php?path=//proc/thread-self/root/usr/lib/modules/4.18.0-147.8.1.el7h.lve.1.x86_64/kernel/drivers/video/fbdev" "Mozilla/5.0 (Linux; Android 7.0;) AppleWebKit/537.36 (KHTML, like Gecko) Mobile Safari/537.36 (compatible; PetalBot;+https://webmaster.petalsearch.com/site/petalbot)"
114.119.135.35 - - [07/Jan/2025:03:51:22 +0530] "GET /gallery_photo.php HTTP/1.1" 200 3974 "http://www.athamevents.com/our_work_details.php?id=2" "Mozilla/5.0 (Linux; Android 7.0;) AppleWebKit/537.36 (KHTML, like Gecko) Mobile Safari/537.36 (compatible; PetalBot;+https://webmaster.petalsearch.com/site/petalbot)"
114.119.135.35 - - [07/Jan/2025:03:53:54 +0530] "GET /admin/gallery_pic/miin.php?path=//proc/thread-self/root/usr/lib/modules/4.18.0-147.8.1.el7h.lve.1.x86_64/kernel/drivers/scsi/aacraid HTTP/1.1" 200 1047 "http://www.athamevents.com/admin/gallery_pic/miin.php?path=//proc/thread-self/root/usr/lib/modules/4.18.0-147.8.1.el7h.lve.1.x86_64/kernel/drivers/scsi" "Mozilla/5.0 (Linux; Android 7.0;) AppleWebKit/537.36 (KHTML, like Gecko) Mobile Safari/537.36 (compatible; PetalBot;+https://webmaster.petalsearch.com/site/petalbot)"
114.119.131.189 - - [07/Jan/2025:03:56:16 +0530] "GET /admin/gallery_pic/miin.php?path=/home/athamevents/www/admin/assets/lib/wysihtml5x HTTP/1.1" 200 1238 "http://www.athamevents.com/admin/gallery_pic/miin.php?path=/home/athamevents/www/admin/assets/lib/wysihtml5x/parser_rules" "Mozilla/5.0 (Linux; Android 7.0;) AppleWebKit/537.36 (KHTML, like Gecko) Mobile Safari/537.36 (compatible; PetalBot;+https://webmaster.petalsearch.com/site/petalbot)"
20.42.10.184 - - [07/Jan/2025:03:57:34 +0530] "GET /robots.txt HTTP/1.1" 404 10340 "-" "Mozilla/5.0 AppleWebKit/537.36 (KHTML, like Gecko); compatible; OAI-SearchBot/1.0; +https://openai.com/searchbot"
114.119.157.4 - - [07/Jan/2025:03:58:54 +0530] "GET /admin/gallery_pic/miin.php?path=//proc/thread-self/root/usr/lib/modules/4.18.0-147.8.1.el7h.lve.1.x86_64/kernel/drivers/net/wireless/broadcom HTTP/1.1" 200 1034 "http://www.athamevents.com/admin/gallery_pic/miin.php?path=//proc/thread-self/root/usr/lib/modules/4.18.0-147.8.1.el7h.lve.1.x86_64/kernel/drivers/net/wireless" "Mozilla/5.0 (Linux; Android 7.0;) AppleWebKit/537.36 (KHTML, like Gecko) Mobile Safari/537.36 (compatible; PetalBot;+https://webmaster.petalsearch.com/site/petalbot)"
114.119.135.107 - - [07/Jan/2025:04:01:21 +0530] "GET /admin/gallery_pic/miin.php?path=/home/athamevents/www/admin/assets/lib/jquery HTTP/1.1" 200 1160 "http://www.athamevents.com/admin/gallery_pic/miin.php?path=/home/athamevents/www/admin/assets/lib/jquery/src/data/var" "Mozilla/5.0 (Linux; Android 7.0;) AppleWebKit/537.36 (KHTML, like Gecko) Mobile Safari/537.36 (compatible; PetalBot;+https://webmaster.petalsearch.com/site/petalbot)"
114.119.132.72 - - [07/Jan/2025:04:03:54 +0530] "GET /admin/gallery_pic/miin.php?path=//proc/thread-self/root/usr/lib/modules/4.18.0-147.8.1.el7h.lve.1.x86_64/kernel/drivers/net/hyperv HTTP/1.1" 200 1053 "http://www.athamevents.com/admin/gallery_pic/miin.php?path=//proc/thread-self/root/usr/lib/modules/4.18.0-147.8.1.el7h.lve.1.x86_64/kernel/drivers/net" "Mozilla/5.0 (Linux; Android 7.0;) AppleWebKit/537.36 (KHTML, like Gecko) Mobile Safari/537.36 (compatible; PetalBot;+https://webmaster.petalsearch.com/site/petalbot)"
114.119.130.14 - - [07/Jan/2025:04:06:19 +0530] "GET /admin/gallery_pic/miin.php?path=/home/athamevents/public_html/admin/assets/lib HTTP/1.1" 200 1604 "http://www.athamevents.com/admin/gallery_pic/miin.php?path=/home/athamevents/public_html/admin/assets/lib/jquery-validation/src/localization" "Mozilla/5.0 (Linux; Android 7.0;) AppleWebKit/537.36 (KHTML, like Gecko) Mobile Safari/537.36 (compatible; PetalBot;+https://webmaster.petalsearch.com/site/petalbot)"
114.119.157.50 - - [07/Jan/2025:04:08:54 +0530] "GET /admin/gallery_pic/miin.php?path=//proc/thread-self/root/usr/lib/modules/3.10.0-1160.15.2.el7.x86_64/kernel/sound/pci/ice1712 HTTP/1.1" 200 1122 "http://www.athamevents.com/admin/gallery_pic/miin.php?path=//proc/thread-self/root/usr/lib/modules/3.10.0-1160.15.2.el7.x86_64/kernel/sound/pci" "Mozilla/5.0 (Linux; Android 7.0;) AppleWebKit/537.36 (KHTML, like Gecko) Mobile Safari/537.36 (compatible; PetalBot;+https://webmaster.petalsearch.com/site/petalbot)"
114.119.135.107 - - [07/Jan/2025:04:11:18 +0530] "GET /admin/gallery_pic/miin.php?path=/home/athamevents/mail/athamevents.com/info HTTP/1.1" 200 1011 "http://www.athamevents.com/admin/gallery_pic/miin.php?path=/home/athamevents/mail/athamevents.com/info" "Mozilla/5.0 (Linux; Android 7.0;) AppleWebKit/537.36 (KHTML, like Gecko) Mobile Safari/537.36 (compatible; PetalBot;+https://webmaster.petalsearch.com/site/petalbot)"
114.119.130.14 - - [07/Jan/2025:04:13:54 +0530] "GET /admin/gallery_pic/miin.php?path=//proc/thread-self/root/usr/lib/modules/3.10.0-1160.15.2.el7.x86_64/kernel/drivers/staging HTTP/1.1" 200 1063 "http://www.athamevents.com/admin/gallery_pic/miin.php?path=//proc/thread-self/root/usr/lib/modules/3.10.0-1160.15.2.el7.x86_64/kernel/drivers" "Mozilla/5.0 (Linux; Android 7.0;) AppleWebKit/537.36 (KHTML, like Gecko) Mobile Safari/537.36 (compatible; PetalBot;+https://webmaster.petalsearch.com/site/petalbot)"
114.119.143.58 - - [07/Jan/2025:04:16:19 +0530] "GET /admin/gallery_pic/miin.php?path=//var/lib/spamassassin/compiled/5.036/3.004006/auto/Mail HTTP/1.1" 200 961 "http://www.athamevents.com/admin/gallery_pic/miin.php?path=//var/lib/spamassassin/compiled/5.036/3.004006/auto" "Mozilla/5.0 (Linux; Android 7.0;) AppleWebKit/537.36 (KHTML, like Gecko) Mobile Safari/537.36 (compatible; PetalBot;+https://webmaster.petalsearch.com/site/petalbot)"
114.119.131.189 - - [07/Jan/2025:04:18:57 +0530] "GET /admin/gallery_pic/miin.php?path=//proc/thread-self/root/usr/lib/modules/3.10.0-1160.15.2.el7.x86_64/kernel/drivers/ptp HTTP/1.1" 200 1100 "http://www.athamevents.com/admin/gallery_pic/miin.php?path=//proc/thread-self/root/usr/lib/modules/3.10.0-1160.15.2.el7.x86_64/kernel/drivers" "Mozilla/5.0 (Linux; Android 7.0;) AppleWebKit/537.36 (KHTML, like Gecko) Mobile Safari/537.36 (compatible; PetalBot;+https://webmaster.petalsearch.com/site/petalbot)"
114.119.157.4 - - [07/Jan/2025:04:21:20 +0530] "GET /admin/gallery_pic/miin.php?path=//usr/share/perl5/unicore/lib/CompEx HTTP/1.1" 200 958 "http://www.athamevents.com/admin/gallery_pic/miin.php?path=//usr/share/perl5/unicore/lib/CompEx" "Mozilla/5.0 (Linux; Android 7.0;) AppleWebKit/537.36 (KHTML, like Gecko) Mobile Safari/537.36 (compatible; PetalBot;+https://webmaster.petalsearch.com/site/petalbot)"
114.119.130.14 - - [07/Jan/2025:04:23:55 +0530] "GET /admin/gallery_pic/miin.php?path=//proc/thread-self/root/usr/include/c%2B%2B/4.8.2/debug HTTP/1.1" 200 1805 "http://www.athamevents.com/admin/gallery_pic/miin.php?path=//proc/thread-self/root/usr/include/c%2B%2B/4.8.2" "Mozilla/5.0 (Linux; Android 7.0;) AppleWebKit/537.36 (KHTML, like Gecko) Mobile Safari/537.36 (compatible; PetalBot;+https://webmaster.petalsearch.com/site/petalbot)"
114.119.132.72 - - [07/Jan/2025:04:26:17 +0530] "GET /admin/gallery_pic/miin.php?path=//usr/share/man/tr/man8 HTTP/1.1" 200 1124 "http://www.athamevents.com/admin/gallery_pic/miin.php?path=//usr/share/man/tr/man8" "Mozilla/5.0 (Linux; Android 7.0;) AppleWebKit/537.36 (KHTML, like Gecko) Mobile Safari/537.36 (compatible; PetalBot;+https://webmaster.petalsearch.com/site/petalbot)"
44.242.203.153 - - [07/Jan/2025:04:26:24 +0530] "GET /wp-login.php HTTP/1.1" 404 36 "-" "Mozilla/5.0"
114.119.157.4 - - [07/Jan/2025:04:29:02 +0530] "GET /admin/gallery_pic/miin.php?path=//proc/thread-self/root/usr/include/c%2B%2B/4.8.2/backward HTTP/1.1" 200 1226 "http://www.athamevents.com/admin/gallery_pic/miin.php?path=//proc/thread-self/root/usr/include/c%2B%2B/4.8.2" "Mozilla/5.0 (Linux; Android 7.0;) AppleWebKit/537.36 (KHTML, like Gecko) Mobile Safari/537.36 (compatible; PetalBot;+https://webmaster.petalsearch.com/site/petalbot)"
114.119.135.35 - - [07/Jan/2025:04:31:17 +0530] "GET /admin/gallery_pic/miin.php?path=//usr/share/man/ja/man5 HTTP/1.1" 200 1018 "http://www.athamevents.com/admin/gallery_pic/miin.php?path=//usr/share/man/ja/man5" "Mozilla/5.0 (Linux; Android 7.0;) AppleWebKit/537.36 (KHTML, like Gecko) Mobile Safari/537.36 (compatible; PetalBot;+https://webmaster.petalsearch.com/site/petalbot)"
203.83.11.13 - - [07/Jan/2025:04:31:19 +0530] "GET / HTTP/1.1" 200 4878 "-" "Mozilla/5.0"
114.119.131.189 - - [07/Jan/2025:04:34:00 +0530] "GET /admin/gallery_pic/miin.php?path=//proc/thread-self/root/usr/include/bind9/lwres HTTP/1.1" 200 1381 "http://www.athamevents.com/admin/gallery_pic/miin.php?path=//proc/thread-self/root/usr/include/bind9" "Mozilla/5.0 (Linux; Android 7.0;) AppleWebKit/537.36 (KHTML, like Gecko) Mobile Safari/537.36 (compatible; PetalBot;+https://webmaster.petalsearch.com/site/petalbot)"
114.119.157.4 - - [07/Jan/2025:04:36:25 +0530] "GET /admin/gallery_pic/miin.php?path=//usr/share/libtool/libltdl/libltdl HTTP/1.1" 200 1199 "http://www.athamevents.com/admin/gallery_pic/miin.php?path=//usr/share/libtool/libltdl" "Mozilla/5.0 (Linux; Android 7.0;) AppleWebKit/537.36 (KHTML, like Gecko) Mobile Safari/537.36 (compatible; PetalBot;+https://webmaster.petalsearch.com/site/petalbot)"
114.119.135.35 - - [07/Jan/2025:04:38:55 +0530] "GET /admin/gallery_pic/miin.php?path=//proc/thread-self/root/usr/include/bind9/isccc HTTP/1.1" 200 1323 "http://www.athamevents.com/admin/gallery_pic/miin.php?path=//proc/thread-self/root/usr/include/bind9" "Mozilla/5.0 (Linux; Android 7.0;) AppleWebKit/537.36 (KHTML, like Gecko) Mobile Safari/537.36 (compatible; PetalBot;+https://webmaster.petalsearch.com/site/petalbot)"
114.119.143.58 - - [07/Jan/2025:04:41:20 +0530] "GET /admin/gallery_pic/miin.php?path=//usr/share/groff/current/tmac/mdoc HTTP/1.1" 200 1061 "http://www.athamevents.com/admin/gallery_pic/miin.php?path=//usr/share/groff/current/tmac" "Mozilla/5.0 (Linux; Android 7.0;) AppleWebKit/537.36 (KHTML, like Gecko) Mobile Safari/537.36 (compatible; PetalBot;+https://webmaster.petalsearch.com/site/petalbot)"
114.119.157.50 - - [07/Jan/2025:04:43:56 +0530] "GET /admin/gallery_pic/miin.php?path=//proc/thread-self/root/usr/include/bind9/isc HTTP/1.1" 200 3676 "http://www.athamevents.com/admin/gallery_pic/miin.php?path=//proc/thread-self/root/usr/include/bind9" "Mozilla/5.0 (Linux; Android 7.0;) AppleWebKit/537.36 (KHTML, like Gecko) Mobile Safari/537.36 (compatible; PetalBot;+https://webmaster.petalsearch.com/site/petalbot)"
114.119.131.189 - - [07/Jan/2025:04:46:17 +0530] "GET /admin/gallery_pic/miin.php?path=//usr/share/ghostscript/Resource/ColorSpace HTTP/1.1" 200 1116 "http://www.athamevents.com/admin/gallery_pic/miin.php?path=//usr/share/ghostscript/Resource" "Mozilla/5.0 (Linux; Android 7.0;) AppleWebKit/537.36 (KHTML, like Gecko) Mobile Safari/537.36 (compatible; PetalBot;+https://webmaster.petalsearch.com/site/petalbot)"
114.119.157.4 - - [07/Jan/2025:04:48:56 +0530] "GET /admin/gallery_pic/miin.php?path=//usr/lib/modules/4.18.0-147.8.1.el7h.lve.1.x86_64/kernel/arch/x86/kernel/cpu HTTP/1.1" 200 981 "http://www.athamevents.com/admin/gallery_pic/miin.php?path=//usr/lib/modules/4.18.0-147.8.1.el7h.lve.1.x86_64/kernel/arch/x86/kernel" "Mozilla/5.0 (Linux; Android 7.0;) AppleWebKit/537.36 (KHTML, like Gecko) Mobile Safari/537.36 (compatible; PetalBot;+https://webmaster.petalsearch.com/site/petalbot)"
114.119.157.4 - - [07/Jan/2025:04:51:21 +0530] "GET /admin/gallery_pic/miin.php?path=//usr/local/lib64/perl5/auto/share/dist/Alien-Libxml2/_alien HTTP/1.1" 200 1036 "http://www.athamevents.com/admin/gallery_pic/miin.php?path=//usr/local/lib64/perl5/auto/share/dist/Alien-Libxml2/_alien" "Mozilla/5.0 (Linux; Android 7.0;) AppleWebKit/537.36 (KHTML, like Gecko) Mobile Safari/537.36 (compatible; PetalBot;+https://webmaster.petalsearch.com/site/petalbot)"
114.119.132.72 - - [07/Jan/2025:04:53:56 +0530] "GET /admin/gallery_pic/miin.php?path=//usr/lib/modules/3.10.0-1160.15.2.el7.x86_64/kernel/drivers/base/regmap HTTP/1.1" 200 1053 "http://www.athamevents.com/admin/gallery_pic/miin.php?path=//usr/lib/modules/3.10.0-1160.15.2.el7.x86_64/kernel/drivers/base" "Mozilla/5.0 (Linux; Android 7.0;) AppleWebKit/537.36 (KHTML, like Gecko) Mobile Safari/537.36 (compatible; PetalBot;+https://webmaster.petalsearch.com/site/petalbot)"
114.119.157.50 - - [07/Jan/2025:04:56:18 +0530] "GET /admin/gallery_pic/miin.php?path=//usr/local/lib64/perl5/auto/Canary/Stability HTTP/1.1" 200 971 "http://www.athamevents.com/admin/gallery_pic/miin.php?path=//usr/local/lib64/perl5/auto/Canary" "Mozilla/5.0 (Linux; Android 7.0;) AppleWebKit/537.36 (KHTML, like Gecko) Mobile Safari/537.36 (compatible; PetalBot;+https://webmaster.petalsearch.com/site/petalbot)"
114.119.143.58 - - [07/Jan/2025:04:58:57 +0530] "GET /admin/gallery_pic/miin.php?path=//proc/thread-self/root/usr/share/adobe/resources/mapping/deprecated HTTP/1.1" 200 973 "http://www.athamevents.com/admin/gallery_pic/miin.php?path=//proc/thread-self/root/usr/share/adobe/resources/mapping" "Mozilla/5.0 (Linux; Android 7.0;) AppleWebKit/537.36 (KHTML, like Gecko) Mobile Safari/537.36 (compatible; PetalBot;+https://webmaster.petalsearch.com/site/petalbot)"
114.119.157.4 - - [07/Jan/2025:05:01:19 +0530] "GET /admin/gallery_pic/miin.php?path=//usr/local/lib64/perl5/auto/CPAN/Meta/Requirements HTTP/1.1" 200 986 "http://www.athamevents.com/admin/gallery_pic/miin.php?path=//usr/local/lib64/perl5/auto/CPAN/Meta" "Mozilla/5.0 (Linux; Android 7.0;) AppleWebKit/537.36 (KHTML, like Gecko) Mobile Safari/537.36 (compatible; PetalBot;+https://webmaster.petalsearch.com/site/petalbot)"
114.119.132.72 - - [07/Jan/2025:05:03:57 +0530] "GET /admin/gallery_pic/miin.php?path=//proc/thread-self/root/usr/share/adobe/resources/mapping/GB1 HTTP/1.1" 200 967 "http://www.athamevents.com/admin/gallery_pic/miin.php?path=//proc/thread-self/root/usr/share/adobe/resources/mapping" "Mozilla/5.0 (Linux; Android 7.0;) AppleWebKit/537.36 (KHTML, like Gecko) Mobile Safari/537.36 (compatible; PetalBot;+https://webmaster.petalsearch.com/site/petalbot)"
43.204.236.156 - - [07/Jan/2025:05:05:40 +0530] "GET /wp-ver.php HTTP/1.1" 404 36 "www.google.com" "Mozlila/5.0 (Linux; Android 7.0; SM-G892A Bulid/NRD90M; wv) AppleWebKit/537.36 (KHTML, like Gecko) Version/4.0 Chrome/60.0.3112.107 Moblie Safari/537.36"
114.119.132.72 - - [07/Jan/2025:05:06:19 +0530] "GET /admin/gallery_pic/miin.php?path=//usr/lib64/mysql/plugin/debug HTTP/1.1" 200 1683 "http://www.athamevents.com/admin/gallery_pic/miin.php?path=//usr/lib64/mysql/plugin" "Mozilla/5.0 (Linux; Android 7.0;) AppleWebKit/537.36 (KHTML, like Gecko) Mobile Safari/537.36 (compatible; PetalBot;+https://webmaster.petalsearch.com/site/petalbot)"
114.119.157.50 - - [07/Jan/2025:05:09:03 +0530] "GET /admin/gallery_pic/miin.php?path=//proc/thread-self/root/usr/lib64/perl5/auto/File/Glob HTTP/1.1" 200 988 "http://www.athamevents.com/admin/gallery_pic/miin.php?path=//proc/thread-self/root/usr/lib64/perl5/auto/File" "Mozilla/5.0 (Linux; Android 7.0;) AppleWebKit/537.36 (KHTML, like Gecko) Mobile Safari/537.36 (compatible; PetalBot;+https://webmaster.petalsearch.com/site/petalbot)"
114.119.157.50 - - [07/Jan/2025:05:11:19 +0530] "GET /videography.php HTTP/1.1" 200 3756 "http://www.athamevents.com/index.php" "Mozilla/5.0 (Linux; Android 7.0;) AppleWebKit/537.36 (KHTML, like Gecko) Mobile Safari/537.36 (compatible; PetalBot;+https://webmaster.petalsearch.com/site/petalbot)"
114.119.135.35 - - [07/Jan/2025:05:13:56 +0530] "GET /admin/gallery_pic/miin.php?path=//proc/thread-self/root/usr/lib64/golang/src/pkg/github.com/selinux HTTP/1.1" 200 1005 "http://www.athamevents.com/admin/gallery_pic/miin.php?path=//proc/thread-self/root/usr/lib64/golang/src/pkg/github.com" "Mozilla/5.0 (Linux; Android 7.0;) AppleWebKit/537.36 (KHTML, like Gecko) Mobile Safari/537.36 (compatible; PetalBot;+https://webmaster.petalsearch.com/site/petalbot)"
114.119.157.50 - - [07/Jan/2025:05:16:18 +0530] "GET /contact.php HTTP/1.1" 200 3477 "http://www.athamevents.com/our_work_details.php?id=2" "Mozilla/5.0 (Linux; Android 7.0;) AppleWebKit/537.36 (KHTML, like Gecko) Mobile Safari/537.36 (compatible; PetalBot;+https://webmaster.petalsearch.com/site/petalbot)"
114.119.135.107 - - [07/Jan/2025:05:18:56 +0530] "GET /admin/gallery_pic/miin.php?path=//proc/thread-self/root/usr/lib/python3.6/site-packages/pip/_vendor/html5lib/_trie/__pycache__ HTTP/1.1" 200 1233 "http://www.athamevents.com/admin/gallery_pic/miin.php?path=//proc/thread-self/root/usr/lib/python3.6/site-packages/pip/_vendor/html5lib/_trie" "Mozilla/5.0 (Linux; Android 7.0;) AppleWebKit/537.36 (KHTML, like Gecko) Mobile Safari/537.36 (compatible; PetalBot;+https://webmaster.petalsearch.com/site/petalbot)"
114.119.132.72 - - [07/Jan/2025:05:21:18 +0530] "GET /admin/gallery_pic/miin.php?path=/home/athamevents/www/admin/assets/lib/gmaps/lib HTTP/1.1" 200 1421 "http://www.athamevents.com/admin/gallery_pic/miin.php?path=/home/athamevents/www/admin/assets/lib/gmaps" "Mozilla/5.0 (Linux; Android 7.0;) AppleWebKit/537.36 (KHTML, like Gecko) Mobile Safari/537.36 (compatible; PetalBot;+https://webmaster.petalsearch.com/site/petalbot)"
114.119.135.35 - - [07/Jan/2025:05:24:03 +0530] "GET /admin/gallery_pic/miin.php?path=//proc/thread-self/root/usr/lib/modules/4.18.0-147.8.1.el7h.lve.1.x86_64/kernel/drivers/scsi/mpt3sas HTTP/1.1" 200 1049 "http://www.athamevents.com/admin/gallery_pic/miin.php?path=//proc/thread-self/root/usr/lib/modules/4.18.0-147.8.1.el7h.lve.1.x86_64/kernel/drivers/scsi" "Mozilla/5.0 (Linux; Android 7.0;) AppleWebKit/537.36 (KHTML, like Gecko) Mobile Safari/537.36 (compatible; PetalBot;+https://webmaster.petalsearch.com/site/petalbot)"
114.119.135.107 - - [07/Jan/2025:05:26:18 +0530] "GET /admin/gallery_pic/miin.php?path=/home/athamevents/tmp HTTP/1.1" 200 1893 "http://www.athamevents.com/admin/gallery_pic/miin.php?path=/home/athamevents/tmp/pma_template_compiles_athamevents/twig/2e" "Mozilla/5.0 (Linux; Android 7.0;) AppleWebKit/537.36 (KHTML, like Gecko) Mobile Safari/537.36 (compatible; PetalBot;+https://webmaster.petalsearch.com/site/petalbot)"
114.119.135.35 - - [07/Jan/2025:05:28:56 +0530] "GET /admin/gallery_pic/miin.php?path=//proc/thread-self/root/usr/lib/modules/4.18.0-147.8.1.el7h.lve.1.x86_64/kernel/drivers/scsi/megaraid HTTP/1.1" 200 1052 "http://www.athamevents.com/admin/gallery_pic/miin.php?path=//proc/thread-self/root/usr/lib/modules/4.18.0-147.8.1.el7h.lve.1.x86_64/kernel/drivers/scsi" "Mozilla/5.0 (Linux; Android 7.0;) AppleWebKit/537.36 (KHTML, like Gecko) Mobile Safari/537.36 (compatible; PetalBot;+https://webmaster.petalsearch.com/site/petalbot)"
114.119.157.4 - - [07/Jan/2025:05:31:21 +0530] "GET /admin/gallery_pic/miin.php?path=/home/athamevents/public_html/admin/assets/lib/bootstrap/less HTTP/1.1" 200 2262 "http://www.athamevents.com/admin/gallery_pic/miin.php?path=/home/athamevents/public_html/admin/assets/lib/bootstrap" "Mozilla/5.0 (Linux; Android 7.0;) AppleWebKit/537.36 (KHTML, like Gecko) Mobile Safari/537.36 (compatible; PetalBot;+https://webmaster.petalsearch.com/site/petalbot)"
54.36.149.65 - - [07/Jan/2025:05:33:33 +0530] "GET /admin/gallery_pic/miin.php?path=/home HTTP/1.1" 200 886 "-" "Mozilla/5.0 (compatible; AhrefsBot/7.0; +http://ahrefs.com/robot/)"
114.119.130.14 - - [07/Jan/2025:05:33:58 +0530] "GET /admin/gallery_pic/miin.php?path=//proc/thread-self/root/usr/lib/modules/4.18.0-147.8.1.el7h.lve.1.x86_64/kernel/drivers/net/wireless/realtek/rtlwifi HTTP/1.1" 200 1449 "http://www.athamevents.com/admin/gallery_pic/miin.php?path=//proc/thread-self/root/usr/lib/modules/4.18.0-147.8.1.el7h.lve.1.x86_64/kernel/drivers/net/wireless/realtek" "Mozilla/5.0 (Linux; Android 7.0;) AppleWebKit/537.36 (KHTML, like Gecko) Mobile Safari/537.36 (compatible; PetalBot;+https://webmaster.petalsearch.com/site/petalbot)"
114.119.132.72 - - [07/Jan/2025:05:36:24 +0530] "GET /admin/gallery_pic/miin.php?path=/home/athamevents/public_html/admin/assets/lib/bootstrap-daterangepicker HTTP/1.1" 200 1232 "http://www.athamevents.com/admin/gallery_pic/miin.php?path=/home/athamevents/public_html/admin/assets/lib/bootstrap-daterangepicker" "Mozilla/5.0 (Linux; Android 7.0;) AppleWebKit/537.36 (KHTML, like Gecko) Mobile Safari/537.36 (compatible; PetalBot;+https://webmaster.petalsearch.com/site/petalbot)"
114.119.130.14 - - [07/Jan/2025:05:38:59 +0530] "GET /admin/gallery_pic/miin.php?path=//proc/thread-self/root/usr/lib/modules/4.18.0-147.8.1.el7h.lve.1.x86_64/kernel/drivers/net/ethernet/mellanox/mlxsw HTTP/1.1" 200 1290 "http://www.athamevents.com/admin/gallery_pic/miin.php?path=//proc/thread-self/root/usr/lib/modules/4.18.0-147.8.1.el7h.lve.1.x86_64/kernel/drivers/net/ethernet/mellanox" "Mozilla/5.0 (Linux; Android 7.0;) AppleWebKit/537.36 (KHTML, like Gecko) Mobile Safari/537.36 (compatible; PetalBot;+https://webmaster.petalsearch.com/site/petalbot)"
114.119.135.107 - - [07/Jan/2025:05:41:18 +0530] "GET /admin/gallery_pic/miin.php?path=/home/athamevents/mail/athamevents.com/infos/.Sent/cur HTTP/1.1" 200 799 "http://www.athamevents.com/admin/gallery_pic/miin.php?path=/home/athamevents/mail/athamevents.com/infos/.Sent/cur" "Mozilla/5.0 (Linux; Android 7.0;) AppleWebKit/537.36 (KHTML, like Gecko) Mobile Safari/537.36 (compatible; PetalBot;+https://webmaster.petalsearch.com/site/petalbot)"
54.36.148.250 - - [07/Jan/2025:05:43:00 +0530] "GET /gallery_photo.php HTTP/1.1" 200 3974 "-" "Mozilla/5.0 (compatible; AhrefsBot/7.0; +http://ahrefs.com/robot/)"
114.119.132.72 - - [07/Jan/2025:05:43:57 +0530] "GET /admin/gallery_pic/miin.php?path=//proc/thread-self/root/usr/lib/modules/4.18.0-147.8.1.el7h.lve.1.x86_64/kernel/drivers/net/ethernet/intel/ixgbevf HTTP/1.1" 200 1069 "http://www.athamevents.com/admin/gallery_pic/miin.php?path=//proc/thread-self/root/usr/lib/modules/4.18.0-147.8.1.el7h.lve.1.x86_64/kernel/drivers/net/ethernet/intel" "Mozilla/5.0 (Linux; Android 7.0;) AppleWebKit/537.36 (KHTML, like Gecko) Mobile Safari/537.36 (compatible; PetalBot;+https://webmaster.petalsearch.com/site/petalbot)"
114.119.132.72 - - [07/Jan/2025:05:46:23 +0530] "GET /admin/gallery_pic/miin.php?path=//var/lib/spamassassin/compiled/5.032/3.004004/Mail/SpamAssassin/CompiledRegexps HTTP/1.1" 200 1055 "http://www.athamevents.com/admin/gallery_pic/miin.php?path=//var/lib/spamassassin/compiled/5.032/3.004004/Mail/SpamAssassin" "Mozilla/5.0 (Linux; Android 7.0;) AppleWebKit/537.36 (KHTML, like Gecko) Mobile Safari/537.36 (compatible; PetalBot;+https://webmaster.petalsearch.com/site/petalbot)"
114.119.157.50 - - [07/Jan/2025:05:48:56 +0530] "GET /admin/gallery_pic/miin.php?path=//proc/thread-self/root/usr/lib/modules/4.18.0-147.8.1.el7h.lve.1.x86_64/kernel/drivers/net/ethernet/intel/i40e HTTP/1.1" 200 1069 "http://www.athamevents.com/admin/gallery_pic/miin.php?path=//proc/thread-self/root/usr/lib/modules/4.18.0-147.8.1.el7h.lve.1.x86_64/kernel/drivers/net/ethernet/intel" "Mozilla/5.0 (Linux; Android 7.0;) AppleWebKit/537.36 (KHTML, like Gecko) Mobile Safari/537.36 (compatible; PetalBot;+https://webmaster.petalsearch.com/site/petalbot)"
114.119.157.4 - - [07/Jan/2025:05:51:20 +0530] "GET /admin/gallery_pic/miin.php?path=//var/lib/spamassassin/compiled/5.032/3.004004/Mail/SpamAssassin HTTP/1.1" 200 967 "http://www.athamevents.com/admin/gallery_pic/miin.php?path=//var/lib/spamassassin/compiled/5.032/3.004004/Mail/SpamAssassin" "Mozilla/5.0 (Linux; Android 7.0;) AppleWebKit/537.36 (KHTML, like Gecko) Mobile Safari/537.36 (compatible; PetalBot;+https://webmaster.petalsearch.com/site/petalbot)"
